flight 153771 linux-5.4 real [real]
http://logs.test-lab.xenproject.org/osstest/logs/153771/

Regressions :-(

Tests which did not succeed and are blocking,
including tests which could not be run:
 build-i386-xsm                6 xen-build                fail REGR. vs. 152853
 build-i386                    6 xen-build                fail REGR. vs. 152853
 build-amd64                   6 xen-build                fail REGR. vs. 152853
 build-amd64-xsm               6 xen-build                fail REGR. vs. 152853

Regressions which are regarded as allowable (not blocking):
 test-armhf-armhf-xl-rtds    16 guest-start/debian.repeat fail REGR. vs. 152853

Tests which did not succeed, but are not blocking:
 test-amd64-i386-examine       1 build-check(1)               blocked  n/a
 test-amd64-coresched-i386-xl  1 build-check(1)               blocked  n/a
 test-amd64-coresched-amd64-xl  1 build-check(1)               blocked  n/a
 test-amd64-amd64-xl-xsm       1 build-check(1)               blocked  n/a
 test-amd64-amd64-xl-shadow    1 build-check(1)               blocked  n/a
 test-amd64-amd64-xl-rtds      1 build-check(1)               blocked  n/a
 test-amd64-amd64-xl-qemuu-ws16-amd64  1 build-check(1)             blocked n/a
 test-amd64-amd64-xl-qemuu-win7-amd64  1 build-check(1)             blocked n/a
 test-amd64-amd64-xl-qemuu-ovmf-amd64  1 build-check(1)             blocked n/a
 test-amd64-amd64-xl-qemuu-dmrestrict-amd64-dmrestrict 1 build-check(1) blocked 
n/a
 test-amd64-amd64-xl-qemuu-debianhvm-i386-xsm  1 build-check(1)     blocked n/a
 test-amd64-amd64-xl-qemuu-debianhvm-amd64-shadow  1 build-check(1) blocked n/a
 build-amd64-libvirt           1 build-check(1)               blocked  n/a
 test-amd64-amd64-xl-qemuu-debianhvm-amd64  1 build-check(1)        blocked n/a
 test-amd64-amd64-xl-qemut-ws16-amd64  1 build-check(1)             blocked n/a
 test-amd64-amd64-xl-qemut-win7-amd64  1 build-check(1)             blocked n/a
 test-amd64-amd64-xl-qemut-stubdom-debianhvm-amd64-xsm 1 build-check(1) blocked 
n/a
 test-amd64-amd64-xl-qemut-debianhvm-i386-xsm  1 build-check(1)     blocked n/a
 test-amd64-amd64-xl-qemut-debianhvm-amd64  1 build-check(1)        blocked n/a
 build-i386-libvirt            1 build-check(1)               blocked  n/a
 test-amd64-amd64-xl-qcow2     1 build-check(1)               blocked  n/a
 test-amd64-amd64-amd64-pvgrub  1 build-check(1)               blocked  n/a
 test-amd64-amd64-xl-pvshim    1 build-check(1)               blocked  n/a
 test-amd64-amd64-dom0pvh-xl-amd  1 build-check(1)               blocked  n/a
 test-amd64-amd64-dom0pvh-xl-intel  1 build-check(1)               blocked  n/a
 test-amd64-amd64-xl-pvhv2-intel  1 build-check(1)               blocked  n/a
 test-amd64-amd64-examine      1 build-check(1)               blocked  n/a
 test-amd64-amd64-i386-pvgrub  1 build-check(1)               blocked  n/a
 test-amd64-amd64-xl-pvhv2-amd  1 build-check(1)               blocked  n/a
 test-amd64-amd64-libvirt      1 build-check(1)               blocked  n/a
 test-amd64-amd64-libvirt-pair  1 build-check(1)               blocked  n/a
 test-amd64-amd64-xl-multivcpu  1 build-check(1)               blocked  n/a
 test-amd64-amd64-libvirt-qemuu-debianhvm-amd64-xsm 1 build-check(1) blocked n/a
 test-amd64-amd64-libvirt-vhd  1 build-check(1)               blocked  n/a
 test-amd64-amd64-xl-credit2   1 build-check(1)               blocked  n/a
 test-amd64-amd64-libvirt-xsm  1 build-check(1)               blocked  n/a
 test-amd64-amd64-pair         1 build-check(1)               blocked  n/a
 test-amd64-amd64-xl-credit1   1 build-check(1)               blocked  n/a
 test-amd64-amd64-pygrub       1 build-check(1)               blocked  n/a
 test-amd64-amd64-qemuu-freebsd11-amd64  1 build-check(1)           blocked n/a
 test-amd64-amd64-xl           1 build-check(1)               blocked  n/a
 test-amd64-amd64-qemuu-freebsd12-amd64  1 build-check(1)           blocked n/a
 test-amd64-amd64-qemuu-nested-amd  1 build-check(1)               blocked  n/a
 test-amd64-amd64-qemuu-nested-intel  1 build-check(1)              blocked n/a
 test-amd64-i386-xl-xsm        1 build-check(1)               blocked  n/a
 test-amd64-i386-xl-shadow     1 build-check(1)               blocked  n/a
 test-amd64-i386-freebsd10-amd64  1 build-check(1)               blocked  n/a
 test-amd64-i386-freebsd10-i386  1 build-check(1)               blocked  n/a
 test-amd64-i386-libvirt       1 build-check(1)               blocked  n/a
 test-amd64-i386-libvirt-pair  1 build-check(1)               blocked  n/a
 test-amd64-i386-libvirt-qemuu-debianhvm-amd64-xsm 1 build-check(1) blocked n/a
 test-amd64-i386-libvirt-xsm   1 build-check(1)               blocked  n/a
 test-amd64-i386-pair          1 build-check(1)               blocked  n/a
 test-amd64-i386-qemut-rhel6hvm-amd  1 build-check(1)               blocked n/a
 test-amd64-i386-qemut-rhel6hvm-intel  1 build-check(1)             blocked n/a
 test-amd64-i386-qemuu-rhel6hvm-amd  1 build-check(1)               blocked n/a
 test-amd64-i386-qemuu-rhel6hvm-intel  1 build-check(1)             blocked n/a
 test-amd64-i386-xl            1 build-check(1)               blocked  n/a
 test-amd64-i386-xl-pvshim     1 build-check(1)               blocked  n/a
 test-amd64-i386-xl-qemut-debianhvm-amd64  1 build-check(1)         blocked n/a
 test-amd64-i386-xl-qemut-debianhvm-i386-xsm  1 build-check(1)      blocked n/a
 test-amd64-i386-xl-qemut-stubdom-debianhvm-amd64-xsm 1 build-check(1) blocked 
n/a
 test-amd64-i386-xl-qemut-win7-amd64  1 build-check(1)              blocked n/a
 test-amd64-i386-xl-qemut-ws16-amd64  1 build-check(1)              blocked n/a
 test-amd64-i386-xl-qemuu-debianhvm-amd64  1 build-check(1)         blocked n/a
 test-amd64-i386-xl-qemuu-debianhvm-amd64-shadow  1 build-check(1)  blocked n/a
 test-amd64-i386-xl-qemuu-debianhvm-i386-xsm  1 build-check(1)      blocked n/a
 test-amd64-i386-xl-qemuu-dmrestrict-amd64-dmrestrict 1 build-check(1) blocked 
n/a
 test-amd64-i386-xl-qemuu-ovmf-amd64  1 build-check(1)              blocked n/a
 test-amd64-i386-xl-qemuu-win7-amd64  1 build-check(1)              blocked n/a
 test-amd64-i386-xl-qemuu-ws16-amd64  1 build-check(1)              blocked n/a
 test-amd64-i386-xl-raw        1 build-check(1)               blocked  n/a
 test-arm64-arm64-xl-seattle  13 migrate-support-check        fail   never pass
 test-arm64-arm64-xl-seattle  14 saverestore-support-check    fail   never pass
 test-arm64-arm64-xl-xsm      13 migrate-support-check        fail   never pass
 test-arm64-arm64-xl-xsm      14 saverestore-support-check    fail   never pass
 test-arm64-arm64-xl-credit1  13 migrate-support-check        fail   never pass
 test-arm64-arm64-xl-credit1  14 saverestore-support-check    fail   never pass
 test-arm64-arm64-xl-thunderx 13 migrate-support-check        fail   never pass
 test-arm64-arm64-xl-thunderx 14 saverestore-support-check    fail   never pass
 test-arm64-arm64-libvirt-xsm 13 migrate-support-check        fail   never pass
 test-arm64-arm64-libvirt-xsm 14 saverestore-support-check    fail   never pass
 test-arm64-arm64-xl          13 migrate-support-check        fail   never pass
 test-arm64-arm64-xl          14 saverestore-support-check    fail   never pass
 test-arm64-arm64-xl-credit2  13 migrate-support-check        fail   never pass
 test-arm64-arm64-xl-credit2  14 saverestore-support-check    fail   never pass
 test-armhf-armhf-xl-arndale  13 migrate-support-check        fail   never pass
 test-armhf-armhf-xl-arndale  14 saverestore-support-check    fail   never pass
 test-armhf-armhf-xl-multivcpu 13 migrate-support-check        fail  never pass
 test-armhf-armhf-xl-multivcpu 14 saverestore-support-check    fail  never pass
 test-armhf-armhf-xl-cubietruck 13 migrate-support-check        fail never pass
 test-armhf-armhf-xl-cubietruck 14 saverestore-support-check    fail never pass
 test-armhf-armhf-xl          13 migrate-support-check        fail   never pass
 test-armhf-armhf-xl          14 saverestore-support-check    fail   never pass
 test-armhf-armhf-xl-rtds     13 migrate-support-check        fail   never pass
 test-armhf-armhf-xl-rtds     14 saverestore-support-check    fail   never pass
 test-armhf-armhf-libvirt-raw 12 migrate-support-check        fail   never pass
 test-armhf-armhf-libvirt-raw 13 saverestore-support-check    fail   never pass
 test-armhf-armhf-xl-vhd      12 migrate-support-check        fail   never pass
 test-armhf-armhf-xl-vhd      13 saverestore-support-check    fail   never pass
 test-armhf-armhf-xl-credit2  13 migrate-support-check        fail   never pass
 test-armhf-armhf-xl-credit2  14 saverestore-support-check    fail   never pass
 test-armhf-armhf-xl-credit1  13 migrate-support-check        fail   never pass
 test-armhf-armhf-xl-credit1  14 saverestore-support-check    fail   never pass
 test-armhf-armhf-libvirt     13 migrate-support-check        fail   never pass
 test-armhf-armhf-libvirt     14 saverestore-support-check    fail   never pass

version targeted for testing:
 linux                e32f4fa1b24d825b2560ca9cfbfd9df44a4310b4
baseline version:
 linux                6576d69aac94cd8409636dfa86e0df39facdf0d2

Last test of basis   152853  2020-08-26 09:09:53 Z   11 days
Failing since        153616  2020-09-03 09:42:00 Z    3 days    9 attempts
Testing same since   153752  2020-09-05 11:09:23 Z    0 days    3 attempts

------------------------------------------------------------
People who touched revisions under test:
  Abhishek Sahu <[email protected]>
  Aditya Pakki <[email protected]>
  Adrian Hunter <[email protected]>
  Alaa Hleihel <[email protected]>
  Alain Volmat <[email protected]>
  Alan Stern <[email protected]>
  Alex Deucher <[email protected]>
  Alexander Gordeev <[email protected]>
  Alexander Tsoy <[email protected]>
  Alexey Kardashevskiy <[email protected]>
  Alim Akhtar <[email protected]>
  Alistair Popple <[email protected]>
  Alvin Šipraga <[email protected]>
  Amelie Delaunay <[email protected]>
  Andre Przywara <[email protected]>
  Andrew Morton <[email protected]>
  Andrey Grodzovsky <[email protected]>
  Andrey Konovalov <[email protected]>
  Andy Shevchenko <[email protected]>
  Andy Teng <[email protected]>
  Aneesh Kumar K.V <[email protected]>
  Ansuel Smith <[email protected]>
  Anthony Koo <[email protected]>
  Antonio Borneo <[email protected]>
  Ard Biesheuvel <[email protected]>
  Arnaldo Carvalho de Melo <[email protected]>
  Arnd Bergmann <[email protected]>
  Ashok Raj <[email protected]>
  Athira Rajeev <[email protected]>
  Aurabindo Pillai <[email protected]>
  Avri Altman <[email protected]>
  Barry Song <[email protected]>
  Bartlomiej Zolnierkiewicz <[email protected]>
  Bean Huo <[email protected]>
  Ben Skeggs <[email protected]>
  Benjamin Tissoires <[email protected]>
  Bjorn Andersson <[email protected]>
  Bjorn Helgaas <[email protected]>
  Bodo Stroesser <[email protected]>
  Boris Burkov <[email protected]>
  Borislav Petkov <[email protected]>
  Borislav Petkov <[email protected]>
  Brice Goglin <[email protected]>
  Brooke Basile <[email protected]>
  Catalin Marinas <[email protected]>
  Changming Liu <[email protected]>
  Chanwoo Choi <[email protected]>
  Chao Yu <[email protected]>
  Charles Keepax <[email protected]>
  Chris Wilson <[email protected]>
  Christophe JAILLET <[email protected]>
  Coly Li <[email protected]>
  Cong Wang <[email protected]>
  Cyril Roelandt <[email protected]>
  Dan Carpenter <[email protected]>
  Dan Williams <[email protected]>
  Daniel Meyerholt <[email protected]>
  Daniel Vetter <[email protected]>
  Darrick J. Wong <[email protected]>
  Dave Chinner <[email protected]>
  David Ahern <[email protected]>
  David Brazdil <[email protected]>
  David Francis <[email protected]>
  David Hildenbrand <[email protected]>
  David Laight <[email protected]>
  David S. Miller <[email protected]>
  David Sterba <[email protected]>
  Denis Efremov <[email protected]>
  Desnes A. Nunes do Rosario <[email protected]>
  Dick Kennedy <[email protected]>
  Ding Hui <[email protected]>
  Ding Xiang <[email protected]>
  Dmitry Monakhov <[email protected]>
  Eryk Brol <[email protected]>
  Evan Green <[email protected]>
  Evan Quan <[email protected]>
  Evgeny Novikov <[email protected]>
  Felipe Balbi <[email protected]>
  Felix Kuehling <[email protected]>
  Filipe Manana <[email protected]>
  Florian Westphal <[email protected]>
  Frank van der Linden <[email protected]>
  George Kennedy <[email protected]>
  Greg Kroah-Hartman <[email protected]>
  Greg Ungerer <[email protected]>
  Guenter Roeck <[email protected]>
  Hans de Goede <[email protected]>
  Hans Verkuil <[email protected]>
  Hector Martin <[email protected]>
  Heikki Krogerus <[email protected]>
  Heiko Carstens <[email protected]>
  Herbert Xu <[email protected]>
  Holger Assmann <[email protected]>
  Hou Pu <[email protected]>
  Ikjoon Jang <[email protected]>
  Ilya Dryomov <[email protected]>
  Ingo Molnar <[email protected]>
  Jaegeuk Kim <[email protected]>
  James Morse <[email protected]>
  James Smart <[email protected]>
  Jan Kara <[email protected]>
  Jani Nikula <[email protected]>
  Jason Baron <[email protected]>
  Javed Hasan <[email protected]>
  Jeff Layton <[email protected]>
  Jens Axboe <[email protected]>
  Jeremy Kerr <[email protected]>
  Jia-Ju Bai <[email protected]>
  JiangYu <[email protected]>
  Jiansong Chen <[email protected]>
  Jing Xiangfeng <[email protected]>
  Jiri Kosina <[email protected]>
  Joerg Roedel <[email protected]>
  Jon Hunter <[email protected]>
  Josef Bacik <[email protected]>
  Juergen Gross <[email protected]>
  Kai-Heng Feng <[email protected]>
  Kaige Li <[email protected]>
  Kalle Valo <[email protected]>
  Kefeng Wang <[email protected]>
  Keith Busch <[email protected]>
  Kim Phillips <[email protected]>
  Lee Jones <[email protected]>
  Li Guifu <[email protected]>
  Li Jun <[email protected]>
  Linus Torvalds <[email protected]>
  Linux Kernel Functional Testing <[email protected]>
  Lorenzo Pieralisi <[email protected]>
  Lucas Stach <[email protected]>
  Luis Chamberlain <[email protected]>
  Lukas Czerner <[email protected]>
  Lukas Wunner <[email protected]>
  Lukasz Luba <[email protected]>
  Mahesh Bandewar <[email protected]>
  Marc Kleine-Budde <[email protected]>
  Marc Zyngier <[email protected]>
  Marcelo Ricardo Leitner <[email protected]>
  Marcos Paulo de Souza <[email protected]>
  Marek Szyprowski <[email protected]>
  Mark Brown <[email protected]>
  Mark Tomlinson <[email protected]>
  Martijn Coenen <[email protected]>
  Martin George <[email protected]>
  Martin K. Petersen <[email protected]>
  Martin Wilck <[email protected]>
  Masahiro Yamada <[email protected]>
  Masahiro Yamada <[email protected]>
  Mathias Nyman <[email protected]>
  Matthew Wilcox (Oracle) <[email protected]>
  Matthias Maennich <[email protected]>
  Mauro Carvalho Chehab <[email protected]>
  Mauro Carvalho Chehab <[email protected]>
  Max Filippov <[email protected]>
  Miaohe Lin <[email protected]>
  Michael Ellerman <[email protected]>
  Michal Hocko <[email protected]>
  Mika Kuoppala <[email protected]>
  Mike Christie <[email protected]>
  Mike Kravetz <[email protected]>
  Mike Pozulp <[email protected]>
  Mikita Lipski <[email protected]>
  Miklos Szeredi <[email protected]>
  Ming Lei <[email protected]>
  Navid Emamdoost <[email protected]>
  Necip Fazil Yildiran <[email protected]>
  Nicholas Kazlauskas <[email protected]>
  Nicolas Saenz Julienne <[email protected]>
  Nikolay Aleksandrov <[email protected]>
  Nikolay Borisov <[email protected]>
  Nilesh Javali <[email protected]>
  Oleksandr Andrushchenko <[email protected]>
  Oleksandr Natalenko <[email protected]>
  Oleksij Rempel <[email protected]>
  Oliver Neukum <[email protected]>
  Pablo Neira Ayuso <[email protected]>
  Paul Cercueil <[email protected]>
  Peilin Ye <[email protected]>
  Peng Fan <[email protected]>
  Pengfei Xu <[email protected]>
  Peter Chen <[email protected]>
  Peter Zijlstra (Intel) <[email protected]>
  Peter Zijlstra <[email protected]>
  Qais Yousef <[email protected]>
  Qingqing Zhuo <[email protected]>
  qiuguorui1 <[email protected]>
  Qiushi Wu <[email protected]>
  Qu Wenruo <[email protected]>
  Quinn Tran <[email protected]>
  Rafael J. Wysocki <[email protected]>
  Randy Dunlap <[email protected]>
  Reto Schneider <[email protected]>
  Richard Cochran <[email protected]>
  Rob Clark <[email protected]>
  Robin Murphy <[email protected]>
  Roman Shaposhnik <[email protected]>
  Sachin Sant <[email protected]>
  Sagi Grimberg <[email protected]>
  Sai Prakash Ranjan <[email protected]>
  Sam Ravnborg <[email protected]>
  Sasha Levin <[email protected]>
  Saurav Kashyap <[email protected]>
  Sean Young <[email protected]>
  Sergey Senozhatsky <[email protected]>
  Sham Muthayyan <[email protected]>
  Shawn Guo <[email protected]>
  Shay Agroskin <[email protected]>
  Shuah Khan <[email protected]>
  Sowjanya Komatineni <[email protected]>
  Stanimir Varbanov <[email protected]>
  Stanley Chu <[email protected]>
  Stephan Gerhold <[email protected]>
  Stylon Wang <[email protected]>
  Sumera Priyadarsini <[email protected]>
  Sylwester Nawrocki <[email protected]>
  Takashi Iwai <[email protected]>
  Tamseel Shams <[email protected]>
  Tang Bin <[email protected]>
  Tetsuo Handa <[email protected]>
  Theodore Ts'o <[email protected]>
  Thinh Nguyen <[email protected]>
  Thinh Nguyen <[email protected]>
  Thomas Bogendoerfer <[email protected]>
  Thomas Gleixner <[email protected]>
  Tianjia Zhang <[email protected]>
  Tobias Schramm <[email protected]>
  Tom Rix <[email protected]>
  Tony Luck <[email protected]>
  Ulf Hansson <[email protected]>
  Ursula Braun <[email protected]>
  Utkarsh H Patel <[email protected]>
  Valmer Huhn <[email protected]>
  Vineeth Vijayan <[email protected]>
  Will Deacon <[email protected]>
  Wolfram Sang <[email protected]>
  Wolfram Sang <[email protected]>
  Xianting Tian <[email protected]>
  Xin Yin <[email protected]>
  Xiubo Li <[email protected]>
  Yangbo Lu <[email protected]>
  Yangtao Li <[email protected]>
  Ying Xue <[email protected]>
  Yufen Yu <[email protected]>
  Yunfeng Ye <[email protected]>
  Zhang Shengju <[email protected]>
  zhangyi (F) <[email protected]>
  Zhi Chen <[email protected]>

jobs:
 build-amd64-xsm                                              fail    
 build-arm64-xsm                                              pass    
 build-i386-xsm                                               fail    
 build-amd64                                                  fail    
 build-arm64                                                  pass    
 build-armhf                                                  pass    
 build-i386                                                   fail    
 build-amd64-libvirt                                          blocked 
 build-arm64-libvirt                                          pass    
 build-armhf-libvirt                                          pass    
 build-i386-libvirt                                           blocked 
 build-amd64-pvops                                            pass    
 build-arm64-pvops                                            pass    
 build-armhf-pvops                                            pass    
 build-i386-pvops                                             pass    
 test-amd64-amd64-xl                                          blocked 
 test-amd64-coresched-amd64-xl                                blocked 
 test-arm64-arm64-xl                                          pass    
 test-armhf-armhf-xl                                          pass    
 test-amd64-i386-xl                                           blocked 
 test-amd64-coresched-i386-xl                                 blocked 
 test-amd64-amd64-libvirt-qemuu-debianhvm-amd64-xsm           blocked 
 test-amd64-i386-libvirt-qemuu-debianhvm-amd64-xsm            blocked 
 test-amd64-amd64-xl-qemut-stubdom-debianhvm-amd64-xsm        blocked 
 test-amd64-i386-xl-qemut-stubdom-debianhvm-amd64-xsm         blocked 
 test-amd64-amd64-xl-qemut-debianhvm-i386-xsm                 blocked 
 test-amd64-i386-xl-qemut-debianhvm-i386-xsm                  blocked 
 test-amd64-amd64-xl-qemuu-debianhvm-i386-xsm                 blocked 
 test-amd64-i386-xl-qemuu-debianhvm-i386-xsm                  blocked 
 test-amd64-amd64-libvirt-xsm                                 blocked 
 test-arm64-arm64-libvirt-xsm                                 pass    
 test-amd64-i386-libvirt-xsm                                  blocked 
 test-amd64-amd64-xl-xsm                                      blocked 
 test-arm64-arm64-xl-xsm                                      pass    
 test-amd64-i386-xl-xsm                                       blocked 
 test-amd64-amd64-qemuu-nested-amd                            blocked 
 test-amd64-amd64-xl-pvhv2-amd                                blocked 
 test-amd64-i386-qemut-rhel6hvm-amd                           blocked 
 test-amd64-i386-qemuu-rhel6hvm-amd                           blocked 
 test-amd64-amd64-dom0pvh-xl-amd                              blocked 
 test-amd64-amd64-xl-qemut-debianhvm-amd64                    blocked 
 test-amd64-i386-xl-qemut-debianhvm-amd64                     blocked 
 test-amd64-amd64-xl-qemuu-debianhvm-amd64                    blocked 
 test-amd64-i386-xl-qemuu-debianhvm-amd64                     blocked 
 test-amd64-i386-freebsd10-amd64                              blocked 
 test-amd64-amd64-qemuu-freebsd11-amd64                       blocked 
 test-amd64-amd64-qemuu-freebsd12-amd64                       blocked 
 test-amd64-amd64-xl-qemuu-ovmf-amd64                         blocked 
 test-amd64-i386-xl-qemuu-ovmf-amd64                          blocked 
 test-amd64-amd64-xl-qemut-win7-amd64                         blocked 
 test-amd64-i386-xl-qemut-win7-amd64                          blocked 
 test-amd64-amd64-xl-qemuu-win7-amd64                         blocked 
 test-amd64-i386-xl-qemuu-win7-amd64                          blocked 
 test-amd64-amd64-xl-qemut-ws16-amd64                         blocked 
 test-amd64-i386-xl-qemut-ws16-amd64                          blocked 
 test-amd64-amd64-xl-qemuu-ws16-amd64                         blocked 
 test-amd64-i386-xl-qemuu-ws16-amd64                          blocked 
 test-armhf-armhf-xl-arndale                                  pass    
 test-amd64-amd64-xl-credit1                                  blocked 
 test-arm64-arm64-xl-credit1                                  pass    
 test-armhf-armhf-xl-credit1                                  pass    
 test-amd64-amd64-xl-credit2                                  blocked 
 test-arm64-arm64-xl-credit2                                  pass    
 test-armhf-armhf-xl-credit2                                  pass    
 test-armhf-armhf-xl-cubietruck                               pass    
 test-amd64-amd64-xl-qemuu-dmrestrict-amd64-dmrestrict        blocked 
 test-amd64-i386-xl-qemuu-dmrestrict-amd64-dmrestrict         blocked 
 test-amd64-amd64-examine                                     blocked 
 test-arm64-arm64-examine                                     pass    
 test-armhf-armhf-examine                                     pass    
 test-amd64-i386-examine                                      blocked 
 test-amd64-i386-freebsd10-i386                               blocked 
 test-amd64-amd64-qemuu-nested-intel                          blocked 
 test-amd64-amd64-xl-pvhv2-intel                              blocked 
 test-amd64-i386-qemut-rhel6hvm-intel                         blocked 
 test-amd64-i386-qemuu-rhel6hvm-intel                         blocked 
 test-amd64-amd64-dom0pvh-xl-intel                            blocked 
 test-amd64-amd64-libvirt                                     blocked 
 test-armhf-armhf-libvirt                                     pass    
 test-amd64-i386-libvirt                                      blocked 
 test-amd64-amd64-xl-multivcpu                                blocked 
 test-armhf-armhf-xl-multivcpu                                pass    
 test-amd64-amd64-pair                                        blocked 
 test-amd64-i386-pair                                         blocked 
 test-amd64-amd64-libvirt-pair                                blocked 
 test-amd64-i386-libvirt-pair                                 blocked 
 test-amd64-amd64-amd64-pvgrub                                blocked 
 test-amd64-amd64-i386-pvgrub                                 blocked 
 test-amd64-amd64-xl-pvshim                                   blocked 
 test-amd64-i386-xl-pvshim                                    blocked 
 test-amd64-amd64-pygrub                                      blocked 
 test-amd64-amd64-xl-qcow2                                    blocked 
 test-armhf-armhf-libvirt-raw                                 pass    
 test-amd64-i386-xl-raw                                       blocked 
 test-amd64-amd64-xl-rtds                                     blocked 
 test-armhf-armhf-xl-rtds                                     fail    
 test-arm64-arm64-xl-seattle                                  pass    
 test-amd64-amd64-xl-qemuu-debianhvm-amd64-shadow             blocked 
 test-amd64-i386-xl-qemuu-debianhvm-amd64-shadow              blocked 
 test-amd64-amd64-xl-shadow                                   blocked 
 test-amd64-i386-xl-shadow                                    blocked 
 test-arm64-arm64-xl-thunderx                                 pass    
 test-amd64-amd64-libvirt-vhd                                 blocked 
 test-armhf-armhf-xl-vhd                                      pass    


------------------------------------------------------------
sg-report-flight on osstest.test-lab.xenproject.org
logs: /home/logs/logs
images: /home/logs/images

Logs, config files, etc. are available at
    http://logs.test-lab.xenproject.org/osstest/logs

Explanation of these reports, and of osstest in general, is at
    http://xenbits.xen.org/gitweb/?p=osstest.git;a=blob;f=README.email;hb=master
    http://xenbits.xen.org/gitweb/?p=osstest.git;a=blob;f=README;hb=master

Test harness code can be found at
    http://xenbits.xen.org/gitweb?p=osstest.git;a=summary


Not pushing.

(No revision log; it would be 6520 lines long.)

Reply via email to