flight 137112 linux-4.14 real [real]
http://logs.test-lab.xenproject.org/osstest/logs/137112/

Regressions :-(

Tests which did not succeed and are blocking,
including tests which could not be run:
 test-amd64-i386-xl-qemuu-dmrestrict-amd64-dmrestrict 12 
guest-start/debianhvm.repeat fail REGR. vs. 136946

Tests which did not succeed, but are not blocking:
 test-amd64-i386-xl-pvshim    12 guest-start                  fail   never pass
 test-amd64-amd64-libvirt     13 migrate-support-check        fail   never pass
 test-amd64-amd64-libvirt-xsm 13 migrate-support-check        fail   never pass
 test-amd64-amd64-libvirt-qemuu-debianhvm-amd64-xsm 11 migrate-support-check 
fail never pass
 test-amd64-i386-libvirt      13 migrate-support-check        fail   never pass
 test-amd64-i386-libvirt-xsm  13 migrate-support-check        fail   never pass
 test-amd64-i386-libvirt-qemuu-debianhvm-amd64-xsm 11 migrate-support-check 
fail never pass
 test-amd64-amd64-qemuu-nested-amd 17 debian-hvm-install/l1/l2  fail never pass
 test-arm64-arm64-xl          13 migrate-support-check        fail   never pass
 test-arm64-arm64-xl          14 saverestore-support-check    fail   never pass
 test-arm64-arm64-xl-credit2  13 migrate-support-check        fail   never pass
 test-arm64-arm64-xl-xsm      13 migrate-support-check        fail   never pass
 test-arm64-arm64-xl-credit2  14 saverestore-support-check    fail   never pass
 test-arm64-arm64-xl-xsm      14 saverestore-support-check    fail   never pass
 test-arm64-arm64-libvirt-xsm 13 migrate-support-check        fail   never pass
 test-arm64-arm64-libvirt-xsm 14 saverestore-support-check    fail   never pass
 test-arm64-arm64-xl-credit1  13 migrate-support-check        fail   never pass
 test-arm64-arm64-xl-credit1  14 saverestore-support-check    fail   never pass
 test-amd64-amd64-libvirt-vhd 12 migrate-support-check        fail   never pass
 test-armhf-armhf-xl-arndale  13 migrate-support-check        fail   never pass
 test-armhf-armhf-xl-arndale  14 saverestore-support-check    fail   never pass
 test-amd64-i386-xl-qemut-win7-amd64 17 guest-stop              fail never pass
 test-armhf-armhf-xl-credit1  13 migrate-support-check        fail   never pass
 test-armhf-armhf-xl-credit1  14 saverestore-support-check    fail   never pass
 test-armhf-armhf-xl-multivcpu 13 migrate-support-check        fail  never pass
 test-armhf-armhf-xl-multivcpu 14 saverestore-support-check    fail  never pass
 test-armhf-armhf-xl-cubietruck 13 migrate-support-check        fail never pass
 test-armhf-armhf-xl-cubietruck 14 saverestore-support-check    fail never pass
 test-armhf-armhf-xl-rtds     13 migrate-support-check        fail   never pass
 test-armhf-armhf-xl-rtds     14 saverestore-support-check    fail   never pass
 test-amd64-i386-xl-qemuu-win7-amd64 17 guest-stop              fail never pass
 test-amd64-amd64-xl-qemuu-ws16-amd64 17 guest-stop             fail never pass
 test-amd64-amd64-xl-qemuu-win7-amd64 17 guest-stop             fail never pass
 test-armhf-armhf-libvirt     13 migrate-support-check        fail   never pass
 test-armhf-armhf-xl          13 migrate-support-check        fail   never pass
 test-armhf-armhf-libvirt     14 saverestore-support-check    fail   never pass
 test-armhf-armhf-xl          14 saverestore-support-check    fail   never pass
 test-armhf-armhf-xl-credit2  13 migrate-support-check        fail   never pass
 test-armhf-armhf-xl-credit2  14 saverestore-support-check    fail   never pass
 test-amd64-i386-xl-qemut-ws16-amd64 17 guest-stop              fail never pass
 test-armhf-armhf-xl-vhd      12 migrate-support-check        fail   never pass
 test-armhf-armhf-libvirt-raw 12 migrate-support-check        fail   never pass
 test-armhf-armhf-xl-vhd      13 saverestore-support-check    fail   never pass
 test-armhf-armhf-libvirt-raw 13 saverestore-support-check    fail   never pass
 test-amd64-amd64-xl-qemut-ws16-amd64 17 guest-stop             fail never pass
 test-amd64-amd64-xl-qemut-win7-amd64 17 guest-stop             fail never pass
 test-amd64-i386-xl-qemuu-ws16-amd64 17 guest-stop              fail never pass
 test-amd64-amd64-xl-qemut-win10-i386 10 windows-install        fail never pass
 test-amd64-i386-xl-qemuu-win10-i386 10 windows-install         fail never pass
 test-amd64-amd64-xl-qemuu-win10-i386 10 windows-install        fail never pass
 test-amd64-i386-xl-qemut-win10-i386 10 windows-install         fail never pass

version targeted for testing:
 linux                8cb1239889087368a792c655de99529eec219bfc
baseline version:
 linux                44a05cd896d97a3cd4f0c2ddb29a221ab2fdf43d

Last test of basis   136946  2019-05-25 16:41:25 Z    7 days
Testing same since   137112  2019-05-31 14:09:13 Z    1 days    1 attempts

------------------------------------------------------------
People who touched revisions under test:
  Adam Ludkiewicz <[email protected]>
  Aditya Pakki <[email protected]>
  Adrian Hunter <[email protected]>
  Akinobu Mita <[email protected]>
  Alan Stern <[email protected]>
  Alex Deucher <[email protected]>
  Alexander Potapenko <[email protected]>
  Alexandre Belloni <[email protected]>
  Alexandru Ardelean <[email protected]>
  Alexei Starovoitov <[email protected]>
  Alim Akhtar <[email protected]>
  Andrea Merello <[email protected]>
  Andrea Parri <[email protected]>
  Andreas Gruenbacher <[email protected]>
  Andrew Bowers <[email protected]>
  Andrew Morton <[email protected]>
  Anju T Sudhakar <[email protected]>
  Anna Schumaker <[email protected]>
  Antonio Quartulli <[email protected]>
  Arend van Spriel <[email protected]>
  Arnd Bergmann <[email protected]>
  Bart Van Assche <[email protected]>
  Bartlomiej Zolnierkiewicz <[email protected]>
  Benjamin Coddington <[email protected]>
  Benjamin Tissoires <[email protected]>
  Bo YU <[email protected]>
  Bob Peterson <[email protected]>
  Borislav Petkov <[email protected]>
  Catalin Marinas <[email protected]>
  Chad Dupuis <[email protected]>
  Chanwoo Choi <[email protected]>
  Charles Keepax <[email protected]>
  Chengguang Xu <[email protected]>
  Chris Lesiak <[email protected]>
  Chris Wilson <[email protected]>
  Christian König <[email protected]>
  Christoph Hellwig <[email protected]>
  Christoph Paasch <[email protected]>
  Colin Ian King <[email protected]>
  Coly Li <[email protected]>
  Corentin Labbe <[email protected]>
  Cornelia Huck <[email protected]>
  Damien Le Moal <[email protected]>
  Dan Carpenter <[email protected]>
  Dan Williams <[email protected]>
  Daniel Axtens <[email protected]>
  Daniel Baluta <[email protected]>
  Daniel Borkmann <[email protected]>
  Daniel T. Lee <[email protected]>
  David Kozub <[email protected]>
  David S. Miller <[email protected]>
  David Sterba <[email protected]>
  Dennis Dalessandro <[email protected]>
  Dennis Schridde <[email protected]>
  Dick Kennedy <[email protected]>
  Douglas Anderson <[email protected]>
  Eric Dumazet <[email protected]>
  Eric Farman <[email protected]>
  Farhan Ali <[email protected]>
  Filipe Manana <[email protected]>
  Flavio Suligoi <[email protected]>
  Geert Uytterhoeven <[email protected]>
  Greg Kroah-Hartman <[email protected]>
  Guenter Roeck <[email protected]>
  Gustavo A. R. Silva <[email protected]>
  Halil Pasic <[email protected]>
  Hans de Goede <[email protected]>
  Hans Verkuil <[email protected]>
  Hans Verkuil <[email protected]>
  Heiko Stuebner <[email protected]>
  Helen Fornazier <[email protected]>
  Helen Koike <[email protected]>
  Herbert Xu <[email protected]>
  Himanshu Madhani <[email protected]>
  Hugues Fruchet <[email protected]>
  Ingo Molnar <[email protected]>
  Jaegeuk Kim <[email protected]>
  James Hutchinson <[email protected]>
  James Smart <[email protected]>
  Jan Kara <[email protected]>
  Janusz Krzysztofik <[email protected]>
  Jason Gunthorpe <[email protected]>
  Jeff Kirsher <[email protected]>
  Jens Axboe <[email protected]>
  Jerome Brunet <[email protected]>
  Jesper Dangaard Brouer <[email protected]>
  Jiri Kosina <[email protected]>
  Jiufei Xue <[email protected]>
  Johannes Berg <[email protected]>
  John Garry <[email protected]>
  Jon Derrick <[email protected]>
  Jonathan Cameron <[email protected]>
  Josef Bacik <[email protected]>
  Kalle Valo <[email protected]>
  Kangjie Lu <[email protected]>
  Kees Cook <[email protected]>
  Kento Kobayashi <[email protected]>
  Kishon Vijay Abraham I <[email protected]>
  Konstantin Khlebnikov <[email protected]>
  Lad, Prabhakar <[email protected]>
  Larry Finger <[email protected]>
  Lars-Peter Clausen <[email protected]>
  Leon Romanovsky <[email protected]>
  Linus Lüssing <[email protected]>
  Linus Torvalds <[email protected]>
  Linus Walleij <[email protected]>
  Luca Coelho <[email protected]>
  Ludovic Desroches <[email protected]>
  Manish Rangankar <[email protected]>
  Marc Zyngier <[email protected]>
  Mariusz Bialonczyk <[email protected]>
  Mark Brown <[email protected]>
  Martin K. Petersen <[email protected]>
  Martin Schwidefsky <[email protected]>
  Mauro Carvalho Chehab <[email protected]>
  Michael Ellerman <[email protected]>
  Mika Westerberg <[email protected]>
  Mike Kravetz <[email protected]>
  Mike Marciniszyn <[email protected]>
  Nathan Chancellor <[email protected]>
  Nathan Lynch <[email protected]>
  Nayna Jain <[email protected]>
  Nicholas Nunley <[email protected]>
  Nicolas Ferre <[email protected]>
  Nicolas Saenz Julienne <[email protected]>
  Nicolin Chen <[email protected]>
  Noralf Trønnes <[email protected]>
  Pankaj Gupta <[email protected]>
  Paolo Bonzini <[email protected]>
  Paul E. McKenney <[email protected]>
  Paul Kocialkowski <[email protected]>
  Paul Moore <[email protected]>
  Peter Ujfalusi <[email protected]>
  Peter Zijlstra (Intel) <[email protected]>
  Peter Zijlstra <[email protected]>
  Peter Zijlstra <[email protected]>
  Philipp Zabel <[email protected]>
  Pierre-Louis Bossart <[email protected]>
  Ping-Ke Shih <[email protected]>
  Piotr Figiel <[email protected]>
  Potnuri Bharat Teja <[email protected]>
  Qian Cai <[email protected]>
  Qu Wenruo <[email protected]>
  Rafael J. Wysocki <[email protected]>
  Randy Dunlap <[email protected]> # build-tested
  Raul E Rangel <[email protected]>
  Rob Clark <[email protected]>
  Rob Clark <[email protected]>
  Robbie Ko <[email protected]>
  Roberto Bergantinos Corpas <[email protected]>
  Roman Gushchin <[email protected]>
  Ross Lagerwall <[email protected]>
  Rouven Czerwinski <[email protected]>
  Russell Currey <[email protected]>
  Sakari Ailus <[email protected]>
  Sameeh Jubran <[email protected]>
  Sameer Pujar <[email protected]>
  Sasha Levin <[email protected]>
  Saurav Kashyap <[email protected]>
  Scott Branden <[email protected]>
  Sean Young <[email protected]>
  Sebastian Andrzej Siewior <[email protected]>
  Sebastian Ott <[email protected]>
  Sergey Matyukevich <[email protected]>
  Shawn Guo <[email protected]>
  Shile Zhang <[email protected]>
  Shuah Khan <[email protected]>
  Simon Wunderlich <[email protected]>
  Sowjanya Komatineni <[email protected]>
  Stanley Chu <[email protected]>
  Steven Rostedt (VMware) <[email protected]>
  Sugar Zhang <[email protected]>
  Suravee Suthikulpanit <[email protected]>
  Suthikulpanit, Suravee <[email protected]>
  Sven Eckelmann <[email protected]>
  Sven Van Asbroeck <[email protected]>
  Tang Junhui <[email protected]>
  Tejun Heo <[email protected]>
  Tetsuo Handa <[email protected]>
  Theodore Ts'o <[email protected]>
  Thomas Gleixner <[email protected]>
  Tobin C. Harding <[email protected]>
  Toke Høiland-Jørgensen <[email protected]>
  Tony Lindgren <[email protected]>
  Tony Luck <[email protected]>
  Trac Hoang <[email protected]>
  Ulf Hansson <[email protected]>
  Vincenzo Frascino <[email protected]>
  Vineet Gupta <[email protected]>
  Vineet Gupta <[email protected]>
  Vinod Koul <[email protected]>
  Viresh Kumar <[email protected]>
  Wen Yang <[email protected]>
  Wenwen Wang <[email protected]>
  Will Deacon <[email protected]>
  William Tu <[email protected]>
  Yinbo Zhu <[email protected]>
  Yonghong Song <[email protected]>
  YueHaibing <[email protected]>

jobs:
 build-amd64-xsm                                              pass    
 build-arm64-xsm                                              pass    
 build-i386-xsm                                               pass    
 build-amd64                                                  pass    
 build-arm64                                                  pass    
 build-armhf                                                  pass    
 build-i386                                                   pass    
 build-amd64-libvirt                                          pass    
 build-arm64-libvirt                                          pass    
 build-armhf-libvirt                                          pass    
 build-i386-libvirt                                           pass    
 build-amd64-pvops                                            pass    
 build-arm64-pvops                                            pass    
 build-armhf-pvops                                            pass    
 build-i386-pvops                                             pass    
 test-amd64-amd64-xl                                          pass    
 test-arm64-arm64-xl                                          pass    
 test-armhf-armhf-xl                                          pass    
 test-amd64-i386-xl                                           pass    
 test-amd64-amd64-libvirt-qemuu-debianhvm-amd64-xsm           pass    
 test-amd64-i386-libvirt-qemuu-debianhvm-amd64-xsm            pass    
 test-amd64-amd64-xl-qemut-stubdom-debianhvm-amd64-xsm        pass    
 test-amd64-i386-xl-qemut-stubdom-debianhvm-amd64-xsm         pass    
 test-amd64-amd64-xl-qemut-debianhvm-i386-xsm                 pass    
 test-amd64-i386-xl-qemut-debianhvm-i386-xsm                  pass    
 test-amd64-amd64-xl-qemuu-debianhvm-i386-xsm                 pass    
 test-amd64-i386-xl-qemuu-debianhvm-i386-xsm                  pass    
 test-amd64-amd64-libvirt-xsm                                 pass    
 test-arm64-arm64-libvirt-xsm                                 pass    
 test-amd64-i386-libvirt-xsm                                  pass    
 test-amd64-amd64-xl-xsm                                      pass    
 test-arm64-arm64-xl-xsm                                      pass    
 test-amd64-i386-xl-xsm                                       pass    
 test-amd64-amd64-qemuu-nested-amd                            fail    
 test-amd64-amd64-xl-pvhv2-amd                                pass    
 test-amd64-i386-qemut-rhel6hvm-amd                           pass    
 test-amd64-i386-qemuu-rhel6hvm-amd                           pass    
 test-amd64-amd64-xl-qemut-debianhvm-amd64                    pass    
 test-amd64-i386-xl-qemut-debianhvm-amd64                     pass    
 test-amd64-amd64-xl-qemuu-debianhvm-amd64                    pass    
 test-amd64-i386-xl-qemuu-debianhvm-amd64                     pass    
 test-amd64-i386-freebsd10-amd64                              pass    
 test-amd64-amd64-xl-qemuu-ovmf-amd64                         pass    
 test-amd64-i386-xl-qemuu-ovmf-amd64                          pass    
 test-amd64-amd64-xl-qemut-win7-amd64                         fail    
 test-amd64-i386-xl-qemut-win7-amd64                          fail    
 test-amd64-amd64-xl-qemuu-win7-amd64                         fail    
 test-amd64-i386-xl-qemuu-win7-amd64                          fail    
 test-amd64-amd64-xl-qemut-ws16-amd64                         fail    
 test-amd64-i386-xl-qemut-ws16-amd64                          fail    
 test-amd64-amd64-xl-qemuu-ws16-amd64                         fail    
 test-amd64-i386-xl-qemuu-ws16-amd64                          fail    
 test-armhf-armhf-xl-arndale                                  pass    
 test-amd64-amd64-xl-credit1                                  pass    
 test-arm64-arm64-xl-credit1                                  pass    
 test-armhf-armhf-xl-credit1                                  pass    
 test-amd64-amd64-xl-credit2                                  pass    
 test-arm64-arm64-xl-credit2                                  pass    
 test-armhf-armhf-xl-credit2                                  pass    
 test-armhf-armhf-xl-cubietruck                               pass    
 test-amd64-amd64-xl-qemuu-dmrestrict-amd64-dmrestrict        pass    
 test-amd64-i386-xl-qemuu-dmrestrict-amd64-dmrestrict         fail    
 test-amd64-amd64-examine                                     pass    
 test-arm64-arm64-examine                                     pass    
 test-armhf-armhf-examine                                     pass    
 test-amd64-i386-examine                                      pass    
 test-amd64-i386-freebsd10-i386                               pass    
 test-amd64-amd64-xl-qemut-win10-i386                         fail    
 test-amd64-i386-xl-qemut-win10-i386                          fail    
 test-amd64-amd64-xl-qemuu-win10-i386                         fail    
 test-amd64-i386-xl-qemuu-win10-i386                          fail    
 test-amd64-amd64-qemuu-nested-intel                          pass    
 test-amd64-amd64-xl-pvhv2-intel                              pass    
 test-amd64-i386-qemut-rhel6hvm-intel                         pass    
 test-amd64-i386-qemuu-rhel6hvm-intel                         pass    
 test-amd64-amd64-libvirt                                     pass    
 test-armhf-armhf-libvirt                                     pass    
 test-amd64-i386-libvirt                                      pass    
 test-amd64-amd64-xl-multivcpu                                pass    
 test-armhf-armhf-xl-multivcpu                                pass    
 test-amd64-amd64-pair                                        pass    
 test-amd64-i386-pair                                         pass    
 test-amd64-amd64-libvirt-pair                                pass    
 test-amd64-i386-libvirt-pair                                 pass    
 test-amd64-amd64-amd64-pvgrub                                pass    
 test-amd64-amd64-i386-pvgrub                                 pass    
 test-amd64-amd64-xl-pvshim                                   pass    
 test-amd64-i386-xl-pvshim                                    fail    
 test-amd64-amd64-pygrub                                      pass    
 test-amd64-amd64-xl-qcow2                                    pass    
 test-armhf-armhf-libvirt-raw                                 pass    
 test-amd64-i386-xl-raw                                       pass    
 test-amd64-amd64-xl-rtds                                     pass    
 test-armhf-armhf-xl-rtds                                     pass    
 test-amd64-amd64-xl-qemuu-debianhvm-amd64-shadow             pass    
 test-amd64-i386-xl-qemuu-debianhvm-amd64-shadow              pass    
 test-amd64-amd64-xl-shadow                                   pass    
 test-amd64-i386-xl-shadow                                    pass    
 test-amd64-amd64-libvirt-vhd                                 pass    
 test-armhf-armhf-xl-vhd                                      pass    


------------------------------------------------------------
sg-report-flight on osstest.test-lab.xenproject.org
logs: /home/logs/logs
images: /home/logs/images

Logs, config files, etc. are available at
    http://logs.test-lab.xenproject.org/osstest/logs

Explanation of these reports, and of osstest in general, is at
    http://xenbits.xen.org/gitweb/?p=osstest.git;a=blob;f=README.email;hb=master
    http://xenbits.xen.org/gitweb/?p=osstest.git;a=blob;f=README;hb=master

Test harness code can be found at
    http://xenbits.xen.org/gitweb?p=osstest.git;a=summary


Not pushing.

(No revision log; it would be 6725 lines long.)

_______________________________________________
Xen-devel mailing list
[email protected]
https://lists.xenproject.org/mailman/listinfo/xen-devel

Reply via email to