flight 131090 ovmf real [real]
http://logs.test-lab.xenproject.org/osstest/logs/131090/

Regressions :-(

Tests which did not succeed and are blocking,
including tests which could not be run:
 build-i386-xsm                6 xen-build                fail REGR. vs. 129475
 build-i386                    6 xen-build                fail REGR. vs. 129475
 build-amd64                   6 xen-build                fail REGR. vs. 129475
 build-amd64-xsm               6 xen-build                fail REGR. vs. 129475

Tests which did not succeed, but are not blocking:
 build-amd64-libvirt           1 build-check(1)               blocked  n/a
 build-i386-libvirt            1 build-check(1)               blocked  n/a
 test-amd64-i386-xl-qemuu-ovmf-amd64  1 build-check(1)              blocked n/a
 test-amd64-amd64-xl-qemuu-ovmf-amd64  1 build-check(1)             blocked n/a

version targeted for testing:
 ovmf                 088a5334809d175ea6b4020012afa9f3b6962960
baseline version:
 ovmf                 5ae3184d8c59f7bbb84bad482df6b8020ba58188

Last test of basis   129475  2018-11-05 21:13:11 Z   32 days
Failing since        129526  2018-11-06 20:49:26 Z   31 days  147 attempts
Testing same since   131090  2018-12-06 19:12:13 Z    1 days    1 attempts

------------------------------------------------------------
People who touched revisions under test:
  Achin Gupta <[email protected]>
  Ard Biesheuvel <[email protected]>
  BobCF <[email protected]>
  Chasel Chiu <[email protected]>
  Chasel, Chiu <[email protected]>
  Dandan Bi <[email protected]>
  David Wei <[email protected]>
  Eric Dong <[email protected]>
  Feng, Bob C <[email protected]>
  Fu Siyuan <[email protected]>
  Gary Lin <[email protected]>
  Hao Wu <[email protected]>
  Jaben Carsey <[email protected]>
  Jeff Brasen <[email protected]>
  Jian J Wang <[email protected]>
  Jiaxin Wu <[email protected]>
  Jiewen Yao <[email protected]>
  Laszlo Ersek <[email protected]>
  Leif Lindholm <[email protected]>
  Liming Gao <[email protected]>
  Liu Yu <[email protected]>
  Marc Zyngier <[email protected]>
  Marcin Wojtas <[email protected]>
  Ming Huang <[email protected]>
  Pedroa Liu <[email protected]>
  Ruiyu Ni <[email protected]>
  shenglei <[email protected]>
  Shenglei Zhang <[email protected]>
  Star Zeng <[email protected]>
  Sughosh Ganu <[email protected]>
  Sumit Garg <[email protected]>
  Sun, Zailiang </o=Intel/ou=Exchange Administrative Group 
(FYDIBOHF23SPDLT)/cn=Recipients/cn=Sun, Zailiangf5d>
  Thomas Abraham <[email protected]>
  Tomasz Michalec <[email protected]>
  Vijayenthiran Subramaniam <[email protected]>
  Wang BinX A <[email protected]>
  Wu Jiaxin <[email protected]>
  Yonghong Zhu <[email protected]>
  yuchenlin <[email protected]>
  Zailiang Sun <[email protected]>
  Zhang, Chao B <[email protected]>
  zwei4 <[email protected]>

jobs:
 build-amd64-xsm                                              fail    
 build-i386-xsm                                               fail    
 build-amd64                                                  fail    
 build-i386                                                   fail    
 build-amd64-libvirt                                          blocked 
 build-i386-libvirt                                           blocked 
 build-amd64-pvops                                            pass    
 build-i386-pvops                                             pass    
 test-amd64-amd64-xl-qemuu-ovmf-amd64                         blocked 
 test-amd64-i386-xl-qemuu-ovmf-amd64                          blocked 


------------------------------------------------------------
sg-report-flight on osstest.test-lab.xenproject.org
logs: /home/logs/logs
images: /home/logs/images

Logs, config files, etc. are available at
    http://logs.test-lab.xenproject.org/osstest/logs

Explanation of these reports, and of osstest in general, is at
    http://xenbits.xen.org/gitweb/?p=osstest.git;a=blob;f=README.email;hb=master
    http://xenbits.xen.org/gitweb/?p=osstest.git;a=blob;f=README;hb=master

Test harness code can be found at
    http://xenbits.xen.org/gitweb?p=osstest.git;a=summary


Not pushing.

(No revision log; it would be 2799 lines long.)

_______________________________________________
Xen-devel mailing list
[email protected]
https://lists.xenproject.org/mailman/listinfo/xen-devel

Reply via email to