flight 131077 linux-4.9 real [real]
http://logs.test-lab.xenproject.org/osstest/logs/131077/

Regressions :-(

Tests which did not succeed and are blocking,
including tests which could not be run:
 test-armhf-armhf-xl-cubietruck 16 guest-start/debian.repeat fail REGR. vs. 
130840
 test-amd64-i386-pair         10 xen-boot/src_host        fail REGR. vs. 130869
 test-amd64-i386-xl-xsm        7 xen-boot                 fail REGR. vs. 130869

Tests which did not succeed, but are not blocking:
 test-amd64-amd64-xl-qemut-win7-amd64 17 guest-stop            fail like 130869
 test-amd64-i386-xl-qemut-win7-amd64 17 guest-stop             fail like 130869
 test-amd64-amd64-xl-qemuu-win7-amd64 17 guest-stop            fail like 130869
 test-amd64-i386-xl-qemuu-win7-amd64 17 guest-stop             fail like 130869
 test-amd64-amd64-xl-qemuu-ws16-amd64 17 guest-stop            fail like 130869
 test-amd64-amd64-xl-qemuu-dmrestrict-amd64-dmrestrict 10 debian-hvm-install 
fail never pass
 test-amd64-amd64-xl-pvhv2-intel 12 guest-start                 fail never pass
 test-amd64-i386-xl-qemuu-dmrestrict-amd64-dmrestrict 10 debian-hvm-install 
fail never pass
 test-amd64-amd64-xl-pvhv2-amd 12 guest-start                  fail  never pass
 test-amd64-i386-libvirt      13 migrate-support-check        fail   never pass
 test-amd64-amd64-libvirt     13 migrate-support-check        fail   never pass
 test-amd64-i386-xl-pvshim    12 guest-start                  fail   never pass
 test-amd64-amd64-libvirt-xsm 13 migrate-support-check        fail   never pass
 test-amd64-i386-libvirt-xsm  13 migrate-support-check        fail   never pass
 test-amd64-i386-libvirt-qemuu-debianhvm-amd64-xsm 11 migrate-support-check 
fail never pass
 test-amd64-amd64-libvirt-qemuu-debianhvm-amd64-xsm 11 migrate-support-check 
fail never pass
 test-armhf-armhf-xl-arndale  13 migrate-support-check        fail   never pass
 test-armhf-armhf-xl-arndale  14 saverestore-support-check    fail   never pass
 test-amd64-amd64-qemuu-nested-amd 17 debian-hvm-install/l1/l2  fail never pass
 test-amd64-amd64-libvirt-vhd 12 migrate-support-check        fail   never pass
 test-armhf-armhf-xl-cubietruck 13 migrate-support-check        fail never pass
 test-armhf-armhf-xl-cubietruck 14 saverestore-support-check    fail never pass
 test-armhf-armhf-libvirt     13 migrate-support-check        fail   never pass
 test-armhf-armhf-libvirt     14 saverestore-support-check    fail   never pass
 test-armhf-armhf-xl-credit2  13 migrate-support-check        fail   never pass
 test-armhf-armhf-xl-credit2  14 saverestore-support-check    fail   never pass
 test-armhf-armhf-xl          13 migrate-support-check        fail   never pass
 test-armhf-armhf-xl          14 saverestore-support-check    fail   never pass
 test-armhf-armhf-xl-credit1  13 migrate-support-check        fail   never pass
 test-armhf-armhf-xl-credit1  14 saverestore-support-check    fail   never pass
 test-amd64-amd64-xl-qemut-ws16-amd64 17 guest-stop             fail never pass
 test-amd64-i386-xl-qemut-ws16-amd64 17 guest-stop              fail never pass
 test-amd64-i386-xl-qemuu-ws16-amd64 17 guest-stop              fail never pass
 test-armhf-armhf-libvirt-raw 12 migrate-support-check        fail   never pass
 test-armhf-armhf-libvirt-raw 13 saverestore-support-check    fail   never pass
 test-armhf-armhf-xl-rtds     13 migrate-support-check        fail   never pass
 test-armhf-armhf-xl-rtds     14 saverestore-support-check    fail   never pass
 test-armhf-armhf-xl-multivcpu 13 migrate-support-check        fail  never pass
 test-armhf-armhf-xl-multivcpu 14 saverestore-support-check    fail  never pass
 test-armhf-armhf-xl-vhd      12 migrate-support-check        fail   never pass
 test-armhf-armhf-xl-vhd      13 saverestore-support-check    fail   never pass
 test-amd64-amd64-xl-qemuu-win10-i386 10 windows-install        fail never pass
 test-amd64-amd64-xl-qemut-win10-i386 10 windows-install        fail never pass
 test-amd64-i386-xl-qemuu-win10-i386 10 windows-install         fail never pass
 test-amd64-i386-xl-qemut-win10-i386 10 windows-install         fail never pass

version targeted for testing:
 linux                b136f0e9e9d79b8449d99ea701ade1e17a971826
baseline version:
 linux                bb2d990b6fefaf99b2832a7a588234e7986ebe15

Last test of basis   130869  2018-11-30 09:05:27 Z    7 days
Failing since        130923  2018-12-02 13:09:20 Z    5 days    3 attempts
Testing same since   131077  2018-12-06 14:13:44 Z    1 days    1 attempts

------------------------------------------------------------
People who touched revisions under test:
  "Eric W. Biederman" <[email protected]>
  Aaron Ma <[email protected]>
  Alan Stern <[email protected]>
  Alex Estrin <[email protected]>
  Alexander Aring <[email protected]>
  Alexandre Belloni <[email protected]>
  Alistair Strachan <[email protected]>
  Amit Pundir <[email protected]>
  Amitkumar Karwar <[email protected]>
  Andrew Morton <[email protected]>
  Andrew Price <[email protected]>
  Andrey Konovalov <[email protected]>
  Andy Shevchenko <[email protected]>
  Anson Huang <[email protected]>
  Ard Biesheuvel <[email protected]>
  Arnd Bergmann <[email protected]>
  Arvind Yadav <[email protected]>
  aszlig <[email protected]>
  Benjamin Valentin <[email protected]>
  Bernd Eckstein <[email protected]>
  Bernd Eckstein <[email protected]>
  Bob Peterson <[email protected]>
  Brian Norris <[email protected]>
  Cameron Gutman <[email protected]>
  Catalin Marinas <[email protected]>
  Chris Fries <[email protected]>
  Christoph Lameter <[email protected]>
  Dan Williams <[email protected]>
  Daniel Thompson <[email protected]>
  Daniel Tobias <[email protected]>
  Daniel Zatovic <[email protected]>
  Dave Airlie <[email protected]>
  David S. Miller <[email protected]>
  David Sterba <[email protected]>
  Denis Ciocca <[email protected]>
  Dennis Dalessandro <[email protected]>
  Dennis Wassenberg <[email protected]>
  Dexuan Cui <[email protected]>
  Dmitry Kasatkin <[email protected]>
  Dmitry Kasatkin <[email protected]>
  Dmitry Torokhov <[email protected]>
  Dmitry Vyukov <[email protected]>
  Dominique Martinet <[email protected]>
  Doug Ledford <[email protected]>
  Emmanuel Grumbach <[email protected]>
  Enno Boland <[email protected]>
  Eric Dumazet <[email protected]>
  Eric W. Biederman <[email protected]>
  Ethan Lee <[email protected]>
  Felipe Balbi <[email protected]>
  Filipe Manana <[email protected]>
  Francis Therien <[email protected]>
  Greg Hackmann <[email protected]>
  Greg Hackmann <[email protected]>
  Greg Kroah-Hartman <[email protected]>
  Greg Kroah-Hartman <[email protected]>
  Hugh Dickins <[email protected]>
  Ingo Molnar <[email protected]>
  James Morris <[email protected]>
  Jan Kara <[email protected]>
  Janosch Frank <[email protected]>
  Jason Gunthorpe <[email protected]>
  Jean Delvare <[email protected]>
  Jens Axboe <[email protected]>
  Jerome Brunet <[email protected]>
  Jim Mattson <[email protected]>
  Jiri Olsa <[email protected]>
  Jiri Pirko <[email protected]>
  Johan Hovold <[email protected]>
  Johannes Thumshirn <[email protected]>
  Jonathan Cameron <[email protected]>
  Josef Bacik <[email protected]>
  Julian Wiedmann <[email protected]>
  Junaid Shahid <[email protected]>
  K. Y. Srinivasan <[email protected]>
  Kai-Heng Feng <[email protected]>
  Kalle Valo <[email protected]>
  Kalle Valo <[email protected]>
  Kan Liang <[email protected]>
  Karthik D A <[email protected]>
  Kees Cook <[email protected]>
  Kirill A. Shutemov <[email protected]>
  Konstantin Khlebnikov <[email protected]>
  Kyle Beauchamp <[email protected]>
  Laurent Dufour <[email protected]>
  Leo Sperling <[email protected]>
  Linus Torvalds <[email protected]>
  Linus Walleij <[email protected]>
  Luca Coelho <[email protected]>
  Ludovic Desroches <[email protected]>
  Marc Kleine-Budde <[email protected]>
  Marcus Folkesson <[email protected]>
  Mark Furneaux <[email protected]>
  Martin K. Petersen <[email protected]>
  Martin Kelly <[email protected]>
  Masahiro Yamada <[email protected]>
  Mathias Nyman <[email protected]>
  Matthew Garrett <[email protected]>
  Matthias Kaehlcke <[email protected]>
  Matthias Schwarzott <[email protected]>
  Mauro Carvalho Chehab <[email protected]>
  Max Filippov <[email protected]>
  Maximilian Heyne <[email protected]>
  Michael Ellerman <[email protected]>
  Michael J. Ruhl <[email protected]>
  Michael Niewöhner <[email protected]>
  Mike Rapoport <[email protected]>
  Milan Broz <[email protected]>
  Mimi Zohar <[email protected]>
  Neil Armstrong <[email protected]>
  Nick Desaulniers <[email protected]>
  Nicolas Pitre <[email protected]>
  Oliver Zweigle <[email protected]>
  Olof Johansson <[email protected]>
  Pan Bian <[email protected]>
  Paolo Bonzini <[email protected]>
  Paolo Pisati <[email protected]>
  Paul Moore <[email protected]>
  Pavel Rojtberg <[email protected]>
  Peter Zijlstra (Intel) <[email protected]>
  Peter Zijlstra <[email protected]>
  Petr Machata <[email protected]>
  Phil Elwell <[email protected]>
  Prarit Bhargava <[email protected]>
  Rafael J. Wysocki <[email protected]>
  Rafał Miłecki <[email protected]>
  Ramses Ramírez <[email protected]>
  Richard Genoud <[email protected]>
  Rob Herring <[email protected]>
  Russell King <[email protected]>
  Salvatore Mesoraca <[email protected]>
  Sasha Levin <[email protected]>
  Satheesh Rajendran <[email protected]>
  Scott Wood <[email protected]>
  Sebastien Boisvert <[email protected]>
  Seth Forshee <[email protected]>
  Shuah Khan (Samsung OSG) <[email protected]>
  Stefan Agner <[email protected]>
  Stefan Schmidt <[email protected]>
  Steven Rostedt (VMware) <[email protected]>
  Subhash Jadavani <[email protected]>
  Takashi Iwai <[email protected]>
  Tejun Heo <[email protected]>
  Tetsuo Handa <[email protected]>
  Thierry Reding <[email protected]>
  Thomas Renninger <[email protected]>
  Thomas Zimmermann <[email protected]>
  Trond Myklebust <[email protected]>
  Vasanthakumar Thiagarajan <[email protected]>
  Venkat Gopalakrishnan <[email protected]>
  Vinod Koul <[email protected]>
  Viresh Kumar <[email protected]>
  Vladimir Zapolskiy <[email protected]>
  Vlastimil Babka <[email protected]>
  Wanpeng Li <[email protected]>
  Will Deacon <[email protected]>
  Xin Long <[email protected]>
  Xulin Sun <[email protected]>
  Y.C. Chen <[email protected]>
  Yaniv Gardi <[email protected]>
  Yu Zhao <[email protected]>
  YueHaibing <[email protected]>
  Yufen Yu <[email protected]>

jobs:
 build-amd64-xsm                                              pass    
 build-i386-xsm                                               pass    
 build-amd64                                                  pass    
 build-armhf                                                  pass    
 build-i386                                                   pass    
 build-amd64-libvirt                                          pass    
 build-armhf-libvirt                                          pass    
 build-i386-libvirt                                           pass    
 build-amd64-pvops                                            pass    
 build-armhf-pvops                                            pass    
 build-i386-pvops                                             pass    
 build-amd64-rumprun                                          pass    
 build-i386-rumprun                                           pass    
 test-amd64-amd64-xl                                          pass    
 test-armhf-armhf-xl                                          pass    
 test-amd64-i386-xl                                           pass    
 test-amd64-amd64-xl-qemut-debianhvm-amd64-xsm                pass    
 test-amd64-i386-xl-qemut-debianhvm-amd64-xsm                 pass    
 test-amd64-amd64-libvirt-qemuu-debianhvm-amd64-xsm           pass    
 test-amd64-i386-libvirt-qemuu-debianhvm-amd64-xsm            pass    
 test-amd64-amd64-xl-qemuu-debianhvm-amd64-xsm                pass    
 test-amd64-i386-xl-qemuu-debianhvm-amd64-xsm                 pass    
 test-amd64-amd64-xl-qemut-stubdom-debianhvm-amd64-xsm        pass    
 test-amd64-i386-xl-qemut-stubdom-debianhvm-amd64-xsm         pass    
 test-amd64-amd64-libvirt-xsm                                 pass    
 test-amd64-i386-libvirt-xsm                                  pass    
 test-amd64-amd64-xl-xsm                                      pass    
 test-amd64-i386-xl-xsm                                       fail    
 test-amd64-amd64-qemuu-nested-amd                            fail    
 test-amd64-amd64-xl-pvhv2-amd                                fail    
 test-amd64-i386-qemut-rhel6hvm-amd                           pass    
 test-amd64-i386-qemuu-rhel6hvm-amd                           pass    
 test-amd64-amd64-xl-qemut-debianhvm-amd64                    pass    
 test-amd64-i386-xl-qemut-debianhvm-amd64                     pass    
 test-amd64-amd64-xl-qemuu-debianhvm-amd64                    pass    
 test-amd64-i386-xl-qemuu-debianhvm-amd64                     pass    
 test-amd64-i386-freebsd10-amd64                              pass    
 test-amd64-amd64-xl-qemuu-ovmf-amd64                         pass    
 test-amd64-i386-xl-qemuu-ovmf-amd64                          pass    
 test-amd64-amd64-rumprun-amd64                               pass    
 test-amd64-amd64-xl-qemut-win7-amd64                         fail    
 test-amd64-i386-xl-qemut-win7-amd64                          fail    
 test-amd64-amd64-xl-qemuu-win7-amd64                         fail    
 test-amd64-i386-xl-qemuu-win7-amd64                          fail    
 test-amd64-amd64-xl-qemut-ws16-amd64                         fail    
 test-amd64-i386-xl-qemut-ws16-amd64                          fail    
 test-amd64-amd64-xl-qemuu-ws16-amd64                         fail    
 test-amd64-i386-xl-qemuu-ws16-amd64                          fail    
 test-armhf-armhf-xl-arndale                                  pass    
 test-amd64-amd64-xl-credit1                                  pass    
 test-armhf-armhf-xl-credit1                                  pass    
 test-amd64-amd64-xl-credit2                                  pass    
 test-armhf-armhf-xl-credit2                                  pass    
 test-armhf-armhf-xl-cubietruck                               fail    
 test-amd64-amd64-xl-qemuu-dmrestrict-amd64-dmrestrict        fail    
 test-amd64-i386-xl-qemuu-dmrestrict-amd64-dmrestrict         fail    
 test-amd64-amd64-examine                                     pass    
 test-armhf-armhf-examine                                     pass    
 test-amd64-i386-examine                                      pass    
 test-amd64-i386-freebsd10-i386                               pass    
 test-amd64-i386-rumprun-i386                                 pass    
 test-amd64-amd64-xl-qemut-win10-i386                         fail    
 test-amd64-i386-xl-qemut-win10-i386                          fail    
 test-amd64-amd64-xl-qemuu-win10-i386                         fail    
 test-amd64-i386-xl-qemuu-win10-i386                          fail    
 test-amd64-amd64-qemuu-nested-intel                          pass    
 test-amd64-amd64-xl-pvhv2-intel                              fail    
 test-amd64-i386-qemut-rhel6hvm-intel                         pass    
 test-amd64-i386-qemuu-rhel6hvm-intel                         pass    
 test-amd64-amd64-libvirt                                     pass    
 test-armhf-armhf-libvirt                                     pass    
 test-amd64-i386-libvirt                                      pass    
 test-amd64-amd64-xl-multivcpu                                pass    
 test-armhf-armhf-xl-multivcpu                                pass    
 test-amd64-amd64-pair                                        pass    
 test-amd64-i386-pair                                         fail    
 test-amd64-amd64-libvirt-pair                                pass    
 test-amd64-i386-libvirt-pair                                 pass    
 test-amd64-amd64-amd64-pvgrub                                pass    
 test-amd64-amd64-i386-pvgrub                                 pass    
 test-amd64-amd64-xl-pvshim                                   pass    
 test-amd64-i386-xl-pvshim                                    fail    
 test-amd64-amd64-pygrub                                      pass    
 test-amd64-amd64-xl-qcow2                                    pass    
 test-armhf-armhf-libvirt-raw                                 pass    
 test-amd64-i386-xl-raw                                       pass    
 test-amd64-amd64-xl-rtds                                     pass    
 test-armhf-armhf-xl-rtds                                     pass    
 test-amd64-amd64-xl-qemuu-debianhvm-amd64-shadow             pass    
 test-amd64-i386-xl-qemuu-debianhvm-amd64-shadow              pass    
 test-amd64-amd64-xl-shadow                                   pass    
 test-amd64-i386-xl-shadow                                    pass    
 test-amd64-amd64-libvirt-vhd                                 pass    
 test-armhf-armhf-xl-vhd                                      pass    


------------------------------------------------------------
sg-report-flight on osstest.test-lab.xenproject.org
logs: /home/logs/logs
images: /home/logs/images

Logs, config files, etc. are available at
    http://logs.test-lab.xenproject.org/osstest/logs

Explanation of these reports, and of osstest in general, is at
    http://xenbits.xen.org/gitweb/?p=osstest.git;a=blob;f=README.email;hb=master
    http://xenbits.xen.org/gitweb/?p=osstest.git;a=blob;f=README;hb=master

Test harness code can be found at
    http://xenbits.xen.org/gitweb?p=osstest.git;a=summary


Not pushing.

(No revision log; it would be 4141 lines long.)

_______________________________________________
Xen-devel mailing list
[email protected]
https://lists.xenproject.org/mailman/listinfo/xen-devel

Reply via email to