flight 125874 linux-3.18 real [real]
http://logs.test-lab.xenproject.org/osstest/logs/125874/

Failures and problems with tests :-(

Tests which did not succeed and are blocking,
including tests which could not be run:
 build-arm64-pvops               <job status>                 broken
 build-arm64                     <job status>                 broken
 build-arm64-xsm                 <job status>                 broken
 build-arm64-pvops             3 capture-logs           broken REGR. vs. 125658

Tests which are failing intermittently (not blocking):
 test-armhf-armhf-xl-cubietruck  6 xen-install              fail pass in 125852

Regressions which are regarded as allowable (not blocking):
 build-arm64-xsm               2 hosts-allocate         broken REGR. vs. 125658
 build-arm64-pvops             2 hosts-allocate         broken REGR. vs. 125658
 build-arm64                   2 hosts-allocate         broken REGR. vs. 125658

Tests which did not succeed, but are not blocking:
 build-arm64-libvirt           1 build-check(1)               blocked  n/a
 test-arm64-arm64-xl           1 build-check(1)               blocked  n/a
 test-arm64-arm64-xl-xsm       1 build-check(1)               blocked  n/a
 test-arm64-arm64-xl-credit2   1 build-check(1)               blocked  n/a
 test-arm64-arm64-examine      1 build-check(1)               blocked  n/a
 test-arm64-arm64-libvirt-xsm  1 build-check(1)               blocked  n/a
 build-arm64-xsm               3 capture-logs          broken blocked in 125658
 build-arm64                   3 capture-logs          broken blocked in 125658
 test-amd64-i386-xl-qemuu-debianhvm-amd64 16 guest-localmigrate/x10 fail in 
125852 like 125658
 test-armhf-armhf-xl-cubietruck 13 migrate-support-check fail in 125852 never 
pass
 test-armhf-armhf-xl-cubietruck 14 saverestore-support-check fail in 125852 
never pass
 test-armhf-armhf-libvirt     14 saverestore-support-check    fail  like 125658
 test-amd64-amd64-xl-qemut-win7-amd64 17 guest-stop            fail like 125658
 test-amd64-amd64-xl-qemuu-win7-amd64 17 guest-stop            fail like 125658
 test-amd64-i386-xl-qemuu-win7-amd64 17 guest-stop             fail like 125658
 test-armhf-armhf-libvirt-raw 13 saverestore-support-check    fail  like 125658
 test-amd64-i386-xl-qemut-win7-amd64 17 guest-stop             fail like 125658
 test-amd64-amd64-xl-qemuu-dmrestrict-amd64-dmrestrict 10 debian-hvm-install 
fail never pass
 test-amd64-i386-xl-qemuu-dmrestrict-amd64-dmrestrict 10 debian-hvm-install 
fail never pass
 test-amd64-amd64-xl-pvhv2-intel 12 guest-start                 fail never pass
 test-amd64-amd64-libvirt-xsm 13 migrate-support-check        fail   never pass
 test-amd64-amd64-xl-pvhv2-amd 12 guest-start                  fail  never pass
 test-amd64-i386-libvirt      13 migrate-support-check        fail   never pass
 test-amd64-i386-xl-pvshim    12 guest-start                  fail   never pass
 test-amd64-i386-libvirt-xsm  13 migrate-support-check        fail   never pass
 test-amd64-amd64-libvirt     13 migrate-support-check        fail   never pass
 test-amd64-i386-libvirt-qemuu-debianhvm-amd64-xsm 11 migrate-support-check 
fail never pass
 test-armhf-armhf-libvirt     13 migrate-support-check        fail   never pass
 test-armhf-armhf-xl-credit2  13 migrate-support-check        fail   never pass
 test-armhf-armhf-xl-credit2  14 saverestore-support-check    fail   never pass
 test-armhf-armhf-xl-multivcpu 13 migrate-support-check        fail  never pass
 test-armhf-armhf-xl-multivcpu 14 saverestore-support-check    fail  never pass
 test-armhf-armhf-xl-arndale  13 migrate-support-check        fail   never pass
 test-armhf-armhf-xl-arndale  14 saverestore-support-check    fail   never pass
 test-armhf-armhf-xl          13 migrate-support-check        fail   never pass
 test-armhf-armhf-xl-rtds     13 migrate-support-check        fail   never pass
 test-armhf-armhf-xl          14 saverestore-support-check    fail   never pass
 test-armhf-armhf-xl-rtds     14 saverestore-support-check    fail   never pass
 test-amd64-amd64-libvirt-qemuu-debianhvm-amd64-xsm 11 migrate-support-check 
fail never pass
 test-amd64-amd64-libvirt-vhd 12 migrate-support-check        fail   never pass
 test-amd64-amd64-qemuu-nested-amd 17 debian-hvm-install/l1/l2  fail never pass
 test-amd64-amd64-xl-qemuu-ws16-amd64 17 guest-stop             fail never pass
 test-amd64-i386-xl-qemut-ws16-amd64 17 guest-stop              fail never pass
 test-armhf-armhf-libvirt-raw 12 migrate-support-check        fail   never pass
 test-amd64-amd64-xl-qemut-ws16-amd64 17 guest-stop             fail never pass
 test-armhf-armhf-xl-vhd      12 migrate-support-check        fail   never pass
 test-armhf-armhf-xl-vhd      13 saverestore-support-check    fail   never pass
 test-amd64-i386-xl-qemuu-ws16-amd64 17 guest-stop              fail never pass
 test-amd64-i386-xl-qemuu-win10-i386 10 windows-install         fail never pass
 test-amd64-amd64-xl-qemuu-win10-i386 10 windows-install        fail never pass
 test-amd64-amd64-xl-qemut-win10-i386 10 windows-install        fail never pass
 test-amd64-i386-xl-qemut-win10-i386 10 windows-install         fail never pass

version targeted for testing:
 linux                830f9674e76d08d04585e53fc200ae8af99966e7
baseline version:
 linux                dbba166b0e442d4d38ae0f244d32338c3e92d16f

Last test of basis   125658  2018-07-29 18:03:02 Z   15 days
Testing same since   125825  2018-08-09 10:40:57 Z    4 days    3 attempts

------------------------------------------------------------
People who touched revisions under test:
  Adam Radford <[email protected]>
  Alex Deucher <[email protected]>
  Alexandre Belloni <[email protected]>
  Amitkumar Karwar <[email protected]>
  Andrew Morton <[email protected]>
  Andy Shevchenko <[email protected]>
  Anil Gurumurthy <[email protected]>
  Anson Huang <[email protected]>
  Anton Vasilyev <[email protected]>
  Artem Savkov <[email protected]>
  Asutosh Das <[email protected]>
  Bjorn Helgaas <[email protected]>
  Brad Love <[email protected]>
  Can Guo <[email protected]>
  Chintan Pandya <[email protected]>
  Chris Novakovic <[email protected]>
  Christoph Hellwig <[email protected]>
  Christophe Leroy <[email protected]>
  Colin Ian King <[email protected]>
  Cong Wang <[email protected]>
  DaeRyong Jeong <[email protected]>
  Damien Le Moal <[email protected]>
  Dan Carpenter <[email protected]>
  Daniel Borkmann <[email protected]>
  Daniel Vetter <[email protected]>
  Dave Kleikamp <[email protected]>
  David S. Miller <[email protected]>
  Dmitry Torokhov <[email protected]>
  Dominik Bozek <[email protected]>
  Doug Ledford <[email protected]>
  Eric Dumazet <[email protected]>
  Eugeniy Paltsev <[email protected]>
  Eyal Reizer <[email protected]>
  Eyal Reizer <[email protected]>
  Florian Fainelli <[email protected]>
  Florian Westphal <[email protected]>
  Ganapathi Bhat <[email protected]>
  Greg Kroah-Hartman <[email protected]>
  Hans Verkuil <[email protected]>
  Herbert Xu <[email protected]>
  Himanshu Madhani <[email protected]>
  Huang Chong <[email protected]>
  Ingo Molnar <[email protected]>
  Jakub Kicinski <[email protected]>
  Jason Gunthorpe <[email protected]>
  Jiang Biao <[email protected]>
  Jiri Kosina <[email protected]>
  Jonathan Neuschäfer <[email protected]>
  Kai Chieh Chuang <[email protected]>
  KaiChieh Chuang <[email protected]>
  Kalle Valo <[email protected]>
  Kan Liang <[email protected]>
  Keith Busch <[email protected]>
  Kuppuswamy Sathyanarayanan <[email protected]>
  Leon Romanovsky <[email protected]>
  Linus Torvalds <[email protected]>
  Lorenzo Bianconi <[email protected]>
  Luc Van Oostenryck <[email protected]>
  Marc Kleine-Budde <[email protected]>
  Mark Brown <[email protected]>
  Martin K. Petersen <[email protected]>
  Martin Schwidefsky <[email protected]>
  Masami Hiramatsu <[email protected]>
  Mathieu Malaterre <[email protected]>
  Mauro Carvalho Chehab <[email protected]>
  Mauro Carvalho Chehab <[email protected]>
  Maya Erez <[email protected]>
  Michael Ellerman <[email protected]>
  Michael S. Tsirkin <[email protected]>
  Michal Simek <[email protected]>
  Mika Westerberg <[email protected]>
  Neal Cardwell <[email protected]>
  Pavel Machek <[email protected]>
  Peter Zijlstra (Intel) <[email protected]>
  Phillip Lougher <[email protected]>
  Quinn Tran <[email protected]>
  Sakari Ailus <[email protected]>
  Sasha Levin <[email protected]>
  Shankara Pailoor <[email protected]>
  Shaohua Li <[email protected]>
  Shuah Khan (Samsung OSG) <[email protected]>
  Siva Rebbagondla <[email protected]>
  Soheil Hassas Yeganeh <[email protected]>
  Steven Rostedt (VMware) <[email protected]>
  Stewart Smith <[email protected]>
  Subhash Jadavani <[email protected]>
  Sudip Mukherjee <[email protected]>
  Suman Anna <[email protected]>
  Sven Eckelmann <[email protected]>
  Takashi Iwai <[email protected]>
  Takashi Sakamoto <[email protected]>
  Tejun Heo <[email protected]>
  Theodore Ts'o <[email protected]>
  Thomas Richter <[email protected]>
  Tony Battersby <[email protected]>
  Tudor Ambarus <[email protected]>
  Tudor-Dan Ambarus <[email protected]>
  Wenwen Wang <[email protected]>
  Xiao Liang <[email protected]>
  Yousuk Seung <[email protected]>
  Yuchung Cheng <[email protected]>
  Yufen Yu <[email protected]>
  Zhouyang Jia <[email protected]>

jobs:
 build-amd64-xsm                                              pass    
 build-arm64-xsm                                              broken  
 build-i386-xsm                                               pass    
 build-amd64                                                  pass    
 build-arm64                                                  broken  
 build-armhf                                                  pass    
 build-i386                                                   pass    
 build-amd64-libvirt                                          pass    
 build-arm64-libvirt                                          blocked 
 build-armhf-libvirt                                          pass    
 build-i386-libvirt                                           pass    
 build-amd64-pvops                                            pass    
 build-arm64-pvops                                            broken  
 build-armhf-pvops                                            pass    
 build-i386-pvops                                             pass    
 build-amd64-rumprun                                          pass    
 build-i386-rumprun                                           pass    
 test-amd64-amd64-xl                                          pass    
 test-arm64-arm64-xl                                          blocked 
 test-armhf-armhf-xl                                          pass    
 test-amd64-i386-xl                                           pass    
 test-amd64-amd64-xl-qemut-debianhvm-amd64-xsm                pass    
 test-amd64-i386-xl-qemut-debianhvm-amd64-xsm                 pass    
 test-amd64-amd64-libvirt-qemuu-debianhvm-amd64-xsm           pass    
 test-amd64-i386-libvirt-qemuu-debianhvm-amd64-xsm            pass    
 test-amd64-amd64-xl-qemuu-debianhvm-amd64-xsm                pass    
 test-amd64-i386-xl-qemuu-debianhvm-amd64-xsm                 pass    
 test-amd64-amd64-xl-qemut-stubdom-debianhvm-amd64-xsm        pass    
 test-amd64-i386-xl-qemut-stubdom-debianhvm-amd64-xsm         pass    
 test-amd64-amd64-libvirt-xsm                                 pass    
 test-arm64-arm64-libvirt-xsm                                 blocked 
 test-amd64-i386-libvirt-xsm                                  pass    
 test-amd64-amd64-xl-xsm                                      pass    
 test-arm64-arm64-xl-xsm                                      blocked 
 test-amd64-i386-xl-xsm                                       pass    
 test-amd64-amd64-qemuu-nested-amd                            fail    
 test-amd64-amd64-xl-pvhv2-amd                                fail    
 test-amd64-i386-qemut-rhel6hvm-amd                           pass    
 test-amd64-i386-qemuu-rhel6hvm-amd                           pass    
 test-amd64-amd64-xl-qemut-debianhvm-amd64                    pass    
 test-amd64-i386-xl-qemut-debianhvm-amd64                     pass    
 test-amd64-amd64-xl-qemuu-debianhvm-amd64                    pass    
 test-amd64-i386-xl-qemuu-debianhvm-amd64                     pass    
 test-amd64-i386-freebsd10-amd64                              pass    
 test-amd64-amd64-xl-qemuu-ovmf-amd64                         pass    
 test-amd64-i386-xl-qemuu-ovmf-amd64                          pass    
 test-amd64-amd64-rumprun-amd64                               pass    
 test-amd64-amd64-xl-qemut-win7-amd64                         fail    
 test-amd64-i386-xl-qemut-win7-amd64                          fail    
 test-amd64-amd64-xl-qemuu-win7-amd64                         fail    
 test-amd64-i386-xl-qemuu-win7-amd64                          fail    
 test-amd64-amd64-xl-qemut-ws16-amd64                         fail    
 test-amd64-i386-xl-qemut-ws16-amd64                          fail    
 test-amd64-amd64-xl-qemuu-ws16-amd64                         fail    
 test-amd64-i386-xl-qemuu-ws16-amd64                          fail    
 test-armhf-armhf-xl-arndale                                  pass    
 test-amd64-amd64-xl-credit2                                  pass    
 test-arm64-arm64-xl-credit2                                  blocked 
 test-armhf-armhf-xl-credit2                                  pass    
 test-armhf-armhf-xl-cubietruck                               fail    
 test-amd64-amd64-xl-qemuu-dmrestrict-amd64-dmrestrict        fail    
 test-amd64-i386-xl-qemuu-dmrestrict-amd64-dmrestrict         fail    
 test-amd64-amd64-examine                                     pass    
 test-arm64-arm64-examine                                     blocked 
 test-armhf-armhf-examine                                     pass    
 test-amd64-i386-examine                                      pass    
 test-amd64-i386-freebsd10-i386                               pass    
 test-amd64-i386-rumprun-i386                                 pass    
 test-amd64-amd64-xl-qemut-win10-i386                         fail    
 test-amd64-i386-xl-qemut-win10-i386                          fail    
 test-amd64-amd64-xl-qemuu-win10-i386                         fail    
 test-amd64-i386-xl-qemuu-win10-i386                          fail    
 test-amd64-amd64-qemuu-nested-intel                          pass    
 test-amd64-amd64-xl-pvhv2-intel                              fail    
 test-amd64-i386-qemut-rhel6hvm-intel                         pass    
 test-amd64-i386-qemuu-rhel6hvm-intel                         pass    
 test-amd64-amd64-libvirt                                     pass    
 test-armhf-armhf-libvirt                                     pass    
 test-amd64-i386-libvirt                                      pass    
 test-amd64-amd64-xl-multivcpu                                pass    
 test-armhf-armhf-xl-multivcpu                                pass    
 test-amd64-amd64-pair                                        pass    
 test-amd64-i386-pair                                         pass    
 test-amd64-amd64-libvirt-pair                                pass    
 test-amd64-i386-libvirt-pair                                 pass    
 test-amd64-amd64-amd64-pvgrub                                pass    
 test-amd64-amd64-i386-pvgrub                                 pass    
 test-amd64-amd64-xl-pvshim                                   pass    
 test-amd64-i386-xl-pvshim                                    fail    
 test-amd64-amd64-pygrub                                      pass    
 test-amd64-amd64-xl-qcow2                                    pass    
 test-armhf-armhf-libvirt-raw                                 pass    
 test-amd64-i386-xl-raw                                       pass    
 test-amd64-amd64-xl-rtds                                     pass    
 test-armhf-armhf-xl-rtds                                     pass    
 test-amd64-amd64-xl-qemuu-debianhvm-amd64-shadow             pass    
 test-amd64-i386-xl-qemuu-debianhvm-amd64-shadow              pass    
 test-amd64-amd64-xl-shadow                                   pass    
 test-amd64-i386-xl-shadow                                    pass    
 test-amd64-amd64-libvirt-vhd                                 pass    
 test-armhf-armhf-xl-vhd                                      pass    


------------------------------------------------------------
sg-report-flight on osstest.test-lab.xenproject.org
logs: /home/logs/logs
images: /home/logs/images

Logs, config files, etc. are available at
    http://logs.test-lab.xenproject.org/osstest/logs

Explanation of these reports, and of osstest in general, is at
    http://xenbits.xen.org/gitweb/?p=osstest.git;a=blob;f=README.email;hb=master
    http://xenbits.xen.org/gitweb/?p=osstest.git;a=blob;f=README;hb=master

Test harness code can be found at
    http://xenbits.xen.org/gitweb?p=osstest.git;a=summary

broken-job build-arm64-pvops broken
broken-job build-arm64 broken
broken-job build-arm64-xsm broken
broken-step build-arm64-xsm hosts-allocate
broken-step build-arm64-pvops hosts-allocate
broken-step build-arm64-pvops capture-logs
broken-step build-arm64-xsm capture-logs
broken-step build-arm64 hosts-allocate
broken-step build-arm64 capture-logs
broken-job build-arm64-pvops broken
broken-job build-arm64-xsm broken
broken-job build-arm64 broken

Not pushing.

(No revision log; it would be 2250 lines long.)

_______________________________________________
Xen-devel mailing list
[email protected]
https://lists.xenproject.org/mailman/listinfo/xen-devel

Reply via email to