flight 125897 xen-unstable-smoke real [real] http://logs.test-lab.xenproject.org/osstest/logs/125897/
Failures :-/ but no regressions. Tests which did not succeed, but are not blocking: test-amd64-amd64-libvirt 13 migrate-support-check fail never pass test-armhf-armhf-xl 13 migrate-support-check fail never pass test-armhf-armhf-xl 14 saverestore-support-check fail never pass version targeted for testing: xen 2a3b34ec47817048ab59586855cf0709fc77487e baseline version: xen ed5f8d9ca47e69e30221c37ec812f2b38af19d83 Last test of basis 125729 2018-08-01 11:00:39 Z 12 days Failing since 125741 2018-08-02 10:01:09 Z 11 days 60 attempts Testing same since 125846 2018-08-10 14:00:58 Z 3 days 27 attempts ------------------------------------------------------------ People who touched revisions under test: Alexandru Isaila <[email protected]> Andrew Cooper <[email protected]> Doug Goldstein <[email protected]> George Dunlap <[email protected]> Jan Beulich <[email protected]> Julien Grall <[email protected]> Kevin Tian <[email protected]> Marek Marczykowski-Górecki <[email protected]> Paul Durrant <[email protected]> Razvan Cojocaru <[email protected]> Roger Pau Monné <[email protected]> Stefano Stabellini <[email protected]> Wei Liu <[email protected]> jobs: build-amd64 pass build-armhf pass build-amd64-libvirt pass build-amd64-pvops pass build-armhf-pvops pass test-armhf-armhf-xl pass test-amd64-amd64-xl-qemuu-debianhvm-i386 pass test-amd64-amd64-libvirt pass ------------------------------------------------------------ sg-report-flight on osstest.test-lab.xenproject.org logs: /home/logs/logs images: /home/logs/images Logs, config files, etc. are available at http://logs.test-lab.xenproject.org/osstest/logs Explanation of these reports, and of osstest in general, is at http://xenbits.xen.org/gitweb/?p=osstest.git;a=blob;f=README.email;hb=master http://xenbits.xen.org/gitweb/?p=osstest.git;a=blob;f=README;hb=master Test harness code can be found at http://xenbits.xen.org/gitweb?p=osstest.git;a=summary Pushing revision : To xenbits.xen.org:/home/xen/git/xen.git ed5f8d9ca4..2a3b34ec47 2a3b34ec47817048ab59586855cf0709fc77487e -> smoke _______________________________________________ Xen-devel mailing list [email protected] https://lists.xenproject.org/mailman/listinfo/xen-devel
