flight 167230 linux-5.4 real [real] http://logs.test-lab.xenproject.org/osstest/logs/167230/
Failures :-/ but no regressions. Tests which did not succeed, but are not blocking: test-amd64-amd64-xl-qemuu-win7-amd64 19 guest-stop fail like 167117 test-amd64-amd64-xl-qemut-win7-amd64 19 guest-stop fail like 167117 test-amd64-i386-xl-qemut-win7-amd64 19 guest-stop fail like 167117 test-armhf-armhf-libvirt 16 saverestore-support-check fail like 167117 test-amd64-amd64-qemuu-nested-amd 20 debian-hvm-install/l1/l2 fail like 167117 test-amd64-amd64-xl-qemuu-ws16-amd64 19 guest-stop fail like 167117 test-amd64-amd64-xl-qemut-ws16-amd64 19 guest-stop fail like 167117 test-amd64-i386-xl-qemuu-win7-amd64 19 guest-stop fail like 167117 test-amd64-i386-xl-qemut-ws16-amd64 19 guest-stop fail like 167117 test-amd64-amd64-xl-qemut-debianhvm-i386-xsm 12 debian-hvm-install fail like 167117 test-armhf-armhf-libvirt-raw 15 saverestore-support-check fail like 167117 test-armhf-armhf-libvirt-qcow2 15 saverestore-support-check fail like 167117 test-amd64-i386-xl-qemuu-ws16-amd64 19 guest-stop fail like 167117 test-amd64-amd64-libvirt-xsm 15 migrate-support-check fail never pass test-amd64-i386-libvirt-xsm 15 migrate-support-check fail never pass test-amd64-i386-xl-pvshim 14 guest-start fail never pass test-amd64-amd64-libvirt 15 migrate-support-check fail never pass test-arm64-arm64-xl-seattle 15 migrate-support-check fail never pass test-arm64-arm64-xl-seattle 16 saverestore-support-check fail never pass test-amd64-i386-libvirt 15 migrate-support-check fail never pass test-amd64-i386-libvirt-qemuu-debianhvm-amd64-xsm 13 migrate-support-check fail never pass test-arm64-arm64-xl 15 migrate-support-check fail never pass test-arm64-arm64-xl 16 saverestore-support-check fail never pass test-arm64-arm64-libvirt-xsm 15 migrate-support-check fail never pass test-arm64-arm64-xl-xsm 15 migrate-support-check fail never pass test-arm64-arm64-libvirt-xsm 16 saverestore-support-check fail never pass test-arm64-arm64-xl-xsm 16 saverestore-support-check fail never pass test-arm64-arm64-xl-thunderx 15 migrate-support-check fail never pass test-arm64-arm64-xl-thunderx 16 saverestore-support-check fail never pass test-arm64-arm64-xl-credit2 15 migrate-support-check fail never pass test-arm64-arm64-xl-credit2 16 saverestore-support-check fail never pass test-arm64-arm64-xl-credit1 15 migrate-support-check fail never pass test-arm64-arm64-xl-credit1 16 saverestore-support-check fail never pass test-amd64-amd64-libvirt-qemuu-debianhvm-amd64-xsm 13 migrate-support-check fail never pass test-amd64-i386-libvirt-raw 14 migrate-support-check fail never pass test-amd64-amd64-libvirt-vhd 14 migrate-support-check fail never pass test-arm64-arm64-libvirt-raw 14 migrate-support-check fail never pass test-arm64-arm64-libvirt-raw 15 saverestore-support-check fail never pass test-armhf-armhf-xl-credit2 15 migrate-support-check fail never pass test-armhf-armhf-xl-credit2 16 saverestore-support-check fail never pass test-arm64-arm64-xl-vhd 14 migrate-support-check fail never pass test-arm64-arm64-xl-vhd 15 saverestore-support-check fail never pass test-armhf-armhf-libvirt 15 migrate-support-check fail never pass test-armhf-armhf-xl 15 migrate-support-check fail never pass test-armhf-armhf-xl 16 saverestore-support-check fail never pass test-armhf-armhf-xl-multivcpu 15 migrate-support-check fail never pass test-armhf-armhf-xl-multivcpu 16 saverestore-support-check fail never pass test-armhf-armhf-xl-cubietruck 15 migrate-support-check fail never pass test-armhf-armhf-xl-cubietruck 16 saverestore-support-check fail never pass test-armhf-armhf-xl-credit1 15 migrate-support-check fail never pass test-armhf-armhf-xl-credit1 16 saverestore-support-check fail never pass test-armhf-armhf-xl-rtds 15 migrate-support-check fail never pass test-armhf-armhf-xl-rtds 16 saverestore-support-check fail never pass test-armhf-armhf-xl-vhd 14 migrate-support-check fail never pass test-armhf-armhf-xl-vhd 15 saverestore-support-check fail never pass test-armhf-armhf-libvirt-raw 14 migrate-support-check fail never pass test-armhf-armhf-xl-arndale 15 migrate-support-check fail never pass test-armhf-armhf-xl-arndale 16 saverestore-support-check fail never pass test-armhf-armhf-libvirt-qcow2 14 migrate-support-check fail never pass version targeted for testing: linux e3c95128def1c937754a5cdc3d297fa47968e9f6 baseline version: linux 57899c4e26bf5a02b9b405267a1812f26b9ccce5 Last test of basis 167117 2021-12-04 23:13:28 Z 3 days Testing same since 167230 2021-12-08 08:12:55 Z 0 days 1 attempts ------------------------------------------------------------ People who touched revisions under test: Aaro Koskinen <[email protected]> Alain Volmat <[email protected]> Andreas Gruenbacher <[email protected]> Andy Shevchenko <[email protected]> Ard Biesheuvel <[email protected]> Arnaldo Carvalho de Melo <[email protected]> Arnd Bergmann <[email protected]> Badhri Jagan Sridharan <[email protected]> Baokun Li <[email protected]> Baruch Siach <[email protected]> Benjamin Coddington <[email protected]> Benjamin Poirier <[email protected]> Borislav Petkov <[email protected]> Christophe JAILLET <[email protected]> Corey Minyard <[email protected]> Damien Le Moal <[email protected]> David Howells <[email protected]> David S. Miller <[email protected]> David Sterba <[email protected]> Dietmar Eggemann <[email protected]> Eiichi Tsukata <[email protected]> Eric Dumazet <[email protected]> Feng Tang <[email protected]> Florian Fainelli <[email protected]> Geert Uytterhoeven <[email protected]> Greg Kroah-Hartman <[email protected]> Gregory CLEMENT <[email protected]> Guenter Roeck <[email protected]> Hans de Goede <[email protected]> Heikki Krogerus <[email protected]> Heiko Carstens <[email protected]> Helge Deller <[email protected]> Hulk Robot <[email protected]> Ian Rogers <[email protected]> Ioanna Alifieraki <[email protected]> Jakub Kicinski <[email protected]> Jason A. Donenfeld <[email protected]> Jay Dolan <[email protected]> Jernej Skrabec <[email protected]> Joerg Roedel <[email protected]> Johan Hovold <[email protected]> Johannes Berg <[email protected]> Jon Hunter <[email protected]> Julian Braha <[email protected]> Kalle Valo <[email protected]> Karsten Graul <[email protected]> Li Zhijian <[email protected]> Like Xu <[email protected]> Linus Torvalds <[email protected]> Linux Kernel Functional Testing <[email protected]> liuguoqiang <[email protected]> Luca Coelho <[email protected]> Maciej W. Rozycki <[email protected]> Manaf Meethalavalappu Pallikunhi <[email protected]> Marc Kleine-Budde <[email protected]> Mario Limonciello <[email protected]> Martin K. Petersen <[email protected]> Masami Hiramatsu <[email protected]> Mathias Nyman <[email protected]> Max Filippov <[email protected]> Maxime Ripard <[email protected]> Mike Christie <[email protected]> Miklos Szeredi <[email protected]> Mordechay Goodstein <[email protected]> msizanoen1 <[email protected]> Niklas Schnelle <[email protected]> Ole Ernst <[email protected]> Oleksij Rempel <[email protected]> Paolo Bonzini <[email protected]> Pavankumar Kondeti <[email protected]> Peter Zijlstra (Intel) <[email protected]> Pierre Gondois <[email protected]> Qais Yousef <[email protected]> Rafael J. Wysocki <[email protected]> Randy Dunlap <[email protected]> Rob Clark <[email protected]> Russell King <[email protected]> Santosh Shilimkar <[email protected]> Sasha Levin <[email protected]> Shuah Khan <[email protected]> Slark Xiao <[email protected]> Stanislaw Gruszka <[email protected]> Stephen Boyd <[email protected]> Stephen Suryaputra <[email protected]> Steven Rostedt (VMware) <[email protected]> Sven Eckelmann <[email protected]> Sven Schuchmann <[email protected]> Teng Qi <[email protected]> Thomas Gleixner <[email protected]> Tianjia Zhang <[email protected]> Tony Lu <[email protected]> Trond Myklebust <[email protected]> Vasily Gorbik <[email protected]> Viresh Kumar <[email protected]> Wang Yugui <[email protected]> Wei Yongjun <[email protected]> Wen Gu <[email protected]> William Kucharski <[email protected]> Wolfram Sang <[email protected]> Xing Song <[email protected]> Xiongfeng Wang <[email protected]> Zekun Shen <[email protected]> Zhang Changzhong <[email protected]> zhangyue <[email protected]> Zhou Qingyang <[email protected]> jobs: build-amd64-xsm pass build-arm64-xsm pass build-i386-xsm pass build-amd64 pass build-arm64 pass build-armhf pass build-i386 pass build-amd64-libvirt pass build-arm64-libvirt pass build-armhf-libvirt pass build-i386-libvirt pass build-amd64-pvops pass build-arm64-pvops pass build-armhf-pvops pass build-i386-pvops pass test-amd64-amd64-xl pass test-amd64-coresched-amd64-xl pass test-arm64-arm64-xl pass test-armhf-armhf-xl pass test-amd64-i386-xl pass test-amd64-coresched-i386-xl pass test-amd64-amd64-libvirt-qemuu-debianhvm-amd64-xsm pass test-amd64-i386-libvirt-qemuu-debianhvm-amd64-xsm pass test-amd64-amd64-xl-qemut-stubdom-debianhvm-amd64-xsm pass test-amd64-i386-xl-qemut-stubdom-debianhvm-amd64-xsm pass test-amd64-amd64-xl-qemut-debianhvm-i386-xsm fail test-amd64-i386-xl-qemut-debianhvm-i386-xsm pass test-amd64-amd64-xl-qemuu-debianhvm-i386-xsm pass test-amd64-i386-xl-qemuu-debianhvm-i386-xsm pass test-amd64-amd64-libvirt-xsm pass test-arm64-arm64-libvirt-xsm pass test-amd64-i386-libvirt-xsm pass test-amd64-amd64-xl-xsm pass test-arm64-arm64-xl-xsm pass test-amd64-i386-xl-xsm pass test-amd64-amd64-qemuu-nested-amd fail test-amd64-amd64-xl-pvhv2-amd pass test-amd64-i386-qemut-rhel6hvm-amd pass test-amd64-i386-qemuu-rhel6hvm-amd pass test-amd64-amd64-dom0pvh-xl-amd pass test-amd64-amd64-xl-qemut-debianhvm-amd64 pass test-amd64-i386-xl-qemut-debianhvm-amd64 pass test-amd64-amd64-xl-qemuu-debianhvm-amd64 pass test-amd64-i386-xl-qemuu-debianhvm-amd64 pass test-amd64-i386-freebsd10-amd64 pass test-amd64-amd64-qemuu-freebsd11-amd64 pass test-amd64-amd64-qemuu-freebsd12-amd64 pass test-amd64-amd64-xl-qemuu-ovmf-amd64 pass test-amd64-i386-xl-qemuu-ovmf-amd64 pass test-amd64-amd64-xl-qemut-win7-amd64 fail test-amd64-i386-xl-qemut-win7-amd64 fail test-amd64-amd64-xl-qemuu-win7-amd64 fail test-amd64-i386-xl-qemuu-win7-amd64 fail test-amd64-amd64-xl-qemut-ws16-amd64 fail test-amd64-i386-xl-qemut-ws16-amd64 fail test-amd64-amd64-xl-qemuu-ws16-amd64 fail test-amd64-i386-xl-qemuu-ws16-amd64 fail test-armhf-armhf-xl-arndale pass test-amd64-amd64-examine-bios pass test-amd64-i386-examine-bios pass test-amd64-amd64-xl-credit1 pass test-arm64-arm64-xl-credit1 pass test-armhf-armhf-xl-credit1 pass test-amd64-amd64-xl-credit2 pass test-arm64-arm64-xl-credit2 pass test-armhf-armhf-xl-credit2 pass test-armhf-armhf-xl-cubietruck pass test-amd64-amd64-xl-qemuu-dmrestrict-amd64-dmrestrict pass test-amd64-i386-xl-qemuu-dmrestrict-amd64-dmrestrict pass test-amd64-amd64-examine pass test-arm64-arm64-examine pass test-armhf-armhf-examine pass test-amd64-i386-examine pass test-amd64-i386-freebsd10-i386 pass test-amd64-amd64-qemuu-nested-intel pass test-amd64-amd64-xl-pvhv2-intel pass test-amd64-i386-qemut-rhel6hvm-intel pass test-amd64-i386-qemuu-rhel6hvm-intel pass test-amd64-amd64-dom0pvh-xl-intel pass test-amd64-amd64-libvirt pass test-armhf-armhf-libvirt pass test-amd64-i386-libvirt pass test-amd64-amd64-xl-multivcpu pass test-armhf-armhf-xl-multivcpu pass test-amd64-amd64-pair pass test-amd64-i386-pair pass test-amd64-amd64-libvirt-pair pass test-amd64-i386-libvirt-pair pass test-amd64-amd64-xl-pvshim pass test-amd64-i386-xl-pvshim fail test-amd64-amd64-pygrub pass test-armhf-armhf-libvirt-qcow2 pass test-amd64-amd64-xl-qcow2 pass test-arm64-arm64-libvirt-raw pass test-armhf-armhf-libvirt-raw pass test-amd64-i386-libvirt-raw pass test-amd64-amd64-xl-rtds pass test-armhf-armhf-xl-rtds pass test-arm64-arm64-xl-seattle pass test-amd64-amd64-xl-qemuu-debianhvm-amd64-shadow pass test-amd64-i386-xl-qemuu-debianhvm-amd64-shadow pass test-amd64-amd64-xl-shadow pass test-amd64-i386-xl-shadow pass test-arm64-arm64-xl-thunderx pass test-amd64-amd64-examine-uefi pass test-amd64-i386-examine-uefi pass test-amd64-amd64-libvirt-vhd pass test-arm64-arm64-xl-vhd pass test-armhf-armhf-xl-vhd pass test-amd64-i386-xl-vhd pass ------------------------------------------------------------ sg-report-flight on osstest.test-lab.xenproject.org logs: /home/logs/logs images: /home/logs/images Logs, config files, etc. are available at http://logs.test-lab.xenproject.org/osstest/logs Explanation of these reports, and of osstest in general, is at http://xenbits.xen.org/gitweb/?p=osstest.git;a=blob;f=README.email;hb=master http://xenbits.xen.org/gitweb/?p=osstest.git;a=blob;f=README;hb=master Test harness code can be found at http://xenbits.xen.org/gitweb?p=osstest.git;a=summary Pushing revision : hint: The 'hooks/update' hook was ignored because it's not set as executable. hint: You can disable this warning with `git config advice.ignoredHook false`. hint: The 'hooks/post-receive' hook was ignored because it's not set as executable. hint: You can disable this warning with `git config advice.ignoredHook false`. hint: The 'hooks/post-update' hook was ignored because it's not set as executable. hint: You can disable this warning with `git config advice.ignoredHook false`. To xenbits.xen.org:/home/xen/git/linux-pvops.git 57899c4e26bf..e3c95128def1 e3c95128def1c937754a5cdc3d297fa47968e9f6 -> tested/linux-5.4
