flight 163055 ovmf real [real]
http://logs.test-lab.xenproject.org/osstest/logs/163055/

Regressions :-(

Tests which did not succeed and are blocking,
including tests which could not be run:
 test-amd64-i386-xl-qemuu-ovmf-amd64 12 debian-hvm-install fail REGR. vs. 162359
 test-amd64-amd64-xl-qemuu-ovmf-amd64 12 debian-hvm-install fail REGR. vs. 
162359

version targeted for testing:
 ovmf                 17143c4837393d42c484b42d1789b85b2cff1aaf
baseline version:
 ovmf                 c410ad4da4b7785170d3d42a3ba190c2caac6feb

Last test of basis   162359  2021-06-04 03:40:08 Z   21 days
Failing since        162368  2021-06-04 15:42:59 Z   21 days   49 attempts
Testing same since   163028  2021-06-25 07:30:32 Z    0 days    2 attempts

------------------------------------------------------------
People who touched revisions under test:
  Agrawal, Sachin <[email protected]>
  Alexandru Elisei <[email protected]>
  Ard Biesheuvel <[email protected]>
  Daoxiang Li <[email protected]>
  DunTan <[email protected]>
  gaoliming <[email protected]>
  Guo Dong <[email protected]>
  Hao A Wu <[email protected]>
  Jian J Wang <[email protected]>
  Kaaira Gupta <[email protected]>
  Ken Lautner <[email protected]>
  Kenneth Lautner <[email protected]>
  Kun Qin <[email protected]>
  Laszlo Ersek <[email protected]>
  Leif Lindholm <[email protected]>
  Liming Gao <[email protected]>
  Maurice Ma <[email protected]>
  Ni, Ray <[email protected]>
  Patrick Rudolph <[email protected]>
  Pierre Gondois <[email protected]>
  Ray Ni <[email protected]>
  Rebecca Cran <[email protected]>
  Rebecca Cran <[email protected]>
  Sachin Agrawal <[email protected]>
  Sami Mujawar <[email protected]>
  Scottie Kuo <[email protected]>
  Sean Brogan <[email protected]>
  Sean Brogan <[email protected]>
  Sumana Venur <[email protected]>
  xueshengfeng <[email protected]>
  Zhiguang Liu <[email protected]>

jobs:
 build-amd64-xsm                                              pass    
 build-i386-xsm                                               pass    
 build-amd64                                                  pass    
 build-i386                                                   pass    
 build-amd64-libvirt                                          pass    
 build-i386-libvirt                                           pass    
 build-amd64-pvops                                            pass    
 build-i386-pvops                                             pass    
 test-amd64-amd64-xl-qemuu-ovmf-amd64                         fail    
 test-amd64-i386-xl-qemuu-ovmf-amd64                          fail    


------------------------------------------------------------
sg-report-flight on osstest.test-lab.xenproject.org
logs: /home/logs/logs
images: /home/logs/images

Logs, config files, etc. are available at
    http://logs.test-lab.xenproject.org/osstest/logs

Explanation of these reports, and of osstest in general, is at
    http://xenbits.xen.org/gitweb/?p=osstest.git;a=blob;f=README.email;hb=master
    http://xenbits.xen.org/gitweb/?p=osstest.git;a=blob;f=README;hb=master

Test harness code can be found at
    http://xenbits.xen.org/gitweb?p=osstest.git;a=summary


Not pushing.

(No revision log; it would be 2647 lines long.)

Reply via email to