flight 162998 linux-5.4 real [real]
flight 163008 linux-5.4 real-retest [real]
http://logs.test-lab.xenproject.org/osstest/logs/162998/
http://logs.test-lab.xenproject.org/osstest/logs/163008/

Failures :-/ but no regressions.

Tests which are failing intermittently (not blocking):
 test-armhf-armhf-xl-vhd      12 debian-di-install   fail pass in 163008-retest

Tests which did not succeed, but are not blocking:
 test-armhf-armhf-xl-vhd     14 migrate-support-check fail in 163008 never pass
 test-armhf-armhf-xl-vhd 15 saverestore-support-check fail in 163008 never pass
 test-amd64-amd64-xl-qemuu-win7-amd64 19 guest-stop            fail like 162890
 test-amd64-i386-xl-qemut-win7-amd64 19 guest-stop             fail like 162890
 test-amd64-amd64-xl-qemut-win7-amd64 19 guest-stop            fail like 162890
 test-amd64-amd64-qemuu-nested-amd 20 debian-hvm-install/l1/l2 fail like 162890
 test-amd64-amd64-xl-qemuu-ws16-amd64 19 guest-stop            fail like 162890
 test-amd64-amd64-xl-qemut-ws16-amd64 19 guest-stop            fail like 162890
 test-amd64-i386-xl-qemuu-win7-amd64 19 guest-stop             fail like 162890
 test-amd64-i386-xl-qemut-ws16-amd64 19 guest-stop             fail like 162890
 test-armhf-armhf-libvirt     16 saverestore-support-check    fail  like 162890
 test-armhf-armhf-libvirt-raw 15 saverestore-support-check    fail  like 162890
 test-amd64-i386-xl-qemuu-ws16-amd64 19 guest-stop             fail like 162890
 test-amd64-i386-libvirt-xsm  15 migrate-support-check        fail   never pass
 test-amd64-i386-xl-pvshim    14 guest-start                  fail   never pass
 test-amd64-amd64-libvirt     15 migrate-support-check        fail   never pass
 test-arm64-arm64-xl          15 migrate-support-check        fail   never pass
 test-arm64-arm64-xl          16 saverestore-support-check    fail   never pass
 test-amd64-i386-libvirt      15 migrate-support-check        fail   never pass
 test-arm64-arm64-xl-seattle  15 migrate-support-check        fail   never pass
 test-arm64-arm64-xl-seattle  16 saverestore-support-check    fail   never pass
 test-amd64-amd64-libvirt-xsm 15 migrate-support-check        fail   never pass
 test-amd64-amd64-libvirt-qemuu-debianhvm-amd64-xsm 13 migrate-support-check 
fail never pass
 test-arm64-arm64-xl-xsm      15 migrate-support-check        fail   never pass
 test-arm64-arm64-xl-xsm      16 saverestore-support-check    fail   never pass
 test-arm64-arm64-xl-credit2  15 migrate-support-check        fail   never pass
 test-arm64-arm64-xl-credit2  16 saverestore-support-check    fail   never pass
 test-arm64-arm64-xl-credit1  15 migrate-support-check        fail   never pass
 test-arm64-arm64-xl-credit1  16 saverestore-support-check    fail   never pass
 test-arm64-arm64-libvirt-xsm 15 migrate-support-check        fail   never pass
 test-arm64-arm64-xl-thunderx 15 migrate-support-check        fail   never pass
 test-arm64-arm64-libvirt-xsm 16 saverestore-support-check    fail   never pass
 test-arm64-arm64-xl-thunderx 16 saverestore-support-check    fail   never pass
 test-amd64-i386-libvirt-qemuu-debianhvm-amd64-xsm 13 migrate-support-check 
fail never pass
 test-armhf-armhf-xl-rtds     15 migrate-support-check        fail   never pass
 test-armhf-armhf-xl-rtds     16 saverestore-support-check    fail   never pass
 test-armhf-armhf-xl-arndale  15 migrate-support-check        fail   never pass
 test-armhf-armhf-xl-arndale  16 saverestore-support-check    fail   never pass
 test-amd64-amd64-libvirt-vhd 14 migrate-support-check        fail   never pass
 test-armhf-armhf-xl-multivcpu 15 migrate-support-check        fail  never pass
 test-armhf-armhf-xl-multivcpu 16 saverestore-support-check    fail  never pass
 test-armhf-armhf-xl          15 migrate-support-check        fail   never pass
 test-armhf-armhf-xl          16 saverestore-support-check    fail   never pass
 test-armhf-armhf-xl-credit2  15 migrate-support-check        fail   never pass
 test-armhf-armhf-xl-credit2  16 saverestore-support-check    fail   never pass
 test-armhf-armhf-xl-credit1  15 migrate-support-check        fail   never pass
 test-armhf-armhf-xl-credit1  16 saverestore-support-check    fail   never pass
 test-armhf-armhf-xl-cubietruck 15 migrate-support-check        fail never pass
 test-armhf-armhf-xl-cubietruck 16 saverestore-support-check    fail never pass
 test-armhf-armhf-libvirt     15 migrate-support-check        fail   never pass
 test-armhf-armhf-libvirt-raw 14 migrate-support-check        fail   never pass

version targeted for testing:
 linux                4037804c55745738e0950658a5132790e6ac52e4
baseline version:
 linux                a82d4d5e9fe6e6448fb5885a184460864c2f14a5

Last test of basis   162890  2021-06-18 08:12:38 Z    5 days
Testing same since   162998  2021-06-23 13:11:21 Z    0 days    1 attempts

------------------------------------------------------------
People who touched revisions under test:
  afzal mohammed <[email protected]>
  Aleksander Jan Bajkowski <[email protected]>
  Alex Deucher <[email protected]>
  Andrew Lunn <[email protected]>
  Andrew Morton <[email protected]>
  Antti Järvinen <[email protected]>
  Arnaldo Carvalho de Melo <[email protected]>
  Avraham Stern <[email protected]>
  Axel Lin <[email protected]>
  Aya Levin <[email protected]>
  Babu Moger <[email protected]>
  Bjorn Helgaas <[email protected]>
  Borislav Petkov <[email protected]>
  Bumyong Lee <[email protected]>
  Changbin Du <[email protected]>
  Chanho Park <[email protected]>
  Chen Li <[email protected]>
  Chengyang Fan <[email protected]>
  Chiqijun <[email protected]>
  Christian Brauner <[email protected]>
  Christophe JAILLET <[email protected]>
  Dan Carpenter <[email protected]>
  Dave Hansen <[email protected]>
  David Howells <[email protected]>
  David S. Miller <[email protected]>
  Davide Caratti <[email protected]>
  Dima Chumak <[email protected]>
  Dongliang Mu <[email protected]>
  Eric Auger <[email protected]>
  Eric Dumazet <[email protected]>
  Esben Haabendal <[email protected]>
  Florian Fainelli <[email protected]>
  Fugang Duan <[email protected]>
  Greg Kroah-Hartman <[email protected]>
  Guenter Roeck <[email protected]>
  Hangbin Liu <[email protected]>
  Hauke Mehrtens <[email protected]>
  Huy Nguyen <[email protected]>
  Ido Schimmel <[email protected]>
  Jack Pham <[email protected]>
  Jack Yu <[email protected]>
  Jakub Kicinski <[email protected]>
  Jason Self <[email protected]>
  Jim Mattson <[email protected]>
  Jisheng Zhang <[email protected]>
  Joakim Zhang <[email protected]>
  Johannes Berg <[email protected]>
  Jongho Park <[email protected]>
  Kees Cook <[email protected]>
  kernel test robot <[email protected]>
  Linus Torvalds <[email protected]>
  Linus Walleij <[email protected]>
  Linux Kernel Functional Testing <[email protected]>
  Linyu Yuan <[email protected]>
  Lorenzo Pieralisi <[email protected]>
  Luca Coelho <[email protected]>
  Maciej Żenczykowski <[email protected]>
  Maor Gottlieb <[email protected]>
  Marc Kleine-Budde <[email protected]>
  Marc Zyngier <[email protected]>
  Marcelo Ricardo Leitner <[email protected]>
  Mark Brown <[email protected]>
  Matti Vaittinen <[email protected]>
  Maxim Mikityanskiy <[email protected]>
  Michael Chan <[email protected]>
  Nanyong Sun <[email protected]>
  Naoya Horiguchi <[email protected]>
  Nicolas Dichtel <[email protected]>
  Nikolay Aleksandrov <[email protected]>
  Norbert Slusarek <[email protected]>
  Oder Chiou <[email protected]>
  Oleksij Rempel <[email protected]>
  Oliver Hartkopp <[email protected]>
  Pali Rohár <[email protected]>
  Paolo Abeni <[email protected]>
  Paolo Bonzini <[email protected]>
  Patrice Chotard <[email protected]>
  Paul Moore <[email protected]>
  Pavel Machek (CIP) <[email protected]>
  Pavel Machek <[email protected]>
  Pavel Skripkin <[email protected]>
  Peter Chen <[email protected]>
  Randy Dunlap <[email protected]>
  Remi Pommarel <[email protected]>
  Richard Cochran <[email protected]>
  Rik van Riel <[email protected]>
  Riwen Lu <[email protected]>
  Saeed Mahameed <[email protected]>
  Saeed Mahameed <[email protected]>
  Santosh Shilimkar <[email protected]>
  Sasha Levin <[email protected]>
  Sean Christopherson <[email protected]>
  Sergio Paracuellos <[email protected]>
  Shanker Donthineni <[email protected]>
  Shuah Khan <[email protected]>
  Simon Wunderlich <[email protected]>
  Somnath Kotur <[email protected]>
  Sriharsha Basavapatna <[email protected]>
  Steven Rostedt (VMware) <[email protected]>
  Sudip Mukherjee <[email protected]>
  Sven Eckelmann <[email protected]>
  syzbot <[email protected]>
  Tetsuo Handa <[email protected]>
  Thomas Gleixner <[email protected]>
  Thomas Petazzoni <[email protected]>
  Toke Høiland-Jørgensen <[email protected]>
  Toke Høiland-Jørgensen <[email protected]>
  Tony Lindgren <[email protected]>
  Vineet Gupta <[email protected]>
  Vinod Koul <[email protected]>
  Vlastimil Babka <[email protected]>
  Xin Chen <[email protected]>
  Yang Yingliang <[email protected]>
  yangerkun <[email protected]>
  Yifan Zhang <[email protected]>

jobs:
 build-amd64-xsm                                              pass    
 build-arm64-xsm                                              pass    
 build-i386-xsm                                               pass    
 build-amd64                                                  pass    
 build-arm64                                                  pass    
 build-armhf                                                  pass    
 build-i386                                                   pass    
 build-amd64-libvirt                                          pass    
 build-arm64-libvirt                                          pass    
 build-armhf-libvirt                                          pass    
 build-i386-libvirt                                           pass    
 build-amd64-pvops                                            pass    
 build-arm64-pvops                                            pass    
 build-armhf-pvops                                            pass    
 build-i386-pvops                                             pass    
 test-amd64-amd64-xl                                          pass    
 test-amd64-coresched-amd64-xl                                pass    
 test-arm64-arm64-xl                                          pass    
 test-armhf-armhf-xl                                          pass    
 test-amd64-i386-xl                                           pass    
 test-amd64-coresched-i386-xl                                 pass    
 test-amd64-amd64-libvirt-qemuu-debianhvm-amd64-xsm           pass    
 test-amd64-i386-libvirt-qemuu-debianhvm-amd64-xsm            pass    
 test-amd64-amd64-xl-qemut-stubdom-debianhvm-amd64-xsm        pass    
 test-amd64-i386-xl-qemut-stubdom-debianhvm-amd64-xsm         pass    
 test-amd64-amd64-xl-qemut-debianhvm-i386-xsm                 pass    
 test-amd64-i386-xl-qemut-debianhvm-i386-xsm                  pass    
 test-amd64-amd64-xl-qemuu-debianhvm-i386-xsm                 pass    
 test-amd64-i386-xl-qemuu-debianhvm-i386-xsm                  pass    
 test-amd64-amd64-libvirt-xsm                                 pass    
 test-arm64-arm64-libvirt-xsm                                 pass    
 test-amd64-i386-libvirt-xsm                                  pass    
 test-amd64-amd64-xl-xsm                                      pass    
 test-arm64-arm64-xl-xsm                                      pass    
 test-amd64-i386-xl-xsm                                       pass    
 test-amd64-amd64-qemuu-nested-amd                            fail    
 test-amd64-amd64-xl-pvhv2-amd                                pass    
 test-amd64-i386-qemut-rhel6hvm-amd                           pass    
 test-amd64-i386-qemuu-rhel6hvm-amd                           pass    
 test-amd64-amd64-dom0pvh-xl-amd                              pass    
 test-amd64-amd64-xl-qemut-debianhvm-amd64                    pass    
 test-amd64-i386-xl-qemut-debianhvm-amd64                     pass    
 test-amd64-amd64-xl-qemuu-debianhvm-amd64                    pass    
 test-amd64-i386-xl-qemuu-debianhvm-amd64                     pass    
 test-amd64-i386-freebsd10-amd64                              pass    
 test-amd64-amd64-qemuu-freebsd11-amd64                       pass    
 test-amd64-amd64-qemuu-freebsd12-amd64                       pass    
 test-amd64-amd64-xl-qemuu-ovmf-amd64                         pass    
 test-amd64-i386-xl-qemuu-ovmf-amd64                          pass    
 test-amd64-amd64-xl-qemut-win7-amd64                         fail    
 test-amd64-i386-xl-qemut-win7-amd64                          fail    
 test-amd64-amd64-xl-qemuu-win7-amd64                         fail    
 test-amd64-i386-xl-qemuu-win7-amd64                          fail    
 test-amd64-amd64-xl-qemut-ws16-amd64                         fail    
 test-amd64-i386-xl-qemut-ws16-amd64                          fail    
 test-amd64-amd64-xl-qemuu-ws16-amd64                         fail    
 test-amd64-i386-xl-qemuu-ws16-amd64                          fail    
 test-armhf-armhf-xl-arndale                                  pass    
 test-amd64-amd64-xl-credit1                                  pass    
 test-arm64-arm64-xl-credit1                                  pass    
 test-armhf-armhf-xl-credit1                                  pass    
 test-amd64-amd64-xl-credit2                                  pass    
 test-arm64-arm64-xl-credit2                                  pass    
 test-armhf-armhf-xl-credit2                                  pass    
 test-armhf-armhf-xl-cubietruck                               pass    
 test-amd64-amd64-xl-qemuu-dmrestrict-amd64-dmrestrict        pass    
 test-amd64-i386-xl-qemuu-dmrestrict-amd64-dmrestrict         pass    
 test-amd64-amd64-examine                                     pass    
 test-arm64-arm64-examine                                     pass    
 test-armhf-armhf-examine                                     pass    
 test-amd64-i386-examine                                      pass    
 test-amd64-i386-freebsd10-i386                               pass    
 test-amd64-amd64-qemuu-nested-intel                          pass    
 test-amd64-amd64-xl-pvhv2-intel                              pass    
 test-amd64-i386-qemut-rhel6hvm-intel                         pass    
 test-amd64-i386-qemuu-rhel6hvm-intel                         pass    
 test-amd64-amd64-dom0pvh-xl-intel                            pass    
 test-amd64-amd64-libvirt                                     pass    
 test-armhf-armhf-libvirt                                     pass    
 test-amd64-i386-libvirt                                      pass    
 test-amd64-amd64-xl-multivcpu                                pass    
 test-armhf-armhf-xl-multivcpu                                pass    
 test-amd64-amd64-pair                                        pass    
 test-amd64-i386-pair                                         pass    
 test-amd64-amd64-libvirt-pair                                pass    
 test-amd64-i386-libvirt-pair                                 pass    
 test-amd64-amd64-amd64-pvgrub                                pass    
 test-amd64-amd64-i386-pvgrub                                 pass    
 test-amd64-amd64-xl-pvshim                                   pass    
 test-amd64-i386-xl-pvshim                                    fail    
 test-amd64-amd64-pygrub                                      pass    
 test-amd64-amd64-xl-qcow2                                    pass    
 test-armhf-armhf-libvirt-raw                                 pass    
 test-amd64-i386-xl-raw                                       pass    
 test-amd64-amd64-xl-rtds                                     pass    
 test-armhf-armhf-xl-rtds                                     pass    
 test-arm64-arm64-xl-seattle                                  pass    
 test-amd64-amd64-xl-qemuu-debianhvm-amd64-shadow             pass    
 test-amd64-i386-xl-qemuu-debianhvm-amd64-shadow              pass    
 test-amd64-amd64-xl-shadow                                   pass    
 test-amd64-i386-xl-shadow                                    pass    
 test-arm64-arm64-xl-thunderx                                 pass    
 test-amd64-amd64-libvirt-vhd                                 pass    
 test-armhf-armhf-xl-vhd                                      fail    


------------------------------------------------------------
sg-report-flight on osstest.test-lab.xenproject.org
logs: /home/logs/logs
images: /home/logs/images

Logs, config files, etc. are available at
    http://logs.test-lab.xenproject.org/osstest/logs

Explanation of these reports, and of osstest in general, is at
    http://xenbits.xen.org/gitweb/?p=osstest.git;a=blob;f=README.email;hb=master
    http://xenbits.xen.org/gitweb/?p=osstest.git;a=blob;f=README;hb=master

Test harness code can be found at
    http://xenbits.xen.org/gitweb?p=osstest.git;a=summary


Pushing revision :

hint: The 'hooks/update' hook was ignored because it's not set as executable.
hint: You can disable this warning with `git config advice.ignoredHook false`.
hint: The 'hooks/post-receive' hook was ignored because it's not set as 
executable.
hint: You can disable this warning with `git config advice.ignoredHook false`.
hint: The 'hooks/post-update' hook was ignored because it's not set as 
executable.
hint: You can disable this warning with `git config advice.ignoredHook false`.
To xenbits.xen.org:/home/xen/git/linux-pvops.git
   a82d4d5e9fe6..4037804c5574  4037804c55745738e0950658a5132790e6ac52e4 -> 
tested/linux-5.4

Reply via email to