flight 161910 linux-5.4 real [real]
http://logs.test-lab.xenproject.org/osstest/logs/161910/

Failures and problems with tests :-(

Tests which did not succeed and are blocking,
including tests which could not be run:
 build-arm64                     <job status>                 broken  in 161905
 build-arm64-xsm                 <job status>                 broken  in 161905
 build-arm64-pvops               <job status>                 broken  in 161905
 build-arm64                4 host-install(4) broken in 161905 REGR. vs. 161832
 build-arm64-xsm            4 host-install(4) broken in 161905 REGR. vs. 161832
 build-arm64-pvops          4 host-install(4) broken in 161905 REGR. vs. 161832

Tests which are failing intermittently (not blocking):
 test-amd64-amd64-examine      4 memdisk-try-append         fail pass in 161905
 test-amd64-i386-xl-qemuu-debianhvm-i386-xsm 18 guest-localmigrate/x10 fail 
pass in 161905

Tests which did not succeed, but are not blocking:
 build-arm64-libvirt           1 build-check(1)           blocked in 161905 n/a
 test-arm64-arm64-xl-xsm       1 build-check(1)           blocked in 161905 n/a
 test-arm64-arm64-xl-credit1   1 build-check(1)           blocked in 161905 n/a
 test-arm64-arm64-xl-thunderx  1 build-check(1)           blocked in 161905 n/a
 test-arm64-arm64-xl-credit2   1 build-check(1)           blocked in 161905 n/a
 test-arm64-arm64-examine      1 build-check(1)           blocked in 161905 n/a
 test-arm64-arm64-xl           1 build-check(1)           blocked in 161905 n/a
 test-arm64-arm64-xl-seattle   1 build-check(1)           blocked in 161905 n/a
 test-arm64-arm64-libvirt-xsm  1 build-check(1)           blocked in 161905 n/a
 test-amd64-amd64-xl-qemuu-win7-amd64 19 guest-stop            fail like 161832
 test-amd64-i386-xl-qemut-win7-amd64 19 guest-stop             fail like 161832
 test-amd64-amd64-xl-qemut-win7-amd64 19 guest-stop            fail like 161832
 test-amd64-amd64-qemuu-nested-amd 20 debian-hvm-install/l1/l2 fail like 161832
 test-armhf-armhf-libvirt     16 saverestore-support-check    fail  like 161832
 test-amd64-amd64-xl-qemuu-ws16-amd64 19 guest-stop            fail like 161832
 test-amd64-amd64-xl-qemut-ws16-amd64 19 guest-stop            fail like 161832
 test-amd64-i386-xl-qemuu-win7-amd64 19 guest-stop             fail like 161832
 test-amd64-i386-xl-qemut-ws16-amd64 19 guest-stop             fail like 161832
 test-armhf-armhf-libvirt-raw 15 saverestore-support-check    fail  like 161832
 test-amd64-i386-xl-qemuu-ws16-amd64 19 guest-stop             fail like 161832
 test-amd64-i386-xl-pvshim    14 guest-start                  fail   never pass
 test-arm64-arm64-xl-seattle  15 migrate-support-check        fail   never pass
 test-arm64-arm64-xl-seattle  16 saverestore-support-check    fail   never pass
 test-amd64-i386-libvirt-xsm  15 migrate-support-check        fail   never pass
 test-amd64-amd64-libvirt-xsm 15 migrate-support-check        fail   never pass
 test-amd64-amd64-libvirt     15 migrate-support-check        fail   never pass
 test-amd64-i386-libvirt      15 migrate-support-check        fail   never pass
 test-amd64-i386-libvirt-qemuu-debianhvm-amd64-xsm 13 migrate-support-check 
fail never pass
 test-amd64-amd64-libvirt-qemuu-debianhvm-amd64-xsm 13 migrate-support-check 
fail never pass
 test-arm64-arm64-xl          15 migrate-support-check        fail   never pass
 test-arm64-arm64-xl          16 saverestore-support-check    fail   never pass
 test-arm64-arm64-xl-thunderx 15 migrate-support-check        fail   never pass
 test-arm64-arm64-xl-thunderx 16 saverestore-support-check    fail   never pass
 test-arm64-arm64-xl-credit2  15 migrate-support-check        fail   never pass
 test-arm64-arm64-libvirt-xsm 15 migrate-support-check        fail   never pass
 test-arm64-arm64-xl-credit2  16 saverestore-support-check    fail   never pass
 test-arm64-arm64-libvirt-xsm 16 saverestore-support-check    fail   never pass
 test-arm64-arm64-xl-xsm      15 migrate-support-check        fail   never pass
 test-arm64-arm64-xl-xsm      16 saverestore-support-check    fail   never pass
 test-arm64-arm64-xl-credit1  15 migrate-support-check        fail   never pass
 test-arm64-arm64-xl-credit1  16 saverestore-support-check    fail   never pass
 test-armhf-armhf-xl-arndale  15 migrate-support-check        fail   never pass
 test-armhf-armhf-xl-arndale  16 saverestore-support-check    fail   never pass
 test-armhf-armhf-xl-rtds     15 migrate-support-check        fail   never pass
 test-armhf-armhf-xl-rtds     16 saverestore-support-check    fail   never pass
 test-armhf-armhf-xl-multivcpu 15 migrate-support-check        fail  never pass
 test-armhf-armhf-xl-multivcpu 16 saverestore-support-check    fail  never pass
 test-amd64-amd64-libvirt-vhd 14 migrate-support-check        fail   never pass
 test-armhf-armhf-xl-credit1  15 migrate-support-check        fail   never pass
 test-armhf-armhf-xl-credit1  16 saverestore-support-check    fail   never pass
 test-armhf-armhf-xl          15 migrate-support-check        fail   never pass
 test-armhf-armhf-xl          16 saverestore-support-check    fail   never pass
 test-armhf-armhf-xl-credit2  15 migrate-support-check        fail   never pass
 test-armhf-armhf-xl-credit2  16 saverestore-support-check    fail   never pass
 test-armhf-armhf-xl-cubietruck 15 migrate-support-check        fail never pass
 test-armhf-armhf-xl-cubietruck 16 saverestore-support-check    fail never pass
 test-armhf-armhf-libvirt     15 migrate-support-check        fail   never pass
 test-armhf-armhf-xl-vhd      14 migrate-support-check        fail   never pass
 test-armhf-armhf-xl-vhd      15 saverestore-support-check    fail   never pass
 test-armhf-armhf-libvirt-raw 14 migrate-support-check        fail   never pass

version targeted for testing:
 linux                16022114de9869743d6304290815cdb8a8c7deaa
baseline version:
 linux                b5dbcd05792a4bad2c9bb3c4658c854e72c444b7

Last test of basis   161832  2021-05-07 09:10:55 Z    5 days
Testing same since   161905  2021-05-11 12:11:22 Z    1 days    2 attempts

------------------------------------------------------------
People who touched revisions under test:
  Adrian Hunter <[email protected]>
  Alan Stern <[email protected]>
  Alex Deucher <[email protected]>
  Alexander Lobakin <[email protected]>
  Alexander Shishkin <[email protected]>
  Aneesh Kumar K.V <[email protected]>
  Anirudh Rayabharam <[email protected]>
  Anson Jacob <[email protected]>
  Ard Biesheuvel <[email protected]>
  Aric Cyr <[email protected]>
  Arnd Bergmann <[email protected]>
  Artur Petrosyan <[email protected]>
  Arun Easi <[email protected]>
  Avri Altman <[email protected]>
  Bart Van Assche <[email protected]>
  Benjamin Block <[email protected]>
  Bill Wendling <[email protected]>
  Bindu Ramamurthy <[email protected]>
  Bixuan Cui <[email protected]>
  Borislav Petkov <[email protected]>
  Brendan Peter <[email protected]>
  Catalin Marinas <[email protected]>
  Chaitanya Kulkarni <[email protected]>
  Chanwoo Choi <[email protected]>
  Chao Yu <[email protected]>
  Charles Keepax <[email protected]>
  Chen Jun <[email protected]>
  Christian Brauner <[email protected]>
  Christian König <[email protected]>
  Christoph Hellwig <[email protected]>
  Christophe JAILLET <[email protected]>
  Chunfeng Yun <[email protected]>
  Colin Ian King <[email protected]>
  Daniel Niv <[email protected]>
  Daniel Vetter <[email protected]>
  Daniel Wheeler <[email protected]>
  dann frazier <[email protected]>
  David Bauer <[email protected]>
  David E. Box <[email protected]>
  David S. Miller <[email protected]>
  David Sterba <[email protected]>
  Davide Caratti <[email protected]>
  Dean Anderson <[email protected]>
  Dick Kennedy <[email protected]>
  Dinghao Liu <[email protected]>
  Dinh Nguyen <[email protected]>
  Dmitry Torokhov <[email protected]>
  Dmitry Vyukov <[email protected]>
  Dmytro Laktyushkin <[email protected]>
  Don Brace <[email protected]>
  dongjian <[email protected]>
  DooHyun Hwang <[email protected]>
  Eckhart Mohr <[email protected]>
  Eelco Chaudron <[email protected]>
  Eric Biggers <[email protected]>
  Eryk Brol <[email protected]>
  Ewan D. Milne <[email protected]>
  Felipe Balbi <[email protected]>
  Fengnan Chang <[email protected]>
  Filipe Manana <[email protected]>
  Florian Fainelli <[email protected]>
  Gao Xiang <[email protected]>
  Gerd Hoffmann <[email protected]>
  Greg Kroah-Hartman <[email protected]>
  Gregory CLEMENT <[email protected]>
  Guchun Chen <[email protected]>
  Guenter Roeck <[email protected]>
  Guochun Mao <[email protected]>
  Hanjun Guo <[email protected]>
  Hans de Goede <[email protected]>
  Hans Verkuil <[email protected]>
  Hansem Ro <[email protected]>
  Harald Freudenberger <[email protected]>
  He Ying <[email protected]>
  Heiko Carstens <[email protected]>
  Heinz Mauelshagen <[email protected]>
  Hemant Kumar <[email protected]>
  Herbert Xu <[email protected]>
  Hillf Danton <[email protected]>
  Hui Tang <[email protected]>
  Ido Schimmel <[email protected]>
  Jaegeuk Kim <[email protected]>
  Jakub Kicinski <[email protected]>
  James Morris <[email protected]>
  James Smart <[email protected]>
  Jan Kara <[email protected]>
  Jared Baldridge <[email protected]>
  Jarkko Sakkinen <[email protected]>
  Jason Self <[email protected]>
  Jeffrey Mitchell <[email protected]>
  Jens Axboe <[email protected]>
  Jens Wiklander <[email protected]>
  Jerome Forissier <[email protected]>
  Jessica Yu <[email protected]>
  Joe Thornber <[email protected]>
  John Millikin <[email protected]>
  Jon Hunter <[email protected]>
  Jonathan Kim <[email protected]>
  Josef Bacik <[email protected]>
  Julian Braha <[email protected]>
  Justin Tee <[email protected]>
  Kai Stuhlemmer (ebee Engineering) <[email protected]>
  Kalle Valo <[email protected]>
  karthik alapati <[email protected]>
  Kevin Barnett <[email protected]>
  Konstantin Kharlamov <[email protected]>
  Laurent Pinchart <[email protected]>
  Lee Jones <[email protected]>
  Lingutla Chandrasekhar <[email protected]>
  Linus Torvalds <[email protected]>
  Linux Kernel Functional Testing <[email protected]>
  lizhe <[email protected]>
  Luis Henriques <[email protected]>
  Luke D Jones <[email protected]>
  Luo Jiaxing <[email protected]>
  Lv Yunlong <[email protected]>
  Lyude Paul <[email protected]>
  Mahesh Salgaonkar <[email protected]>
  Marc Zyngier <[email protected]>
  Marek Behún <[email protected]>
  Marek Vasut <[email protected]>
  Marijn Suijten <[email protected]>
  Mark Brown <[email protected]>
  Mark Langsdorf <[email protected]>
  Mark Rutland <[email protected]>
  Martin K. Petersen <[email protected]>
  Martin Wilck <[email protected]>
  Masahiro Yamada <[email protected]>
  Mathias Nyman <[email protected]>
  Matthias Brugger <[email protected]>
  Matthias Schiffer <[email protected]>
  Mauro Carvalho Chehab <[email protected]>
  Maximilian Luz <[email protected]>
  Melissa Wen <[email protected]>
  Michael Ellerman <[email protected]>
  Mike Snitzer <[email protected]>
  Miklos Szeredi <[email protected]>
  Minas Harutyunyan <[email protected]>
  Ming-Hung Tsai <[email protected]>
  Miquel Raynal <[email protected]>
  Muhammad Usama Anjum <[email protected]>
  Murthy Bhat <[email protected]>
  Nathan Chancellor <[email protected]>
  Nick Desaulniers <[email protected]>
  Nilesh Javali <[email protected]>
  Paul Aurich <[email protected]>
  Paul Clements <[email protected]>
  Pavel Machek <[email protected]>
  Pavel Machek <[email protected]>
  Pavel Skripkin <[email protected]>
  Pawel Laszczak <[email protected]>
  Peilin Ye <[email protected]>
  Peter Zijlstra (Intel) <[email protected]>
  Phil Calvin <[email protected]>
  Phillip Potter <[email protected]>
  Pradeep P V K <[email protected]>
  Qu Huang <[email protected]>
  Quinn Tran <[email protected]>
  Rafael J. Wysocki <[email protected]>
  Ricardo Ribalda <[email protected]>
  Richard Weinberger <[email protected]>
  Rob Clark <[email protected]>
  Robin Murphy <[email protected]>
  Ruslan Bilovol <[email protected]>
  Russell King <[email protected]>
  Sakari Ailus <[email protected]>
  Sami Loone <[email protected]>
  Sasha Levin <[email protected]>
  Saurav Kashyap <[email protected]>
  Sean Christopherson <[email protected]>
  Sean Young <[email protected]>
  Sebastian Reichel <[email protected]>
  Sedat Dilek <[email protected]>
  Seunghui Lee <[email protected]>
  shaoyunl <[email protected]>
  Shixin Liu <[email protected]>
  Shuah Khan <[email protected]>
  Solomon Chiu <[email protected]>
  Song Liu <[email protected]>
  Sreekanth Reddy <[email protected]>
  Stefan Berger <[email protected]>
  Stephen Boyd <[email protected]>
  Steve French <[email protected]>
  Steven Rostedt (VMware) <[email protected]>
  Sudip Mukherjee <[email protected]>
  Takashi Iwai <[email protected]>
  Theodore Ts'o <[email protected]>
  Thinh Nguyen <[email protected]>
  Thomas Gleixner <[email protected]>
  Thomas Zimmermann <[email protected]>
  Tian Tao <[email protected]>
  Timo Gurr <[email protected]>
  Todd Brandt <[email protected]>
  Tony Ambardar <[email protected]>
  Tony Lindgren <[email protected]>
  Trond Myklebust <[email protected]>
  Tudor Ambarus <[email protected]>
  Tyler Hicks <[email protected]>
  Ulf Hansson <[email protected]>
  Valentin Schneider <[email protected]>
  Vasily Gorbik <[email protected]>
  Vinod Koul <[email protected]>
  Vitaly Kuznetsov <[email protected]>
  Vivek Goyal <[email protected]>
  Wang Li <[email protected]>
  Wei Yongjun <[email protected]>
  Werner Sembach <[email protected]>
  Wesley Cheng <[email protected]>
  Will Deacon <[email protected]>
  Xingui Yang <[email protected]>
  Yang Yang <[email protected]>
  Yang Yingliang <[email protected]>
  Zhang Yi <[email protected]>

jobs:
 build-amd64-xsm                                              pass    
 build-arm64-xsm                                              pass    
 build-i386-xsm                                               pass    
 build-amd64                                                  pass    
 build-arm64                                                  pass    
 build-armhf                                                  pass    
 build-i386                                                   pass    
 build-amd64-libvirt                                          pass    
 build-arm64-libvirt                                          pass    
 build-armhf-libvirt                                          pass    
 build-i386-libvirt                                           pass    
 build-amd64-pvops                                            pass    
 build-arm64-pvops                                            pass    
 build-armhf-pvops                                            pass    
 build-i386-pvops                                             pass    
 test-amd64-amd64-xl                                          pass    
 test-amd64-coresched-amd64-xl                                pass    
 test-arm64-arm64-xl                                          pass    
 test-armhf-armhf-xl                                          pass    
 test-amd64-i386-xl                                           pass    
 test-amd64-coresched-i386-xl                                 pass    
 test-amd64-amd64-libvirt-qemuu-debianhvm-amd64-xsm           pass    
 test-amd64-i386-libvirt-qemuu-debianhvm-amd64-xsm            pass    
 test-amd64-amd64-xl-qemut-stubdom-debianhvm-amd64-xsm        pass    
 test-amd64-i386-xl-qemut-stubdom-debianhvm-amd64-xsm         pass    
 test-amd64-amd64-xl-qemut-debianhvm-i386-xsm                 pass    
 test-amd64-i386-xl-qemut-debianhvm-i386-xsm                  pass    
 test-amd64-amd64-xl-qemuu-debianhvm-i386-xsm                 pass    
 test-amd64-i386-xl-qemuu-debianhvm-i386-xsm                  fail    
 test-amd64-amd64-libvirt-xsm                                 pass    
 test-arm64-arm64-libvirt-xsm                                 pass    
 test-amd64-i386-libvirt-xsm                                  pass    
 test-amd64-amd64-xl-xsm                                      pass    
 test-arm64-arm64-xl-xsm                                      pass    
 test-amd64-i386-xl-xsm                                       pass    
 test-amd64-amd64-qemuu-nested-amd                            fail    
 test-amd64-amd64-xl-pvhv2-amd                                pass    
 test-amd64-i386-qemut-rhel6hvm-amd                           pass    
 test-amd64-i386-qemuu-rhel6hvm-amd                           pass    
 test-amd64-amd64-dom0pvh-xl-amd                              pass    
 test-amd64-amd64-xl-qemut-debianhvm-amd64                    pass    
 test-amd64-i386-xl-qemut-debianhvm-amd64                     pass    
 test-amd64-amd64-xl-qemuu-debianhvm-amd64                    pass    
 test-amd64-i386-xl-qemuu-debianhvm-amd64                     pass    
 test-amd64-i386-freebsd10-amd64                              pass    
 test-amd64-amd64-qemuu-freebsd11-amd64                       pass    
 test-amd64-amd64-qemuu-freebsd12-amd64                       pass    
 test-amd64-amd64-xl-qemuu-ovmf-amd64                         pass    
 test-amd64-i386-xl-qemuu-ovmf-amd64                          pass    
 test-amd64-amd64-xl-qemut-win7-amd64                         fail    
 test-amd64-i386-xl-qemut-win7-amd64                          fail    
 test-amd64-amd64-xl-qemuu-win7-amd64                         fail    
 test-amd64-i386-xl-qemuu-win7-amd64                          fail    
 test-amd64-amd64-xl-qemut-ws16-amd64                         fail    
 test-amd64-i386-xl-qemut-ws16-amd64                          fail    
 test-amd64-amd64-xl-qemuu-ws16-amd64                         fail    
 test-amd64-i386-xl-qemuu-ws16-amd64                          fail    
 test-armhf-armhf-xl-arndale                                  pass    
 test-amd64-amd64-xl-credit1                                  pass    
 test-arm64-arm64-xl-credit1                                  pass    
 test-armhf-armhf-xl-credit1                                  pass    
 test-amd64-amd64-xl-credit2                                  pass    
 test-arm64-arm64-xl-credit2                                  pass    
 test-armhf-armhf-xl-credit2                                  pass    
 test-armhf-armhf-xl-cubietruck                               pass    
 test-amd64-amd64-xl-qemuu-dmrestrict-amd64-dmrestrict        pass    
 test-amd64-i386-xl-qemuu-dmrestrict-amd64-dmrestrict         pass    
 test-amd64-amd64-examine                                     pass    
 test-arm64-arm64-examine                                     pass    
 test-armhf-armhf-examine                                     pass    
 test-amd64-i386-examine                                      pass    
 test-amd64-i386-freebsd10-i386                               pass    
 test-amd64-amd64-qemuu-nested-intel                          pass    
 test-amd64-amd64-xl-pvhv2-intel                              pass    
 test-amd64-i386-qemut-rhel6hvm-intel                         pass    
 test-amd64-i386-qemuu-rhel6hvm-intel                         pass    
 test-amd64-amd64-dom0pvh-xl-intel                            pass    
 test-amd64-amd64-libvirt                                     pass    
 test-armhf-armhf-libvirt                                     pass    
 test-amd64-i386-libvirt                                      pass    
 test-amd64-amd64-xl-multivcpu                                pass    
 test-armhf-armhf-xl-multivcpu                                pass    
 test-amd64-amd64-pair                                        pass    
 test-amd64-i386-pair                                         pass    
 test-amd64-amd64-libvirt-pair                                pass    
 test-amd64-i386-libvirt-pair                                 pass    
 test-amd64-amd64-amd64-pvgrub                                pass    
 test-amd64-amd64-i386-pvgrub                                 pass    
 test-amd64-amd64-xl-pvshim                                   pass    
 test-amd64-i386-xl-pvshim                                    fail    
 test-amd64-amd64-pygrub                                      pass    
 test-amd64-amd64-xl-qcow2                                    pass    
 test-armhf-armhf-libvirt-raw                                 pass    
 test-amd64-i386-xl-raw                                       pass    
 test-amd64-amd64-xl-rtds                                     pass    
 test-armhf-armhf-xl-rtds                                     pass    
 test-arm64-arm64-xl-seattle                                  pass    
 test-amd64-amd64-xl-qemuu-debianhvm-amd64-shadow             pass    
 test-amd64-i386-xl-qemuu-debianhvm-amd64-shadow              pass    
 test-amd64-amd64-xl-shadow                                   pass    
 test-amd64-i386-xl-shadow                                    pass    
 test-arm64-arm64-xl-thunderx                                 pass    
 test-amd64-amd64-libvirt-vhd                                 pass    
 test-armhf-armhf-xl-vhd                                      pass    


------------------------------------------------------------
sg-report-flight on osstest.test-lab.xenproject.org
logs: /home/logs/logs
images: /home/logs/images

Logs, config files, etc. are available at
    http://logs.test-lab.xenproject.org/osstest/logs

Explanation of these reports, and of osstest in general, is at
    http://xenbits.xen.org/gitweb/?p=osstest.git;a=blob;f=README.email;hb=master
    http://xenbits.xen.org/gitweb/?p=osstest.git;a=blob;f=README;hb=master

Test harness code can be found at
    http://xenbits.xen.org/gitweb?p=osstest.git;a=summary

broken-job build-arm64 broken
broken-job build-arm64-xsm broken
broken-job build-arm64-pvops broken

Not pushing.

(No revision log; it would be 5433 lines long.)

Reply via email to