flight 160939 linux-5.4 real [real]
http://logs.test-lab.xenproject.org/osstest/logs/160939/

Failures :-/ but no regressions.

Regressions which are regarded as allowable (not blocking):
 test-armhf-armhf-xl-rtds    18 guest-start/debian.repeat fail REGR. vs. 160794

Tests which did not succeed, but are not blocking:
 test-amd64-amd64-xl-qemuu-win7-amd64 19 guest-stop            fail like 160794
 test-amd64-i386-xl-qemut-win7-amd64 19 guest-stop             fail like 160794
 test-amd64-amd64-xl-qemut-win7-amd64 19 guest-stop            fail like 160794
 test-amd64-amd64-qemuu-nested-amd 20 debian-hvm-install/l1/l2 fail like 160794
 test-armhf-armhf-libvirt-raw 15 saverestore-support-check    fail  like 160794
 test-armhf-armhf-libvirt     16 saverestore-support-check    fail  like 160794
 test-amd64-amd64-xl-qemuu-ws16-amd64 19 guest-stop            fail like 160794
 test-amd64-amd64-xl-qemut-ws16-amd64 19 guest-stop            fail like 160794
 test-amd64-i386-xl-qemuu-win7-amd64 19 guest-stop             fail like 160794
 test-amd64-i386-xl-qemut-ws16-amd64 19 guest-stop             fail like 160794
 test-amd64-i386-xl-qemuu-ws16-amd64 19 guest-stop             fail like 160794
 test-amd64-i386-libvirt-xsm  15 migrate-support-check        fail   never pass
 test-amd64-amd64-libvirt-xsm 15 migrate-support-check        fail   never pass
 test-amd64-i386-xl-pvshim    14 guest-start                  fail   never pass
 test-amd64-amd64-libvirt     15 migrate-support-check        fail   never pass
 test-arm64-arm64-xl          15 migrate-support-check        fail   never pass
 test-arm64-arm64-xl          16 saverestore-support-check    fail   never pass
 test-arm64-arm64-xl-seattle  15 migrate-support-check        fail   never pass
 test-arm64-arm64-xl-seattle  16 saverestore-support-check    fail   never pass
 test-amd64-i386-libvirt      15 migrate-support-check        fail   never pass
 test-armhf-armhf-xl-multivcpu 15 migrate-support-check        fail  never pass
 test-armhf-armhf-xl-multivcpu 16 saverestore-support-check    fail  never pass
 test-arm64-arm64-xl-credit2  15 migrate-support-check        fail   never pass
 test-arm64-arm64-xl-credit2  16 saverestore-support-check    fail   never pass
 test-arm64-arm64-xl-xsm      15 migrate-support-check        fail   never pass
 test-arm64-arm64-xl-xsm      16 saverestore-support-check    fail   never pass
 test-arm64-arm64-xl-credit1  15 migrate-support-check        fail   never pass
 test-arm64-arm64-xl-credit1  16 saverestore-support-check    fail   never pass
 test-arm64-arm64-xl-thunderx 15 migrate-support-check        fail   never pass
 test-arm64-arm64-xl-thunderx 16 saverestore-support-check    fail   never pass
 test-arm64-arm64-libvirt-xsm 15 migrate-support-check        fail   never pass
 test-arm64-arm64-libvirt-xsm 16 saverestore-support-check    fail   never pass
 test-amd64-amd64-libvirt-qemuu-debianhvm-amd64-xsm 13 migrate-support-check 
fail never pass
 test-armhf-armhf-xl-arndale  15 migrate-support-check        fail   never pass
 test-armhf-armhf-xl-arndale  16 saverestore-support-check    fail   never pass
 test-amd64-i386-libvirt-qemuu-debianhvm-amd64-xsm 13 migrate-support-check 
fail never pass
 test-amd64-amd64-libvirt-vhd 14 migrate-support-check        fail   never pass
 test-armhf-armhf-xl-rtds     15 migrate-support-check        fail   never pass
 test-armhf-armhf-xl-rtds     16 saverestore-support-check    fail   never pass
 test-armhf-armhf-xl          15 migrate-support-check        fail   never pass
 test-armhf-armhf-xl          16 saverestore-support-check    fail   never pass
 test-armhf-armhf-xl-cubietruck 15 migrate-support-check        fail never pass
 test-armhf-armhf-xl-cubietruck 16 saverestore-support-check    fail never pass
 test-armhf-armhf-xl-credit1  15 migrate-support-check        fail   never pass
 test-armhf-armhf-xl-credit2  15 migrate-support-check        fail   never pass
 test-armhf-armhf-xl-credit1  16 saverestore-support-check    fail   never pass
 test-armhf-armhf-xl-credit2  16 saverestore-support-check    fail   never pass
 test-armhf-armhf-libvirt-raw 14 migrate-support-check        fail   never pass
 test-armhf-armhf-libvirt     15 migrate-support-check        fail   never pass
 test-armhf-armhf-xl-vhd      14 migrate-support-check        fail   never pass
 test-armhf-armhf-xl-vhd      15 saverestore-support-check    fail   never pass

version targeted for testing:
 linux                a49e5ea5e0450a3feb1aaae2554dcbc3d20eee38
baseline version:
 linux                59c8e332926875d337f426fde14fec986faab414

Last test of basis   160794  2021-04-07 13:10:38 Z    4 days
Testing same since   160904  2021-04-10 11:40:48 Z    1 days    2 attempts

------------------------------------------------------------
People who touched revisions under test:
  Alban Bedel <[email protected]>
  Alexander Kobel <[email protected]>
  Alexei Starovoitov <[email protected]>
  Andrew Morton <[email protected]>
  Arnd Bergmann <[email protected]>
  Daniel Borkmann <[email protected]>
  David S. Miller <[email protected]>
  Esteve Varela Colominas <[email protected]>
  Florian Fainelli <[email protected]>
  Florian Westphal <[email protected]>
  Greg Kroah-Hartman <[email protected]>
  Guenter Roeck <[email protected]>
  Hans de Goede <[email protected]>
  Heiko Carstens <[email protected]>
  Hulk Robot <[email protected]>
  Ingo Molnar <[email protected]>
  Jason Self <[email protected]>
  Johannes Berg <[email protected]>
  Karthikeyan Kathirvel <[email protected]>
  Konrad Dybcio <[email protected]>
  Linus Torvalds <[email protected]>
  Linux Kernel Functional Testing <[email protected]>
  Ludovic Senecaux <[email protected]>
  Mans Rullgard <[email protected]>
  Martin K. Petersen <[email protected]>
  Martin Wilck <[email protected]>
  Masahiro Yamada <[email protected]>
  Pablo Neira Ayuso <[email protected]>
  Pavel Andrianov <[email protected]>
  Piotr Krysiuk <[email protected]>
  Rob Clark <[email protected]>
  Ronnie Sahlberg <[email protected]>
  Saeed Mahameed <[email protected]>
  Sagi Grimberg <[email protected]>
  Sasha Levin <[email protected]>
  Sergei Trofimovich <[email protected]>
  Shuah Khan <[email protected]>
  Steve French <[email protected]>
  Sudip Mukherjee <[email protected]>
  Tariq Toukan <[email protected]>
  Tong Zhang <[email protected]>
  Tony Lindgren <[email protected]>
  Vincent Whitchurch <[email protected]>
  Yonghong Song <[email protected]>

jobs:
 build-amd64-xsm                                              pass    
 build-arm64-xsm                                              pass    
 build-i386-xsm                                               pass    
 build-amd64                                                  pass    
 build-arm64                                                  pass    
 build-armhf                                                  pass    
 build-i386                                                   pass    
 build-amd64-libvirt                                          pass    
 build-arm64-libvirt                                          pass    
 build-armhf-libvirt                                          pass    
 build-i386-libvirt                                           pass    
 build-amd64-pvops                                            pass    
 build-arm64-pvops                                            pass    
 build-armhf-pvops                                            pass    
 build-i386-pvops                                             pass    
 test-amd64-amd64-xl                                          pass    
 test-amd64-coresched-amd64-xl                                pass    
 test-arm64-arm64-xl                                          pass    
 test-armhf-armhf-xl                                          pass    
 test-amd64-i386-xl                                           pass    
 test-amd64-coresched-i386-xl                                 pass    
 test-amd64-amd64-libvirt-qemuu-debianhvm-amd64-xsm           pass    
 test-amd64-i386-libvirt-qemuu-debianhvm-amd64-xsm            pass    
 test-amd64-amd64-xl-qemut-stubdom-debianhvm-amd64-xsm        pass    
 test-amd64-i386-xl-qemut-stubdom-debianhvm-amd64-xsm         pass    
 test-amd64-amd64-xl-qemut-debianhvm-i386-xsm                 pass    
 test-amd64-i386-xl-qemut-debianhvm-i386-xsm                  pass    
 test-amd64-amd64-xl-qemuu-debianhvm-i386-xsm                 pass    
 test-amd64-i386-xl-qemuu-debianhvm-i386-xsm                  pass    
 test-amd64-amd64-libvirt-xsm                                 pass    
 test-arm64-arm64-libvirt-xsm                                 pass    
 test-amd64-i386-libvirt-xsm                                  pass    
 test-amd64-amd64-xl-xsm                                      pass    
 test-arm64-arm64-xl-xsm                                      pass    
 test-amd64-i386-xl-xsm                                       pass    
 test-amd64-amd64-qemuu-nested-amd                            fail    
 test-amd64-amd64-xl-pvhv2-amd                                pass    
 test-amd64-i386-qemut-rhel6hvm-amd                           pass    
 test-amd64-i386-qemuu-rhel6hvm-amd                           pass    
 test-amd64-amd64-dom0pvh-xl-amd                              pass    
 test-amd64-amd64-xl-qemut-debianhvm-amd64                    pass    
 test-amd64-i386-xl-qemut-debianhvm-amd64                     pass    
 test-amd64-amd64-xl-qemuu-debianhvm-amd64                    pass    
 test-amd64-i386-xl-qemuu-debianhvm-amd64                     pass    
 test-amd64-i386-freebsd10-amd64                              pass    
 test-amd64-amd64-qemuu-freebsd11-amd64                       pass    
 test-amd64-amd64-qemuu-freebsd12-amd64                       pass    
 test-amd64-amd64-xl-qemuu-ovmf-amd64                         pass    
 test-amd64-i386-xl-qemuu-ovmf-amd64                          pass    
 test-amd64-amd64-xl-qemut-win7-amd64                         fail    
 test-amd64-i386-xl-qemut-win7-amd64                          fail    
 test-amd64-amd64-xl-qemuu-win7-amd64                         fail    
 test-amd64-i386-xl-qemuu-win7-amd64                          fail    
 test-amd64-amd64-xl-qemut-ws16-amd64                         fail    
 test-amd64-i386-xl-qemut-ws16-amd64                          fail    
 test-amd64-amd64-xl-qemuu-ws16-amd64                         fail    
 test-amd64-i386-xl-qemuu-ws16-amd64                          fail    
 test-armhf-armhf-xl-arndale                                  pass    
 test-amd64-amd64-xl-credit1                                  pass    
 test-arm64-arm64-xl-credit1                                  pass    
 test-armhf-armhf-xl-credit1                                  pass    
 test-amd64-amd64-xl-credit2                                  pass    
 test-arm64-arm64-xl-credit2                                  pass    
 test-armhf-armhf-xl-credit2                                  pass    
 test-armhf-armhf-xl-cubietruck                               pass    
 test-amd64-amd64-xl-qemuu-dmrestrict-amd64-dmrestrict        pass    
 test-amd64-i386-xl-qemuu-dmrestrict-amd64-dmrestrict         pass    
 test-amd64-amd64-examine                                     pass    
 test-arm64-arm64-examine                                     pass    
 test-armhf-armhf-examine                                     pass    
 test-amd64-i386-examine                                      pass    
 test-amd64-i386-freebsd10-i386                               pass    
 test-amd64-amd64-qemuu-nested-intel                          pass    
 test-amd64-amd64-xl-pvhv2-intel                              pass    
 test-amd64-i386-qemut-rhel6hvm-intel                         pass    
 test-amd64-i386-qemuu-rhel6hvm-intel                         pass    
 test-amd64-amd64-dom0pvh-xl-intel                            pass    
 test-amd64-amd64-libvirt                                     pass    
 test-armhf-armhf-libvirt                                     pass    
 test-amd64-i386-libvirt                                      pass    
 test-amd64-amd64-xl-multivcpu                                pass    
 test-armhf-armhf-xl-multivcpu                                pass    
 test-amd64-amd64-pair                                        pass    
 test-amd64-i386-pair                                         pass    
 test-amd64-amd64-libvirt-pair                                pass    
 test-amd64-i386-libvirt-pair                                 pass    
 test-amd64-amd64-amd64-pvgrub                                pass    
 test-amd64-amd64-i386-pvgrub                                 pass    
 test-amd64-amd64-xl-pvshim                                   pass    
 test-amd64-i386-xl-pvshim                                    fail    
 test-amd64-amd64-pygrub                                      pass    
 test-amd64-amd64-xl-qcow2                                    pass    
 test-armhf-armhf-libvirt-raw                                 pass    
 test-amd64-i386-xl-raw                                       pass    
 test-amd64-amd64-xl-rtds                                     pass    
 test-armhf-armhf-xl-rtds                                     fail    
 test-arm64-arm64-xl-seattle                                  pass    
 test-amd64-amd64-xl-qemuu-debianhvm-amd64-shadow             pass    
 test-amd64-i386-xl-qemuu-debianhvm-amd64-shadow              pass    
 test-amd64-amd64-xl-shadow                                   pass    
 test-amd64-i386-xl-shadow                                    pass    
 test-arm64-arm64-xl-thunderx                                 pass    
 test-amd64-amd64-libvirt-vhd                                 pass    
 test-armhf-armhf-xl-vhd                                      pass    


------------------------------------------------------------
sg-report-flight on osstest.test-lab.xenproject.org
logs: /home/logs/logs
images: /home/logs/images

Logs, config files, etc. are available at
    http://logs.test-lab.xenproject.org/osstest/logs

Explanation of these reports, and of osstest in general, is at
    http://xenbits.xen.org/gitweb/?p=osstest.git;a=blob;f=README.email;hb=master
    http://xenbits.xen.org/gitweb/?p=osstest.git;a=blob;f=README;hb=master

Test harness code can be found at
    http://xenbits.xen.org/gitweb?p=osstest.git;a=summary


Pushing revision :

hint: The 'hooks/update' hook was ignored because it's not set as executable.
hint: You can disable this warning with `git config advice.ignoredHook false`.
hint: The 'hooks/post-receive' hook was ignored because it's not set as 
executable.
hint: You can disable this warning with `git config advice.ignoredHook false`.
hint: The 'hooks/post-update' hook was ignored because it's not set as 
executable.
hint: You can disable this warning with `git config advice.ignoredHook false`.
To xenbits.xen.org:/home/xen/git/linux-pvops.git
   59c8e3329268..a49e5ea5e045  a49e5ea5e0450a3feb1aaae2554dcbc3d20eee38 -> 
tested/linux-5.4

Reply via email to