flight 158790 xen-unstable-smoke real [real]
http://logs.test-lab.xenproject.org/osstest/logs/158790/

Failures :-/ but no regressions.

Tests which did not succeed, but are not blocking:
 test-amd64-amd64-libvirt     15 migrate-support-check        fail   never pass
 test-arm64-arm64-xl-xsm      15 migrate-support-check        fail   never pass
 test-arm64-arm64-xl-xsm      16 saverestore-support-check    fail   never pass
 test-armhf-armhf-xl          15 migrate-support-check        fail   never pass
 test-armhf-armhf-xl          16 saverestore-support-check    fail   never pass

version targeted for testing:
 xen                  b9a76fc4f0825e9161cf579f2f584226ea08afe9
baseline version:
 xen                  7e5cffcd1e9300cab46a1816b5eb676caaeed2c1

Last test of basis   158783  2021-01-29 14:01:30 Z    0 days
Testing same since   158790  2021-01-29 18:00:27 Z    0 days    1 attempts

------------------------------------------------------------
People who touched revisions under test:
  Ian Jackson <[email protected]>
  Jan Beulich <[email protected]>
  Julien Grall <[email protected]>
  Julien Grall <[email protected]>
  Oleksandr Tyshchenko <[email protected]>
  Paul Durrant <[email protected]>
  Rahul Singh <[email protected]>
  Roger Pau MonnĂ© <[email protected]>
  Stefano Stabellini <[email protected]>
  Wei Chen <[email protected]>

jobs:
 build-arm64-xsm                                              pass    
 build-amd64                                                  pass    
 build-armhf                                                  pass    
 build-amd64-libvirt                                          pass    
 test-armhf-armhf-xl                                          pass    
 test-arm64-arm64-xl-xsm                                      pass    
 test-amd64-amd64-xl-qemuu-debianhvm-amd64                    pass    
 test-amd64-amd64-libvirt                                     pass    


------------------------------------------------------------
sg-report-flight on osstest.test-lab.xenproject.org
logs: /home/logs/logs
images: /home/logs/images

Logs, config files, etc. are available at
    http://logs.test-lab.xenproject.org/osstest/logs

Explanation of these reports, and of osstest in general, is at
    http://xenbits.xen.org/gitweb/?p=osstest.git;a=blob;f=README.email;hb=master
    http://xenbits.xen.org/gitweb/?p=osstest.git;a=blob;f=README;hb=master

Test harness code can be found at
    http://xenbits.xen.org/gitweb?p=osstest.git;a=summary


Pushing revision :

To xenbits.xen.org:/home/xen/git/xen.git
   7e5cffcd1e..b9a76fc4f0  b9a76fc4f0825e9161cf579f2f584226ea08afe9 -> smoke

Reply via email to