flight 157719 linux-5.4 real [real] http://logs.test-lab.xenproject.org/osstest/logs/157719/
Regressions :-( Tests which did not succeed and are blocking, including tests which could not be run: test-amd64-i386-xl-qemuu-ovmf-amd64 12 debian-hvm-install fail REGR. vs. 157431 Tests which are failing intermittently (not blocking): test-amd64-i386-libvirt-xsm 20 guest-start/debian.repeat fail in 157638 pass in 157719 test-armhf-armhf-xl-rtds 18 guest-start/debian.repeat fail in 157638 pass in 157719 test-amd64-amd64-xl-qemuu-ovmf-amd64 12 debian-hvm-install fail pass in 157638 Tests which did not succeed, but are not blocking: test-amd64-amd64-xl-qemuu-win7-amd64 19 guest-stop fail like 157431 test-amd64-i386-xl-qemut-win7-amd64 19 guest-stop fail like 157431 test-amd64-amd64-xl-qemut-win7-amd64 19 guest-stop fail like 157431 test-armhf-armhf-libvirt 16 saverestore-support-check fail like 157431 test-amd64-amd64-qemuu-nested-amd 20 debian-hvm-install/l1/l2 fail like 157431 test-amd64-amd64-xl-qemuu-ws16-amd64 19 guest-stop fail like 157431 test-amd64-amd64-xl-qemut-ws16-amd64 19 guest-stop fail like 157431 test-amd64-i386-xl-qemuu-win7-amd64 19 guest-stop fail like 157431 test-amd64-i386-xl-qemut-ws16-amd64 19 guest-stop fail like 157431 test-armhf-armhf-libvirt-raw 15 saverestore-support-check fail like 157431 test-amd64-i386-xl-qemuu-ws16-amd64 19 guest-stop fail like 157431 test-amd64-i386-xl-pvshim 14 guest-start fail never pass test-amd64-i386-libvirt 15 migrate-support-check fail never pass test-arm64-arm64-xl-seattle 15 migrate-support-check fail never pass test-arm64-arm64-xl-seattle 16 saverestore-support-check fail never pass test-amd64-amd64-libvirt-qemuu-debianhvm-amd64-xsm 13 migrate-support-check fail never pass test-amd64-amd64-libvirt 15 migrate-support-check fail never pass test-amd64-amd64-libvirt-xsm 15 migrate-support-check fail never pass test-amd64-i386-libvirt-xsm 15 migrate-support-check fail never pass test-arm64-arm64-xl-xsm 15 migrate-support-check fail never pass test-arm64-arm64-xl-xsm 16 saverestore-support-check fail never pass test-arm64-arm64-xl-credit1 15 migrate-support-check fail never pass test-arm64-arm64-xl-credit1 16 saverestore-support-check fail never pass test-arm64-arm64-libvirt-xsm 15 migrate-support-check fail never pass test-arm64-arm64-libvirt-xsm 16 saverestore-support-check fail never pass test-arm64-arm64-xl 15 migrate-support-check fail never pass test-arm64-arm64-xl 16 saverestore-support-check fail never pass test-arm64-arm64-xl-thunderx 15 migrate-support-check fail never pass test-arm64-arm64-xl-thunderx 16 saverestore-support-check fail never pass test-arm64-arm64-xl-credit2 15 migrate-support-check fail never pass test-arm64-arm64-xl-credit2 16 saverestore-support-check fail never pass test-armhf-armhf-xl-arndale 15 migrate-support-check fail never pass test-armhf-armhf-xl-arndale 16 saverestore-support-check fail never pass test-amd64-i386-libvirt-qemuu-debianhvm-amd64-xsm 13 migrate-support-check fail never pass test-amd64-amd64-libvirt-vhd 14 migrate-support-check fail never pass test-armhf-armhf-xl 15 migrate-support-check fail never pass test-armhf-armhf-xl 16 saverestore-support-check fail never pass test-armhf-armhf-xl-credit2 15 migrate-support-check fail never pass test-armhf-armhf-xl-credit2 16 saverestore-support-check fail never pass test-armhf-armhf-xl-multivcpu 15 migrate-support-check fail never pass test-armhf-armhf-xl-multivcpu 16 saverestore-support-check fail never pass test-armhf-armhf-xl-credit1 15 migrate-support-check fail never pass test-armhf-armhf-libvirt 15 migrate-support-check fail never pass test-armhf-armhf-xl-credit1 16 saverestore-support-check fail never pass test-armhf-armhf-xl-cubietruck 15 migrate-support-check fail never pass test-armhf-armhf-xl-cubietruck 16 saverestore-support-check fail never pass test-armhf-armhf-xl-rtds 15 migrate-support-check fail never pass test-armhf-armhf-xl-rtds 16 saverestore-support-check fail never pass test-armhf-armhf-libvirt-raw 14 migrate-support-check fail never pass test-armhf-armhf-xl-vhd 14 migrate-support-check fail never pass test-armhf-armhf-xl-vhd 15 saverestore-support-check fail never pass version targeted for testing: linux 8a866bdbbac227a99b0b37e03679908642f58aec baseline version: linux 2bff021f53b211386abad8cd661e6bb38d0fd524 Last test of basis 157431 2020-12-11 12:40:36 Z 8 days Testing same since 157603 2020-12-16 10:11:52 Z 3 days 4 attempts ------------------------------------------------------------ People who touched revisions under test: Andrew Morton <[email protected]> Andy Lutomirski <[email protected]> Arnd Bergmann <[email protected]> Arvind Sankar <[email protected]> Bean Huo <[email protected]> Borislav Petkov <[email protected]> Can Guo <[email protected]> Chris Chiu <[email protected]> Coiby Xu <[email protected]> Dan Carpenter <[email protected]> Dmitry Torokhov <[email protected]> Fangrui Song <[email protected]> Florian Fainelli <[email protected]> Georgi Djakov <[email protected]> Greg Kroah-Hartman <[email protected]> Hans de Goede <[email protected]> Hao Si <[email protected]> Heiko Stuebner <[email protected]> Jakub Kicinski <[email protected]> Johannes Berg <[email protected]> Jon Hunter <[email protected]> Kalle Valo <[email protected]> Li Yang <[email protected]> Libo Chen <[email protected]> Lijun Pan <[email protected]> Lin Chen <[email protected]> Linus Torvalds <[email protected]> Linus Walleij <[email protected]> Linux Kernel Functional Testing <[email protected]> Luca Coelho <[email protected]> Manasi Navare <[email protected]> Marc Kleine-Budde <[email protected]> Marc Zyngier <[email protected]> Mark Brown <[email protected]> Markus Reichl <[email protected]> Martin K. Petersen <[email protected]> Masahiro Yamada <[email protected]> Max Verevkin <[email protected]> Michael Ellerman <[email protected]> Miles Chen <[email protected]> Minchan Kim <[email protected]> Mordechay Goodstein <[email protected]> Nathan Chancellor <[email protected]> Nick Desaulniers <[email protected]> Pankaj Sharma <[email protected]> Ran Wang <[email protected]> Randy Dunlap <[email protected]> Rodrigo Vivi <[email protected]> Sara Sharon <[email protected]> Sasha Levin <[email protected]> Scott Wood <[email protected]> Shuah Khan <[email protected]> Shung-Hsi Yu <[email protected]> Steven Rostedt (VMware) <[email protected]> Thierry Reding <[email protected]> Thomas Gleixner <[email protected]> Timo Witte <[email protected]> Tom Lendacky <[email protected]> Ulf Hansson <[email protected]> Vineet Gupta <[email protected]> Xu Qiang <[email protected]> Yi Wang <[email protected]> Zhan Liu <[email protected]> Zhen Lei <[email protected]> jobs: build-amd64-xsm pass build-arm64-xsm pass build-i386-xsm pass build-amd64 pass build-arm64 pass build-armhf pass build-i386 pass build-amd64-libvirt pass build-arm64-libvirt pass build-armhf-libvirt pass build-i386-libvirt pass build-amd64-pvops pass build-arm64-pvops pass build-armhf-pvops pass build-i386-pvops pass test-amd64-amd64-xl pass test-amd64-coresched-amd64-xl pass test-arm64-arm64-xl pass test-armhf-armhf-xl pass test-amd64-i386-xl pass test-amd64-coresched-i386-xl pass test-amd64-amd64-libvirt-qemuu-debianhvm-amd64-xsm pass test-amd64-i386-libvirt-qemuu-debianhvm-amd64-xsm pass test-amd64-amd64-xl-qemut-stubdom-debianhvm-amd64-xsm pass test-amd64-i386-xl-qemut-stubdom-debianhvm-amd64-xsm pass test-amd64-amd64-xl-qemut-debianhvm-i386-xsm pass test-amd64-i386-xl-qemut-debianhvm-i386-xsm pass test-amd64-amd64-xl-qemuu-debianhvm-i386-xsm pass test-amd64-i386-xl-qemuu-debianhvm-i386-xsm pass test-amd64-amd64-libvirt-xsm pass test-arm64-arm64-libvirt-xsm pass test-amd64-i386-libvirt-xsm pass test-amd64-amd64-xl-xsm pass test-arm64-arm64-xl-xsm pass test-amd64-i386-xl-xsm pass test-amd64-amd64-qemuu-nested-amd fail test-amd64-amd64-xl-pvhv2-amd pass test-amd64-i386-qemut-rhel6hvm-amd pass test-amd64-i386-qemuu-rhel6hvm-amd pass test-amd64-amd64-dom0pvh-xl-amd pass test-amd64-amd64-xl-qemut-debianhvm-amd64 pass test-amd64-i386-xl-qemut-debianhvm-amd64 pass test-amd64-amd64-xl-qemuu-debianhvm-amd64 pass test-amd64-i386-xl-qemuu-debianhvm-amd64 pass test-amd64-i386-freebsd10-amd64 pass test-amd64-amd64-qemuu-freebsd11-amd64 pass test-amd64-amd64-qemuu-freebsd12-amd64 pass test-amd64-amd64-xl-qemuu-ovmf-amd64 fail test-amd64-i386-xl-qemuu-ovmf-amd64 fail test-amd64-amd64-xl-qemut-win7-amd64 fail test-amd64-i386-xl-qemut-win7-amd64 fail test-amd64-amd64-xl-qemuu-win7-amd64 fail test-amd64-i386-xl-qemuu-win7-amd64 fail test-amd64-amd64-xl-qemut-ws16-amd64 fail test-amd64-i386-xl-qemut-ws16-amd64 fail test-amd64-amd64-xl-qemuu-ws16-amd64 fail test-amd64-i386-xl-qemuu-ws16-amd64 fail test-armhf-armhf-xl-arndale pass test-amd64-amd64-xl-credit1 pass test-arm64-arm64-xl-credit1 pass test-armhf-armhf-xl-credit1 pass test-amd64-amd64-xl-credit2 pass test-arm64-arm64-xl-credit2 pass test-armhf-armhf-xl-credit2 pass test-armhf-armhf-xl-cubietruck pass test-amd64-amd64-xl-qemuu-dmrestrict-amd64-dmrestrict pass test-amd64-i386-xl-qemuu-dmrestrict-amd64-dmrestrict pass test-amd64-amd64-examine pass test-arm64-arm64-examine pass test-armhf-armhf-examine pass test-amd64-i386-examine pass test-amd64-i386-freebsd10-i386 pass test-amd64-amd64-qemuu-nested-intel pass test-amd64-amd64-xl-pvhv2-intel pass test-amd64-i386-qemut-rhel6hvm-intel pass test-amd64-i386-qemuu-rhel6hvm-intel pass test-amd64-amd64-dom0pvh-xl-intel pass test-amd64-amd64-libvirt pass test-armhf-armhf-libvirt pass test-amd64-i386-libvirt pass test-amd64-amd64-xl-multivcpu pass test-armhf-armhf-xl-multivcpu pass test-amd64-amd64-pair pass test-amd64-i386-pair pass test-amd64-amd64-libvirt-pair pass test-amd64-i386-libvirt-pair pass test-amd64-amd64-amd64-pvgrub pass test-amd64-amd64-i386-pvgrub pass test-amd64-amd64-xl-pvshim pass test-amd64-i386-xl-pvshim fail test-amd64-amd64-pygrub pass test-amd64-amd64-xl-qcow2 pass test-armhf-armhf-libvirt-raw pass test-amd64-i386-xl-raw pass test-amd64-amd64-xl-rtds pass test-armhf-armhf-xl-rtds pass test-arm64-arm64-xl-seattle pass test-amd64-amd64-xl-qemuu-debianhvm-amd64-shadow pass test-amd64-i386-xl-qemuu-debianhvm-amd64-shadow pass test-amd64-amd64-xl-shadow pass test-amd64-i386-xl-shadow pass test-arm64-arm64-xl-thunderx pass test-amd64-amd64-libvirt-vhd pass test-armhf-armhf-xl-vhd pass ------------------------------------------------------------ sg-report-flight on osstest.test-lab.xenproject.org logs: /home/logs/logs images: /home/logs/images Logs, config files, etc. are available at http://logs.test-lab.xenproject.org/osstest/logs Explanation of these reports, and of osstest in general, is at http://xenbits.xen.org/gitweb/?p=osstest.git;a=blob;f=README.email;hb=master http://xenbits.xen.org/gitweb/?p=osstest.git;a=blob;f=README;hb=master Test harness code can be found at http://xenbits.xen.org/gitweb?p=osstest.git;a=summary Not pushing. (No revision log; it would be 1160 lines long.)
