flight 157549 ovmf real [real] http://logs.test-lab.xenproject.org/osstest/logs/157549/
Regressions :-( Tests which did not succeed and are blocking, including tests which could not be run: test-amd64-i386-xl-qemuu-ovmf-amd64 12 debian-hvm-install fail REGR. vs. 157345 test-amd64-amd64-xl-qemuu-ovmf-amd64 12 debian-hvm-install fail REGR. vs. 157345 version targeted for testing: ovmf 532f907b753ef99b47371629187d5f53ea3c83e2 baseline version: ovmf f95e80d832e923046c92cd6f0b8208cec147138e Last test of basis 157345 2020-12-09 12:40:46 Z 6 days Failing since 157348 2020-12-09 15:39:39 Z 5 days 48 attempts Testing same since 157549 2020-12-15 08:40:42 Z 0 days 1 attempts ------------------------------------------------------------ People who touched revisions under test: Abner Chang <[email protected]> Ard Biesheuvel <[email protected]> Baraneedharan Anbazhagan <[email protected]> Baraneedharan Anbazhagan <[email protected]> Bret Barkelew <[email protected]> Chen, Christine <[email protected]> Fan Wang <[email protected]> James Bottomley <[email protected]> Jiaxin Wu <[email protected]> Marc Moisson-Franckhauser <[email protected]> Michael D Kinney <[email protected]> Michael Kubacki <[email protected]> Pierre Gondois <[email protected]> Ray Ni <[email protected]> Rebecca Cran <[email protected]> Sami Mujawar <[email protected]> Sean Brogan <[email protected]> Siyuan Fu <[email protected]> Star Zeng <[email protected]> Ting Ye <[email protected]> Yuwei Chen <[email protected]> jobs: build-amd64-xsm pass build-i386-xsm pass build-amd64 pass build-i386 pass build-amd64-libvirt pass build-i386-libvirt pass build-amd64-pvops pass build-i386-pvops pass test-amd64-amd64-xl-qemuu-ovmf-amd64 fail test-amd64-i386-xl-qemuu-ovmf-amd64 fail ------------------------------------------------------------ sg-report-flight on osstest.test-lab.xenproject.org logs: /home/logs/logs images: /home/logs/images Logs, config files, etc. are available at http://logs.test-lab.xenproject.org/osstest/logs Explanation of these reports, and of osstest in general, is at http://xenbits.xen.org/gitweb/?p=osstest.git;a=blob;f=README.email;hb=master http://xenbits.xen.org/gitweb/?p=osstest.git;a=blob;f=README;hb=master Test harness code can be found at http://xenbits.xen.org/gitweb?p=osstest.git;a=summary Not pushing. (No revision log; it would be 641 lines long.)
