flight 157303 linux-5.4 real [real]
http://logs.test-lab.xenproject.org/osstest/logs/157303/

Failures :-/ but no regressions.

Regressions which are regarded as allowable (not blocking):
 test-armhf-armhf-xl-rtds    18 guest-start/debian.repeat fail REGR. vs. 157153

Tests which did not succeed, but are not blocking:
 test-amd64-amd64-xl-qemuu-win7-amd64 19 guest-stop            fail like 157153
 test-amd64-i386-xl-qemut-win7-amd64 19 guest-stop             fail like 157153
 test-amd64-amd64-xl-qemut-win7-amd64 19 guest-stop            fail like 157153
 test-armhf-armhf-libvirt     16 saverestore-support-check    fail  like 157153
 test-amd64-amd64-qemuu-nested-amd 20 debian-hvm-install/l1/l2 fail like 157153
 test-amd64-amd64-xl-qemuu-ws16-amd64 19 guest-stop            fail like 157153
 test-amd64-amd64-xl-qemut-ws16-amd64 19 guest-stop            fail like 157153
 test-amd64-i386-xl-qemuu-win7-amd64 19 guest-stop             fail like 157153
 test-amd64-i386-xl-qemut-ws16-amd64 19 guest-stop             fail like 157153
 test-armhf-armhf-libvirt-raw 15 saverestore-support-check    fail  like 157153
 test-amd64-i386-xl-qemuu-ws16-amd64 19 guest-stop             fail like 157153
 test-arm64-arm64-xl          15 migrate-support-check        fail   never pass
 test-arm64-arm64-xl          16 saverestore-support-check    fail   never pass
 test-amd64-i386-libvirt-xsm  15 migrate-support-check        fail   never pass
 test-amd64-amd64-libvirt-qemuu-debianhvm-amd64-xsm 13 migrate-support-check 
fail never pass
 test-amd64-i386-xl-pvshim    14 guest-start                  fail   never pass
 test-amd64-amd64-libvirt     15 migrate-support-check        fail   never pass
 test-arm64-arm64-xl-credit2  15 migrate-support-check        fail   never pass
 test-arm64-arm64-xl-credit2  16 saverestore-support-check    fail   never pass
 test-arm64-arm64-xl-seattle  15 migrate-support-check        fail   never pass
 test-arm64-arm64-xl-seattle  16 saverestore-support-check    fail   never pass
 test-amd64-amd64-libvirt-xsm 15 migrate-support-check        fail   never pass
 test-amd64-i386-libvirt      15 migrate-support-check        fail   never pass
 test-arm64-arm64-libvirt-xsm 15 migrate-support-check        fail   never pass
 test-arm64-arm64-libvirt-xsm 16 saverestore-support-check    fail   never pass
 test-arm64-arm64-xl-thunderx 15 migrate-support-check        fail   never pass
 test-arm64-arm64-xl-thunderx 16 saverestore-support-check    fail   never pass
 test-arm64-arm64-xl-xsm      15 migrate-support-check        fail   never pass
 test-arm64-arm64-xl-xsm      16 saverestore-support-check    fail   never pass
 test-arm64-arm64-xl-credit1  15 migrate-support-check        fail   never pass
 test-arm64-arm64-xl-credit1  16 saverestore-support-check    fail   never pass
 test-armhf-armhf-xl-arndale  15 migrate-support-check        fail   never pass
 test-armhf-armhf-xl-arndale  16 saverestore-support-check    fail   never pass
 test-armhf-armhf-xl-credit1  15 migrate-support-check        fail   never pass
 test-armhf-armhf-xl-credit1  16 saverestore-support-check    fail   never pass
 test-amd64-i386-libvirt-qemuu-debianhvm-amd64-xsm 13 migrate-support-check 
fail never pass
 test-amd64-amd64-libvirt-vhd 14 migrate-support-check        fail   never pass
 test-armhf-armhf-xl-credit2  15 migrate-support-check        fail   never pass
 test-armhf-armhf-xl-credit2  16 saverestore-support-check    fail   never pass
 test-armhf-armhf-xl-cubietruck 15 migrate-support-check        fail never pass
 test-armhf-armhf-xl-cubietruck 16 saverestore-support-check    fail never pass
 test-armhf-armhf-xl-multivcpu 15 migrate-support-check        fail  never pass
 test-armhf-armhf-xl-multivcpu 16 saverestore-support-check    fail  never pass
 test-armhf-armhf-xl-rtds     15 migrate-support-check        fail   never pass
 test-armhf-armhf-xl-rtds     16 saverestore-support-check    fail   never pass
 test-armhf-armhf-xl          15 migrate-support-check        fail   never pass
 test-armhf-armhf-xl          16 saverestore-support-check    fail   never pass
 test-armhf-armhf-libvirt     15 migrate-support-check        fail   never pass
 test-armhf-armhf-libvirt-raw 14 migrate-support-check        fail   never pass
 test-armhf-armhf-xl-vhd      14 migrate-support-check        fail   never pass
 test-armhf-armhf-xl-vhd      15 saverestore-support-check    fail   never pass

version targeted for testing:
 linux                ec274ecd62f9e0404c935ff073346d243d5082e6
baseline version:
 linux                42af416d71462a72b02ba6ac632c8dcb9ce729a0

Last test of basis   157153  2020-12-02 08:12:37 Z    6 days
Testing same since   157303  2020-12-08 10:10:11 Z    0 days    1 attempts

------------------------------------------------------------
People who touched revisions under test:
  Alexander Duyck <[email protected]>
  Anmol Karn <[email protected]>
  Antoine Tenart <[email protected]>
  Bruno Meneguele <[email protected]>  (TPM 1.2, TPM 2.0)
  Dan Carpenter <[email protected]>
  David S. Miller <[email protected]>
  Davide Caratti <[email protected]>
  Dmitry Torokhov <[email protected]>
  Eran Ben Elisha <[email protected]>
  Eric Dumazet <[email protected]>
  Greg Kroah-Hartman <[email protected]>
  Guenter Roeck <[email protected]>
  Guillaume Nault <[email protected]>
  Hector Martin <[email protected]>
  Jakub Kicinski <[email protected]>
  Jamie Iles <[email protected]>
  Jason Gunthorpe <[email protected]>
  Jens Axboe <[email protected]>
  Jon Hunter <[email protected]>
  Julian Wiedmann <[email protected]>
  Krzysztof Kozlowski <[email protected]>
  Linus Torvalds <[email protected]>
  Linux Kernel Functional Testing <[email protected]>
  Marc Kleine-Budde <[email protected]> # for tcan4x5x.txt
  Martin Schiller <[email protected]>
  Matti Vuorela <[email protected]>
  Maurizio Drocco <[email protected]>
  Maxim Mikityanskiy <[email protected]>
  Mimi Zohar <[email protected]>
  Parav Pandit <[email protected]>
  Pete Heist <[email protected]>
  Peter Zijlstra (Intel) <[email protected]>
  Po-Hsu Lin <[email protected]>
  Raju Rangoju <[email protected]>
  Randy Dunlap <[email protected]>
  Rob Herring <[email protected]>
  Saeed Mahameed <[email protected]>
  Sanjay Govind <[email protected]>
  Sasha Levin <[email protected]>
  Shiraz Saleem <[email protected]>
  Soheil Hassas Yeganeh <[email protected]>
  Steven Rostedt (VMware) <[email protected]>
  [email protected]
  Takashi Iwai <[email protected]>
  Thomas Falcon <[email protected]>
  Toke Høiland-Jørgensen <[email protected]>
  Udai Sharma <[email protected]>
  Vadim Fedorenko <[email protected]>
  Vasily Averin <[email protected]>
  Vinay Kumar Yadav <[email protected]>
  Vincent Guittot <[email protected]>
  Wang Hai <[email protected]>
  Willem de Bruijn <[email protected]>
  Yevgeny Kliteynik <[email protected]>
  Yves-Alexis Perez <[email protected]>
  Zhang Changzhong <[email protected]>

jobs:
 build-amd64-xsm                                              pass    
 build-arm64-xsm                                              pass    
 build-i386-xsm                                               pass    
 build-amd64                                                  pass    
 build-arm64                                                  pass    
 build-armhf                                                  pass    
 build-i386                                                   pass    
 build-amd64-libvirt                                          pass    
 build-arm64-libvirt                                          pass    
 build-armhf-libvirt                                          pass    
 build-i386-libvirt                                           pass    
 build-amd64-pvops                                            pass    
 build-arm64-pvops                                            pass    
 build-armhf-pvops                                            pass    
 build-i386-pvops                                             pass    
 test-amd64-amd64-xl                                          pass    
 test-amd64-coresched-amd64-xl                                pass    
 test-arm64-arm64-xl                                          pass    
 test-armhf-armhf-xl                                          pass    
 test-amd64-i386-xl                                           pass    
 test-amd64-coresched-i386-xl                                 pass    
 test-amd64-amd64-libvirt-qemuu-debianhvm-amd64-xsm           pass    
 test-amd64-i386-libvirt-qemuu-debianhvm-amd64-xsm            pass    
 test-amd64-amd64-xl-qemut-stubdom-debianhvm-amd64-xsm        pass    
 test-amd64-i386-xl-qemut-stubdom-debianhvm-amd64-xsm         pass    
 test-amd64-amd64-xl-qemut-debianhvm-i386-xsm                 pass    
 test-amd64-i386-xl-qemut-debianhvm-i386-xsm                  pass    
 test-amd64-amd64-xl-qemuu-debianhvm-i386-xsm                 pass    
 test-amd64-i386-xl-qemuu-debianhvm-i386-xsm                  pass    
 test-amd64-amd64-libvirt-xsm                                 pass    
 test-arm64-arm64-libvirt-xsm                                 pass    
 test-amd64-i386-libvirt-xsm                                  pass    
 test-amd64-amd64-xl-xsm                                      pass    
 test-arm64-arm64-xl-xsm                                      pass    
 test-amd64-i386-xl-xsm                                       pass    
 test-amd64-amd64-qemuu-nested-amd                            fail    
 test-amd64-amd64-xl-pvhv2-amd                                pass    
 test-amd64-i386-qemut-rhel6hvm-amd                           pass    
 test-amd64-i386-qemuu-rhel6hvm-amd                           pass    
 test-amd64-amd64-dom0pvh-xl-amd                              pass    
 test-amd64-amd64-xl-qemut-debianhvm-amd64                    pass    
 test-amd64-i386-xl-qemut-debianhvm-amd64                     pass    
 test-amd64-amd64-xl-qemuu-debianhvm-amd64                    pass    
 test-amd64-i386-xl-qemuu-debianhvm-amd64                     pass    
 test-amd64-i386-freebsd10-amd64                              pass    
 test-amd64-amd64-qemuu-freebsd11-amd64                       pass    
 test-amd64-amd64-qemuu-freebsd12-amd64                       pass    
 test-amd64-amd64-xl-qemuu-ovmf-amd64                         pass    
 test-amd64-i386-xl-qemuu-ovmf-amd64                          pass    
 test-amd64-amd64-xl-qemut-win7-amd64                         fail    
 test-amd64-i386-xl-qemut-win7-amd64                          fail    
 test-amd64-amd64-xl-qemuu-win7-amd64                         fail    
 test-amd64-i386-xl-qemuu-win7-amd64                          fail    
 test-amd64-amd64-xl-qemut-ws16-amd64                         fail    
 test-amd64-i386-xl-qemut-ws16-amd64                          fail    
 test-amd64-amd64-xl-qemuu-ws16-amd64                         fail    
 test-amd64-i386-xl-qemuu-ws16-amd64                          fail    
 test-armhf-armhf-xl-arndale                                  pass    
 test-amd64-amd64-xl-credit1                                  pass    
 test-arm64-arm64-xl-credit1                                  pass    
 test-armhf-armhf-xl-credit1                                  pass    
 test-amd64-amd64-xl-credit2                                  pass    
 test-arm64-arm64-xl-credit2                                  pass    
 test-armhf-armhf-xl-credit2                                  pass    
 test-armhf-armhf-xl-cubietruck                               pass    
 test-amd64-amd64-xl-qemuu-dmrestrict-amd64-dmrestrict        pass    
 test-amd64-i386-xl-qemuu-dmrestrict-amd64-dmrestrict         pass    
 test-amd64-amd64-examine                                     pass    
 test-arm64-arm64-examine                                     pass    
 test-armhf-armhf-examine                                     pass    
 test-amd64-i386-examine                                      pass    
 test-amd64-i386-freebsd10-i386                               pass    
 test-amd64-amd64-qemuu-nested-intel                          pass    
 test-amd64-amd64-xl-pvhv2-intel                              pass    
 test-amd64-i386-qemut-rhel6hvm-intel                         pass    
 test-amd64-i386-qemuu-rhel6hvm-intel                         pass    
 test-amd64-amd64-dom0pvh-xl-intel                            pass    
 test-amd64-amd64-libvirt                                     pass    
 test-armhf-armhf-libvirt                                     pass    
 test-amd64-i386-libvirt                                      pass    
 test-amd64-amd64-xl-multivcpu                                pass    
 test-armhf-armhf-xl-multivcpu                                pass    
 test-amd64-amd64-pair                                        pass    
 test-amd64-i386-pair                                         pass    
 test-amd64-amd64-libvirt-pair                                pass    
 test-amd64-i386-libvirt-pair                                 pass    
 test-amd64-amd64-amd64-pvgrub                                pass    
 test-amd64-amd64-i386-pvgrub                                 pass    
 test-amd64-amd64-xl-pvshim                                   pass    
 test-amd64-i386-xl-pvshim                                    fail    
 test-amd64-amd64-pygrub                                      pass    
 test-amd64-amd64-xl-qcow2                                    pass    
 test-armhf-armhf-libvirt-raw                                 pass    
 test-amd64-i386-xl-raw                                       pass    
 test-amd64-amd64-xl-rtds                                     pass    
 test-armhf-armhf-xl-rtds                                     fail    
 test-arm64-arm64-xl-seattle                                  pass    
 test-amd64-amd64-xl-qemuu-debianhvm-amd64-shadow             pass    
 test-amd64-i386-xl-qemuu-debianhvm-amd64-shadow              pass    
 test-amd64-amd64-xl-shadow                                   pass    
 test-amd64-i386-xl-shadow                                    pass    
 test-arm64-arm64-xl-thunderx                                 pass    
 test-amd64-amd64-libvirt-vhd                                 pass    
 test-armhf-armhf-xl-vhd                                      pass    


------------------------------------------------------------
sg-report-flight on osstest.test-lab.xenproject.org
logs: /home/logs/logs
images: /home/logs/images

Logs, config files, etc. are available at
    http://logs.test-lab.xenproject.org/osstest/logs

Explanation of these reports, and of osstest in general, is at
    http://xenbits.xen.org/gitweb/?p=osstest.git;a=blob;f=README.email;hb=master
    http://xenbits.xen.org/gitweb/?p=osstest.git;a=blob;f=README;hb=master

Test harness code can be found at
    http://xenbits.xen.org/gitweb?p=osstest.git;a=summary


Pushing revision :

hint: The 'hooks/update' hook was ignored because it's not set as executable.
hint: You can disable this warning with `git config advice.ignoredHook false`.
hint: The 'hooks/post-receive' hook was ignored because it's not set as 
executable.
hint: You can disable this warning with `git config advice.ignoredHook false`.
hint: The 'hooks/post-update' hook was ignored because it's not set as 
executable.
hint: You can disable this warning with `git config advice.ignoredHook false`.
To xenbits.xen.org:/home/xen/git/linux-pvops.git
   42af416d7146..ec274ecd62f9  ec274ecd62f9e0404c935ff073346d243d5082e6 -> 
tested/linux-5.4

Reply via email to