flight 156878 qemu-mainline real [real]
http://logs.test-lab.xenproject.org/osstest/logs/156878/
Regressions :-(
Tests which did not succeed and are blocking,
including tests which could not be run:
test-amd64-amd64-libvirt-vhd 19 guest-start/debian.repeat fail REGR. vs. 152631
test-amd64-amd64-xl-qcow2 21 guest-start/debian.repeat fail REGR. vs. 152631
test-armhf-armhf-xl-vhd 17 guest-start/debian.repeat fail REGR. vs. 152631
Tests which are failing intermittently (not blocking):
test-arm64-arm64-xl-credit2 8 xen-boot fail in 156866 pass in 156878
test-arm64-arm64-xl 8 xen-boot fail in 156866 pass in 156878
test-amd64-amd64-dom0pvh-xl-intel 17 guest-saverestore fail pass in 156866
test-amd64-i386-libvirt 20 guest-start/debian.repeat fail pass in 156866
test-amd64-i386-libvirt-xsm 20 guest-start/debian.repeat fail pass in 156866
Tests which did not succeed, but are not blocking:
test-amd64-amd64-xl-qemuu-win7-amd64 19 guest-stop fail like 152631
test-amd64-i386-xl-qemuu-win7-amd64 19 guest-stop fail like 152631
test-armhf-armhf-libvirt 16 saverestore-support-check fail like 152631
test-armhf-armhf-libvirt-raw 15 saverestore-support-check fail like 152631
test-amd64-amd64-xl-qemuu-ws16-amd64 19 guest-stop fail like 152631
test-armhf-armhf-xl-rtds 18 guest-start/debian.repeat fail like 152631
test-amd64-i386-xl-qemuu-ws16-amd64 19 guest-stop fail like 152631
test-amd64-amd64-qemuu-nested-amd 20 debian-hvm-install/l1/l2 fail like 152631
test-amd64-i386-xl-pvshim 14 guest-start fail never pass
test-amd64-amd64-libvirt-xsm 15 migrate-support-check fail never pass
test-arm64-arm64-xl-seattle 15 migrate-support-check fail never pass
test-arm64-arm64-xl-seattle 16 saverestore-support-check fail never pass
test-amd64-amd64-libvirt 15 migrate-support-check fail never pass
test-amd64-i386-libvirt 15 migrate-support-check fail never pass
test-amd64-i386-libvirt-xsm 15 migrate-support-check fail never pass
test-amd64-amd64-libvirt-vhd 14 migrate-support-check fail never pass
test-arm64-arm64-xl-xsm 15 migrate-support-check fail never pass
test-arm64-arm64-xl-xsm 16 saverestore-support-check fail never pass
test-arm64-arm64-xl-credit2 15 migrate-support-check fail never pass
test-arm64-arm64-xl-credit2 16 saverestore-support-check fail never pass
test-arm64-arm64-xl 15 migrate-support-check fail never pass
test-arm64-arm64-xl 16 saverestore-support-check fail never pass
test-arm64-arm64-libvirt-xsm 15 migrate-support-check fail never pass
test-arm64-arm64-libvirt-xsm 16 saverestore-support-check fail never pass
test-arm64-arm64-xl-credit1 15 migrate-support-check fail never pass
test-arm64-arm64-xl-credit1 16 saverestore-support-check fail never pass
test-arm64-arm64-xl-thunderx 15 migrate-support-check fail never pass
test-arm64-arm64-xl-thunderx 16 saverestore-support-check fail never pass
test-armhf-armhf-xl-arndale 15 migrate-support-check fail never pass
test-armhf-armhf-xl-arndale 16 saverestore-support-check fail never pass
test-amd64-amd64-libvirt-qemuu-debianhvm-amd64-xsm 13 migrate-support-check
fail never pass
test-amd64-i386-libvirt-qemuu-debianhvm-amd64-xsm 13 migrate-support-check
fail never pass
test-armhf-armhf-xl 15 migrate-support-check fail never pass
test-armhf-armhf-xl 16 saverestore-support-check fail never pass
test-armhf-armhf-xl-multivcpu 15 migrate-support-check fail never pass
test-armhf-armhf-xl-multivcpu 16 saverestore-support-check fail never pass
test-armhf-armhf-xl-cubietruck 15 migrate-support-check fail never pass
test-armhf-armhf-xl-cubietruck 16 saverestore-support-check fail never pass
test-armhf-armhf-xl-vhd 14 migrate-support-check fail never pass
test-armhf-armhf-xl-vhd 15 saverestore-support-check fail never pass
test-armhf-armhf-xl-credit2 15 migrate-support-check fail never pass
test-armhf-armhf-xl-credit2 16 saverestore-support-check fail never pass
test-armhf-armhf-libvirt 15 migrate-support-check fail never pass
test-armhf-armhf-libvirt-raw 14 migrate-support-check fail never pass
test-armhf-armhf-xl-credit1 15 migrate-support-check fail never pass
test-armhf-armhf-xl-credit1 16 saverestore-support-check fail never pass
test-armhf-armhf-xl-rtds 15 migrate-support-check fail never pass
test-armhf-armhf-xl-rtds 16 saverestore-support-check fail never pass
version targeted for testing:
qemuu 3d275bd17c7bdf5acd4e4f58fa7b8b9114bb7484
baseline version:
qemuu 1d806cef0e38b5db8347a8e12f214d543204a314
Last test of basis 152631 2020-08-20 09:07:46 Z 91 days
Failing since 152659 2020-08-21 14:07:39 Z 90 days 192 attempts
Testing same since 156866 2020-11-18 23:09:18 Z 1 days 2 attempts
------------------------------------------------------------
People who touched revisions under test:
Aaron Lindsay <[email protected]>
Alberto Garcia <[email protected]>
Aleksandar Markovic <[email protected]>
Alex Bennée <[email protected]>
Alex Chen <[email protected]>
Alex Williamson <[email protected]>
Alexander Bulekov <[email protected]>
Alexander von Gluck IV <[email protected]>
AlexChen <[email protected]>
Alexey Kirillov <[email protected]>
Alistair Francis <[email protected]>
Alistair Francis <[email protected]>
Amey Narkhede <[email protected]>
Ana Pazos <[email protected]>
Andreas Gustafsson <[email protected]>
Andrew Jones <[email protected]>
Andrey Konovalov <[email protected]>
Andrey Shinkevich <[email protected]>
Ani Sinha <[email protected]>
Anthony PERARD <[email protected]>
Anton Blanchard <[email protected]>
Anup Patel <[email protected]>
Artyom Tarasenko <[email protected]>
Babu Moger <[email protected]>
BALATON Zoltan <[email protected]>
Bastian Koppelmann <[email protected]>
Ben Widawsky <[email protected]>
Bharat Bhushan <[email protected]>
Bihong Yu <[email protected]>
Bin Meng <[email protected]>
Brad Smith <[email protected]>
Bruce Rogers <[email protected]>
Carlo Marcelo Arenas Belón <[email protected]>
Chen Gang <[email protected]>
Chen Qun <[email protected]>
Chetan Pant <[email protected]>
Chih-Min Chao <[email protected]>
Christian Borntraeger <[email protected]>
Christian Schoenebeck <[email protected]>
Chuan Zheng <[email protected]>
Cindy Lu <[email protected]>
Claudio Fontana <[email protected]>
Claudio Imbrenda <[email protected]>
Cleber Rosa <[email protected]>
Coiby Xu <[email protected]>
Colin Xu <[email protected]>
Collin Walling <[email protected]>
Connor Kuehl <[email protected]>
Corey Minyard <[email protected]>
Cornelia Huck <[email protected]>
Cédric Le Goater <[email protected]>
César Belley <[email protected]>
Daniel Henrique Barboza <[email protected]>
Daniel P. Berrangé <[email protected]>
Daniele Buono <[email protected]>
David Carlier <[email protected]>
David Edmondson <[email protected]>
David Gibson <[email protected]>
David Hildenbrand <[email protected]>
Derek Su <[email protected]>
Dima Stepanov <[email protected]>
Ding Hui <[email protected]>
Dmitry Fomichev <[email protected]>
Douglas Crosher <[email protected]>
Dov Murik <[email protected]>
Dr. David Alan Gilbert <[email protected]>
Edgar E. Iglesias <[email protected]>
Eduardo Habkost <[email protected]>
Eduardo Otubo <[email protected]>
Elena Afanasova <[email protected]>
Emanuele Giuseppe Esposito <[email protected]>
Emmanuel Blot <[email protected]>
Eric Auger <[email protected]>
Eric Blake <[email protected]>
Erik Kline <[email protected]>
Erik Smit <[email protected]>
Fabiano Rosas <[email protected]>
Fam Zheng <[email protected]>
Fan Yang <[email protected]>
Felipe Franciosi <[email protected]>
Filip Bozuta <[email protected]>
Finn Thain <[email protected]>
Frajo <[email protected]>
Frank Chang <[email protected]>
Franz-Josef Haider <[email protected]>
Frediano Ziglio <[email protected]>
Gan Qixin <[email protected]>
Geoffrey McRae <[email protected]>
Georg Kotheimer <[email protected]>
Gerd Hoffmann <[email protected]>
Giuseppe Musacchio <[email protected]>
Gollu Appalanaidu <[email protected]>
Gonglei <[email protected]>
Graeme Gregory <[email protected]>
Green Wan <[email protected]>
Greg Kurz <[email protected]>
Guenter Roeck <[email protected]>
Guoqing Zhang <[email protected]>
Guoyi Tu <[email protected]>
Gustavo Romero <[email protected]>
haibinzhang(张海斌) <[email protected]>
Halil Pasic <[email protected]>
Han Han <[email protected]>
Hao Wu <[email protected]>
Haotian Li <[email protected]>
Harry G. Coin <[email protected]>
Havard Skinnemoen <[email protected]>
Helge Deller <[email protected]>
Heyi Guo <[email protected]>
Hongzheng-Li <[email protected]>
Hou Weiying <[email protected]>
Huacai Chen <[email protected]>
Huacai Chen <[email protected]>
Igor Kononenko <[email protected]>
Igor Mammedov <[email protected]>
James Hogan <[email protected]>
Jan Charvat <[email protected]>
Jan Henrik Weinstock <[email protected]>
Janosch Frank <[email protected]>
Jason Andryuk <[email protected]>
Jason J. Herne <[email protected]>
Jason Wang <[email protected]>
Jean-Philippe Brucker <[email protected]>
Jens Freimann <[email protected]>
Jessica Clarke <[email protected]>
Jiachen Zhang <[email protected]>
Jiaxun Yang <[email protected]>
Jin Yu <[email protected]>
Joel Stanley <[email protected]>
John Snow <[email protected]>
Jon Doron <[email protected]>
Josh DuBois <[email protected]>
Julia Suvorova <[email protected]>
Kai Deng <[email protected]>
Kashyap Chamarthy <[email protected]>
Keith Busch <[email protected]>
Kele Huang <[email protected]>
Kenta Ishiguro <[email protected]>
Kevin Wolf <[email protected]>
Kirti Wankhede <[email protected]>
Kito Cheng <[email protected]>
Klaus Jensen <[email protected]>
Klaus Jensen <[email protected]>
Laszlo Ersek <[email protected]>
Laurent Vivier <[email protected]>
Laurent Vivier <[email protected]>
Lei Rao <[email protected]>
Lei YU <[email protected]>
Leif Lindholm <[email protected]>
LemonBoy <[email protected]>
Li Feng <[email protected]>
Li Qiang <[email protected]>
Li Zhijian <[email protected]>
Liao Pingfang <[email protected]>
Liao Pingfang <[email protected]>a
Lichang Zhao <[email protected]>
lichun <[email protected]>
Lijun Pan <[email protected]>
LIU Zhiwei <[email protected]>
Liyang Shi <[email protected]>
Longpeng(Mike) <[email protected]>
Luc Michel <[email protected]>
Lukas Straub <[email protected]>
Marc Hartmayer <[email protected]>
Marc-André Lureau <[email protected]>
Mark Cave-Ayland <[email protected]>
Markus Armbruster <[email protected]>
Matthew Rosato <[email protected]>
Matthieu Bucchianeri <[email protected]>
Matus Kysel <[email protected]>
Mauro Matteo Cascella <[email protected]>
Max Filippov <[email protected]>
Max Reitz <[email protected]>
Maxim Levitsky <[email protected]>
Michael Rolnik <[email protected]>
Michael Roth <[email protected]>
Michael Roth <[email protected]>
Michael S. Tsirkin <[email protected]>
Michael Tokarev <[email protected]>
Michael Walle <[email protected]>
Michal Privoznik <[email protected]>
Mike Gelfand <[email protected]>
Misono Tomohiro <[email protected]>
Myriad-Dreamin <[email protected]>
Nathan Chancellor <[email protected]>
Niek Linnenbank <[email protected]>
Nikola Pavlica <[email protected]>
Nir Soffer <[email protected]>
Nir Soffer <[email protected]>
Pan Nengyuan <[email protected]>
Pankaj Gupta <[email protected]>
Paolo Bonzini <[email protected]>
Paul Burton <[email protected]>
Paul Durrant <[email protected]>
Paul Durrant <[email protected]>
Paul Zimmerman <[email protected]>
Pavel Dovgalyuk <[email protected]>
Pavel Dovgalyuk <[email protected]>
Pavel Dovgalyuk <[email protected]>
Pavel Pisa <[email protected]>
Peng Liang <[email protected]>
Peter Krempa <[email protected]>
Peter Lieven <[email protected]>
Peter Maydell <[email protected]>
Peter Xu <[email protected]>
Philippe Mathieu-Daude <[email protected]>
Philippe Mathieu-Daudé <[email protected]>
Philippe Mathieu-Daudé <[email protected]>
Philippe Mathieu-Daudé <[email protected]>
Pierre Morel <[email protected]>
Prasad J Pandit <[email protected]>
Rao, Lei <[email protected]>
Raphael Norwitz <[email protected]>
Rebecca Cran <[email protected]>
Richard Henderson <[email protected]>
Robert Hoo <[email protected]>
Roman Bolshakov <[email protected]>
Rémi Denis-Courmont <[email protected]>
Sai Pavan Boddu <[email protected]>
Samuel Thibault <[email protected]>
Sergei Trofimovich <[email protected]>
Sergey Nizovtsev <[email protected]>
Sergio Lopez <[email protected]>
Shashi Mallela <[email protected]>
shiliyang <[email protected]>
Si-Wei Liu <[email protected]>
Stafford Horne <[email protected]>
Stefan Berger <[email protected]>
Stefan Hajnoczi <[email protected]>
Stefan Reiter <[email protected]>
Stefan Weil <[email protected]>
Stefano Garzarella <[email protected]>
Stephen Long <[email protected]>
Subbaraya Sundeep <[email protected]>
Sunil Muthuswamy <[email protected]>
Sven Schnelle <[email protected]>
Swapnil Ingle <[email protected]>
Thiago Jung Bauermann <[email protected]>
Thomas Huth <[email protected]>
Thomas Huth <[email protected]>
Tianjia Zhang <[email protected]>
Timothy Baldwin <[email protected]>
Timothy E Baldwin <[email protected]>
Tom Lendacky <[email protected]>
Tomáš Golembiovský <[email protected]>
Tuguoyi <[email protected]>
Vincenzo Frascino <[email protected]>
Vitaly Cheptsov <[email protected]>
Vitaly Kuznetsov <[email protected]>
Vivek Goyal <[email protected]>
Vladimir Sementsov-Ogievskiy <[email protected]>
Volker Rümelin <[email protected]>
Xiaoyao Li <[email protected]>
Xinhao Zhang <[email protected]>
Xinyu Li <[email protected]>
Xu Zou <[email protected]>
Yan Jin <[email protected]>
YanYing Zhuang <[email protected]>
Yi Li <[email protected]>
Yi Wang <[email protected]>
Yifei Jiang <[email protected]>
Ying Fang <[email protected]>
Yipeng Yin <[email protected]>
Yonggang Luo <[email protected]>
Yoshinori Sato <[email protected]>
Zenghui Yu <[email protected]>
Zhang Chen <[email protected]>
zhaolichang <[email protected]>
Zhengui <[email protected]>
Zhengui li <[email protected]>
zhenwei pi <[email protected]>
Zhenyu Wang <[email protected]>
Zhenyu Ye <[email protected]>
Zhiqiang Liu <[email protected]>
Zong Li <[email protected]>
jobs:
build-amd64-xsm pass
build-arm64-xsm pass
build-i386-xsm pass
build-amd64 pass
build-arm64 pass
build-armhf pass
build-i386 pass
build-amd64-libvirt pass
build-arm64-libvirt pass
build-armhf-libvirt pass
build-i386-libvirt pass
build-amd64-pvops pass
build-arm64-pvops pass
build-armhf-pvops pass
build-i386-pvops pass
test-amd64-amd64-xl pass
test-amd64-coresched-amd64-xl pass
test-arm64-arm64-xl pass
test-armhf-armhf-xl pass
test-amd64-i386-xl pass
test-amd64-coresched-i386-xl pass
test-amd64-amd64-libvirt-qemuu-debianhvm-amd64-xsm pass
test-amd64-i386-libvirt-qemuu-debianhvm-amd64-xsm pass
test-amd64-amd64-xl-qemuu-debianhvm-i386-xsm pass
test-amd64-i386-xl-qemuu-debianhvm-i386-xsm pass
test-amd64-amd64-libvirt-xsm pass
test-arm64-arm64-libvirt-xsm pass
test-amd64-i386-libvirt-xsm fail
test-amd64-amd64-xl-xsm pass
test-arm64-arm64-xl-xsm pass
test-amd64-i386-xl-xsm pass
test-amd64-amd64-qemuu-nested-amd fail
test-amd64-amd64-xl-pvhv2-amd pass
test-amd64-i386-qemuu-rhel6hvm-amd pass
test-amd64-amd64-dom0pvh-xl-amd pass
test-amd64-amd64-xl-qemuu-debianhvm-amd64 pass
test-amd64-i386-xl-qemuu-debianhvm-amd64 pass
test-amd64-i386-freebsd10-amd64 pass
test-amd64-amd64-qemuu-freebsd11-amd64 pass
test-amd64-amd64-qemuu-freebsd12-amd64 pass
test-amd64-amd64-xl-qemuu-ovmf-amd64 pass
test-amd64-i386-xl-qemuu-ovmf-amd64 pass
test-amd64-amd64-xl-qemuu-win7-amd64 fail
test-amd64-i386-xl-qemuu-win7-amd64 fail
test-amd64-amd64-xl-qemuu-ws16-amd64 fail
test-amd64-i386-xl-qemuu-ws16-amd64 fail
test-armhf-armhf-xl-arndale pass
test-amd64-amd64-xl-credit1 pass
test-arm64-arm64-xl-credit1 pass
test-armhf-armhf-xl-credit1 pass
test-amd64-amd64-xl-credit2 pass
test-arm64-arm64-xl-credit2 pass
test-armhf-armhf-xl-credit2 pass
test-armhf-armhf-xl-cubietruck pass
test-amd64-amd64-xl-qemuu-dmrestrict-amd64-dmrestrict pass
test-amd64-i386-xl-qemuu-dmrestrict-amd64-dmrestrict pass
test-amd64-i386-freebsd10-i386 pass
test-amd64-amd64-qemuu-nested-intel pass
test-amd64-amd64-xl-pvhv2-intel pass
test-amd64-i386-qemuu-rhel6hvm-intel pass
test-amd64-amd64-dom0pvh-xl-intel fail
test-amd64-amd64-libvirt pass
test-armhf-armhf-libvirt pass
test-amd64-i386-libvirt fail
test-amd64-amd64-xl-multivcpu pass
test-armhf-armhf-xl-multivcpu pass
test-amd64-amd64-pair pass
test-amd64-i386-pair pass
test-amd64-amd64-libvirt-pair pass
test-amd64-i386-libvirt-pair pass
test-amd64-amd64-amd64-pvgrub pass
test-amd64-amd64-i386-pvgrub pass
test-amd64-amd64-xl-pvshim pass
test-amd64-i386-xl-pvshim fail
test-amd64-amd64-pygrub pass
test-amd64-amd64-xl-qcow2 fail
test-armhf-armhf-libvirt-raw pass
test-amd64-i386-xl-raw pass
test-amd64-amd64-xl-rtds pass
test-armhf-armhf-xl-rtds fail
test-arm64-arm64-xl-seattle pass
test-amd64-amd64-xl-qemuu-debianhvm-amd64-shadow pass
test-amd64-i386-xl-qemuu-debianhvm-amd64-shadow pass
test-amd64-amd64-xl-shadow pass
test-amd64-i386-xl-shadow pass
test-arm64-arm64-xl-thunderx pass
test-amd64-amd64-libvirt-vhd fail
test-armhf-armhf-xl-vhd fail
------------------------------------------------------------
sg-report-flight on osstest.test-lab.xenproject.org
logs: /home/logs/logs
images: /home/logs/images
Logs, config files, etc. are available at
http://logs.test-lab.xenproject.org/osstest/logs
Explanation of these reports, and of osstest in general, is at
http://xenbits.xen.org/gitweb/?p=osstest.git;a=blob;f=README.email;hb=master
http://xenbits.xen.org/gitweb/?p=osstest.git;a=blob;f=README;hb=master
Test harness code can be found at
http://xenbits.xen.org/gitweb?p=osstest.git;a=summary
Not pushing.
(No revision log; it would be 67076 lines long.)