flight 156874 linux-5.4 real [real]
http://logs.test-lab.xenproject.org/osstest/logs/156874/

Failures :-/ but no regressions.

Regressions which are regarded as allowable (not blocking):
 test-armhf-armhf-xl-rtds    18 guest-start/debian.repeat fail REGR. vs. 156722

Tests which did not succeed, but are not blocking:
 test-amd64-amd64-xl-qemuu-win7-amd64 19 guest-stop            fail like 156722
 test-amd64-i386-xl-qemut-win7-amd64 19 guest-stop             fail like 156722
 test-amd64-amd64-xl-qemut-win7-amd64 19 guest-stop            fail like 156722
 test-armhf-armhf-libvirt     16 saverestore-support-check    fail  like 156722
 test-amd64-amd64-qemuu-nested-amd 20 debian-hvm-install/l1/l2 fail like 156722
 test-amd64-amd64-xl-qemuu-ws16-amd64 19 guest-stop            fail like 156722
 test-amd64-amd64-xl-qemut-ws16-amd64 19 guest-stop            fail like 156722
 test-amd64-i386-xl-qemuu-win7-amd64 19 guest-stop             fail like 156722
 test-amd64-i386-xl-qemut-ws16-amd64 19 guest-stop             fail like 156722
 test-armhf-armhf-libvirt-raw 15 saverestore-support-check    fail  like 156722
 test-amd64-i386-xl-qemuu-ws16-amd64 19 guest-stop             fail like 156722
 test-amd64-amd64-libvirt     15 migrate-support-check        fail   never pass
 test-amd64-i386-xl-pvshim    14 guest-start                  fail   never pass
 test-amd64-amd64-libvirt-xsm 15 migrate-support-check        fail   never pass
 test-amd64-i386-libvirt-xsm  15 migrate-support-check        fail   never pass
 test-amd64-i386-libvirt      15 migrate-support-check        fail   never pass
 test-arm64-arm64-xl-seattle  15 migrate-support-check        fail   never pass
 test-arm64-arm64-xl-seattle  16 saverestore-support-check    fail   never pass
 test-amd64-i386-libvirt-qemuu-debianhvm-amd64-xsm 13 migrate-support-check 
fail never pass
 test-amd64-amd64-libvirt-qemuu-debianhvm-amd64-xsm 13 migrate-support-check 
fail never pass
 test-arm64-arm64-xl          15 migrate-support-check        fail   never pass
 test-arm64-arm64-xl          16 saverestore-support-check    fail   never pass
 test-arm64-arm64-xl-xsm      15 migrate-support-check        fail   never pass
 test-arm64-arm64-xl-credit2  15 migrate-support-check        fail   never pass
 test-arm64-arm64-xl-xsm      16 saverestore-support-check    fail   never pass
 test-arm64-arm64-xl-credit2  16 saverestore-support-check    fail   never pass
 test-arm64-arm64-xl-credit1  15 migrate-support-check        fail   never pass
 test-arm64-arm64-xl-credit1  16 saverestore-support-check    fail   never pass
 test-arm64-arm64-libvirt-xsm 15 migrate-support-check        fail   never pass
 test-arm64-arm64-libvirt-xsm 16 saverestore-support-check    fail   never pass
 test-arm64-arm64-xl-thunderx 15 migrate-support-check        fail   never pass
 test-arm64-arm64-xl-thunderx 16 saverestore-support-check    fail   never pass
 test-armhf-armhf-xl-arndale  15 migrate-support-check        fail   never pass
 test-armhf-armhf-xl-arndale  16 saverestore-support-check    fail   never pass
 test-amd64-amd64-libvirt-vhd 14 migrate-support-check        fail   never pass
 test-armhf-armhf-xl-rtds     15 migrate-support-check        fail   never pass
 test-armhf-armhf-xl-rtds     16 saverestore-support-check    fail   never pass
 test-armhf-armhf-xl-multivcpu 15 migrate-support-check        fail  never pass
 test-armhf-armhf-xl-multivcpu 16 saverestore-support-check    fail  never pass
 test-armhf-armhf-xl-credit2  15 migrate-support-check        fail   never pass
 test-armhf-armhf-xl-credit2  16 saverestore-support-check    fail   never pass
 test-armhf-armhf-xl-cubietruck 15 migrate-support-check        fail never pass
 test-armhf-armhf-xl-cubietruck 16 saverestore-support-check    fail never pass
 test-armhf-armhf-xl          15 migrate-support-check        fail   never pass
 test-armhf-armhf-xl          16 saverestore-support-check    fail   never pass
 test-armhf-armhf-libvirt     15 migrate-support-check        fail   never pass
 test-armhf-armhf-xl-vhd      14 migrate-support-check        fail   never pass
 test-armhf-armhf-xl-vhd      15 saverestore-support-check    fail   never pass
 test-armhf-armhf-libvirt-raw 14 migrate-support-check        fail   never pass
 test-armhf-armhf-xl-credit1  15 migrate-support-check        fail   never pass
 test-armhf-armhf-xl-credit1  16 saverestore-support-check    fail   never pass

version targeted for testing:
 linux                315443293a2d0d7c183ca6dd4624d9e4f8a7054a
baseline version:
 linux                2544d06afd8d060f35b159809274e4b7477e63e8

Last test of basis   156722  2020-11-12 16:54:57 Z    7 days
Testing same since   156861  2020-11-18 18:41:10 Z    1 days    2 attempts

------------------------------------------------------------
People who touched revisions under test:
  "Eric W. Biederman" <[email protected]>
  Aaron Brown <[email protected]>
  Al Viro <[email protected]>
  Alex Deucher <[email protected]>
  Alex Williamson <[email protected]>
  Alexander Lobakin <[email protected]>
  Alexander Usyskin <[email protected]>
  Alexei Starovoitov <[email protected]>
  Anand Jain <[email protected]>
  Anand K Mistry <[email protected]>
  Andreas Gruenbacher <[email protected]>
  Andrew Jeffery <[email protected]>
  Andrew Jones <[email protected]>
  Andrew Morton <[email protected]>
  Andrii Nakryiko <[email protected]>
  Andy Shevchenko <[email protected]>
  Ansuel Smith <[email protected]>
  Ard Biesheuvel <[email protected]>
  Arnaldo Carvalho de Melo <[email protected]>
  Arnaud de Turckheim <[email protected]>
  Baolin Wang <[email protected]>
  Bartosz Golaszewski <[email protected]>
  Billy Tsai <[email protected]>
  Bob Peterson <[email protected]>
  Boris Protopopov <[email protected]>
  Borislav Petkov <[email protected]>
  Brian Bunker <[email protected]>
  Brian Foster <[email protected]>
  Brian Norris <[email protected]>
  Chao Leng <[email protected]>
  Chen Zhou <[email protected]>
  Chris Brandt <[email protected]>
  Chris Wilson <[email protected]>
  Christian Brauner <[email protected]>
  Christoph Hellwig <[email protected]>
  Christoph Lameter <[email protected]>
  Christophe Leroy <[email protected]>
  Chuck Lever <[email protected]>
  Chunyan Zhang <[email protected]>
  Chunyan Zhang <[email protected]>
  Coiby Xu <[email protected]>
  Colin Ian King <[email protected]>
  Dan Carpenter <[email protected]>
  Daniele Ceraolo Spurio <[email protected]>
  Darrick J. Wong <[email protected]>
  David Howells <[email protected]>
  David Sterba <[email protected]>
  David Verbeiren <[email protected]>
  Dinghao Liu <[email protected]>
  Don Brace <[email protected]>
  Elliott Mitchell <[email protected]>
  Eric Auger <[email protected]>
  Eric Dumazet <[email protected]>
  Evan Nimmo <[email protected]>
  Evan Quan <[email protected]>
  Evgeny Novikov <[email protected]>
  Felipe Balbi <[email protected]>
  Fred Gao <[email protected]>
  Gao Xiang <[email protected]>
  Geert Uytterhoeven <[email protected]>
  George Spelvin <[email protected]>
  Greg Kroah-Hartman <[email protected]>
  Hannes Reinecke <[email protected]>
  Heikki Krogerus <[email protected]>
  Heiko Carstens <[email protected]>
  Heiner Kallweit <[email protected]>
  Herbert Xu <[email protected]>
  Ingo Molnar <[email protected]>
  J. Bruce Fields <[email protected]>
  Jack Wang <[email protected]>
  Jakub Kicinski <[email protected]>
  Jan "Yenya" Kasprzak <[email protected]>
  Jarkko Sakkinen <[email protected]>
  Jason A. Donenfeld <[email protected]>
  Jason Wang <[email protected]>
  Jens Axboe <[email protected]>
  Jerry Snitselaar <[email protected]>
  Jing Xiangfeng <[email protected]>
  Jiri Olsa <[email protected]>
  Jiri Olsa <[email protected]>
  Jitendra Khasdev <[email protected]>
  Joakim Zhang <[email protected]>
  Joel Stanley <[email protected]>
  Joerg Roedel <[email protected]>
  Johannes Berg <[email protected]>
  Johannes Thumshirn <[email protected]>
  Jon Hunter <[email protected]>
  Josef Bacik <[email protected]>
  Joseph Qi <[email protected]>
  Jozsef Kadlecsik <[email protected]>
  Julian Wiedmann <[email protected]>
  Kai-Heng Feng <[email protected]>
  Kaixu Xia <[email protected]>
  Kalle Valo <[email protected]>
  Keita Suzuki <[email protected]>
  Konrad Rzeszutek Wilk <[email protected]>
  Laurent Dufour <[email protected]>
  Lee Jones <[email protected]>
  lining <[email protected]>
  Linus Torvalds <[email protected]>
  Linus Walleij <[email protected]>
  Linux Kernel Functional Testing <[email protected]>
  Liu, Yi L <[email protected]>
  Lorenzo Pieralisi <[email protected]>
  Lu Baolu <[email protected]>
  Luka Oreskovic <[email protected]>
  Mao Wenan <[email protected]>
  Maor Gottlieb <[email protected]>
  Marc Kleine-Budde <[email protected]>
  Marc Zyngier <[email protected]>
  Mark Brown <[email protected]>
  Martin Hundebøll <[email protected]>
  Martin K. Petersen <[email protected]>
  Martin Schiller <[email protected]>
  Martin Willi <[email protected]>
  Masami Hiramatsu <[email protected]>
  Masashi Honma <[email protected]>
  Matteo Croce <[email protected]>
  Matthew Wilcox (Oracle) <[email protected]>
  Matthieu Baerts <[email protected]>
  Maxim Levitsky <[email protected]>
  Michael Ellerman <[email protected]>
  Michael Petlan <[email protected]>
  Mika Westerberg <[email protected]>
  Ming Lei <[email protected]>
  Namhyung Kim <[email protected]>
  Navid Emamdoost <[email protected]>
  Nikolay Borisov <[email protected]>
  Olaf Hering <[email protected]>
  Oleksij Rempel <[email protected]>
  Oliver Hartkopp <[email protected]>
  Oliver Herms <[email protected]>
  Oliver Neukum <[email protected]>
  Olivier Moysan <[email protected]>
  Pablo Neira Ayuso <[email protected]>
  Palmer Dabbelt <[email protected]>
  Paolo Bonzini <[email protected]>
  Paul E. McKenney <[email protected]>
  Paul Moore <[email protected]>
  Pavel Machek <[email protected]>
  Peter Zijlstra (Intel) <[email protected]>
  Peter Zijlstra <[email protected]>
  Peter Zijlstra <[email protected]>
  Pierre-Louis Bossart <[email protected]>
  Qian Cai <[email protected]>
  Qii Wang <[email protected]>
  Qiujun Huang <[email protected]>
  Qu Wenruo <[email protected]>
  Rob Herring <[email protected]>
  Rodrigo Vivi <[email protected]>
  Ronnie Sahlberg <[email protected]>
  Russell King <[email protected]>
  Saeed Mahameed <[email protected]>
  Sagi Grimberg <[email protected]>
  Sandeep Raghuraman <[email protected]>
  Santosh Shukla <[email protected]>
  Sasha Levin <[email protected]>
  Sean Anderson <[email protected]>
  Shin'ichiro Kawasaki <[email protected]>
  Shuah Khan <[email protected]>
  Sreekanth Reddy <[email protected]>
  Srinivas Kandagatla <[email protected]>
  Stanislav Ivanichkin <[email protected]>
  Stefano Brivio <[email protected]>
  Stefano Stabellini <[email protected]>
  Steffen Klassert <[email protected]>
  Stephane Grosjean <[email protected]>
  Stephen Boyd <[email protected]>
  Steve French <[email protected]>
  Steven Rostedt (VMware) <[email protected]>
  Sudip Mukherjee <[email protected]>
  Suravee Suthikulpanit <[email protected]>
  Sven Van Asbroeck <[email protected]>
  Takashi Iwai <[email protected]>
  Tapas Kundu <[email protected]>
  Theodore Ts'o <[email protected]>
  Thinh Nguyen <[email protected]>
  Thinh Nguyen <[email protected]>
  Thomas Gleixner <[email protected]>
  Thomas Zimmermann <[email protected]>
  Tom Lendacky <[email protected]>
  Tomas Winkler <[email protected]>
  Tomasz Figa <[email protected]>
  Tommi Rantala <[email protected]>
  Tony Nguyen <[email protected]>
  Tyler Hicks <[email protected]>
  Ulf Hansson <[email protected]>
  Ulrich Hecht <[email protected]>
  Ursula Braun <[email protected]>
  Veerabadhran Gopalakrishnan <[email protected]>
  Venkata Sandeep Dhanalakota <[email protected]>
  Vincent Mailhol <[email protected]>
  Vinicius Costa Gomes <[email protected]>
  Viresh Kumar <[email protected]>
  Vlastimil Babka <[email protected]>
  Wade Mealing <[email protected]>
  Wang Hai <[email protected]>
  Wei Liu <[email protected]>
  Wengang Wang <[email protected]>
  Will Deacon <[email protected]>
  Willem de Bruijn <[email protected]>
  Willy Tarreau <[email protected]>
  Wolfram Sang <[email protected]>
  Wolfram Sang <[email protected]>
  Yangbo Lu <[email protected]>
  Ye Bin <[email protected]>
  Yegor Yefremov <[email protected]>
  Yi Sun <[email protected]>
  Yoshihiro Shimoda <[email protected]>
  Yunsheng Lin <[email protected]>
  Zeng Tao <[email protected]>
  Zhang Changzhong <[email protected]>
  Zhang Qilong <[email protected]>
  zhuoliang zhang <[email protected]>

jobs:
 build-amd64-xsm                                              pass    
 build-arm64-xsm                                              pass    
 build-i386-xsm                                               pass    
 build-amd64                                                  pass    
 build-arm64                                                  pass    
 build-armhf                                                  pass    
 build-i386                                                   pass    
 build-amd64-libvirt                                          pass    
 build-arm64-libvirt                                          pass    
 build-armhf-libvirt                                          pass    
 build-i386-libvirt                                           pass    
 build-amd64-pvops                                            pass    
 build-arm64-pvops                                            pass    
 build-armhf-pvops                                            pass    
 build-i386-pvops                                             pass    
 test-amd64-amd64-xl                                          pass    
 test-amd64-coresched-amd64-xl                                pass    
 test-arm64-arm64-xl                                          pass    
 test-armhf-armhf-xl                                          pass    
 test-amd64-i386-xl                                           pass    
 test-amd64-coresched-i386-xl                                 pass    
 test-amd64-amd64-libvirt-qemuu-debianhvm-amd64-xsm           pass    
 test-amd64-i386-libvirt-qemuu-debianhvm-amd64-xsm            pass    
 test-amd64-amd64-xl-qemut-stubdom-debianhvm-amd64-xsm        pass    
 test-amd64-i386-xl-qemut-stubdom-debianhvm-amd64-xsm         pass    
 test-amd64-amd64-xl-qemut-debianhvm-i386-xsm                 pass    
 test-amd64-i386-xl-qemut-debianhvm-i386-xsm                  pass    
 test-amd64-amd64-xl-qemuu-debianhvm-i386-xsm                 pass    
 test-amd64-i386-xl-qemuu-debianhvm-i386-xsm                  pass    
 test-amd64-amd64-libvirt-xsm                                 pass    
 test-arm64-arm64-libvirt-xsm                                 pass    
 test-amd64-i386-libvirt-xsm                                  pass    
 test-amd64-amd64-xl-xsm                                      pass    
 test-arm64-arm64-xl-xsm                                      pass    
 test-amd64-i386-xl-xsm                                       pass    
 test-amd64-amd64-qemuu-nested-amd                            fail    
 test-amd64-amd64-xl-pvhv2-amd                                pass    
 test-amd64-i386-qemut-rhel6hvm-amd                           pass    
 test-amd64-i386-qemuu-rhel6hvm-amd                           pass    
 test-amd64-amd64-dom0pvh-xl-amd                              pass    
 test-amd64-amd64-xl-qemut-debianhvm-amd64                    pass    
 test-amd64-i386-xl-qemut-debianhvm-amd64                     pass    
 test-amd64-amd64-xl-qemuu-debianhvm-amd64                    pass    
 test-amd64-i386-xl-qemuu-debianhvm-amd64                     pass    
 test-amd64-i386-freebsd10-amd64                              pass    
 test-amd64-amd64-qemuu-freebsd11-amd64                       pass    
 test-amd64-amd64-qemuu-freebsd12-amd64                       pass    
 test-amd64-amd64-xl-qemuu-ovmf-amd64                         pass    
 test-amd64-i386-xl-qemuu-ovmf-amd64                          pass    
 test-amd64-amd64-xl-qemut-win7-amd64                         fail    
 test-amd64-i386-xl-qemut-win7-amd64                          fail    
 test-amd64-amd64-xl-qemuu-win7-amd64                         fail    
 test-amd64-i386-xl-qemuu-win7-amd64                          fail    
 test-amd64-amd64-xl-qemut-ws16-amd64                         fail    
 test-amd64-i386-xl-qemut-ws16-amd64                          fail    
 test-amd64-amd64-xl-qemuu-ws16-amd64                         fail    
 test-amd64-i386-xl-qemuu-ws16-amd64                          fail    
 test-armhf-armhf-xl-arndale                                  pass    
 test-amd64-amd64-xl-credit1                                  pass    
 test-arm64-arm64-xl-credit1                                  pass    
 test-armhf-armhf-xl-credit1                                  pass    
 test-amd64-amd64-xl-credit2                                  pass    
 test-arm64-arm64-xl-credit2                                  pass    
 test-armhf-armhf-xl-credit2                                  pass    
 test-armhf-armhf-xl-cubietruck                               pass    
 test-amd64-amd64-xl-qemuu-dmrestrict-amd64-dmrestrict        pass    
 test-amd64-i386-xl-qemuu-dmrestrict-amd64-dmrestrict         pass    
 test-amd64-amd64-examine                                     pass    
 test-arm64-arm64-examine                                     pass    
 test-armhf-armhf-examine                                     pass    
 test-amd64-i386-examine                                      pass    
 test-amd64-i386-freebsd10-i386                               pass    
 test-amd64-amd64-qemuu-nested-intel                          pass    
 test-amd64-amd64-xl-pvhv2-intel                              pass    
 test-amd64-i386-qemut-rhel6hvm-intel                         pass    
 test-amd64-i386-qemuu-rhel6hvm-intel                         pass    
 test-amd64-amd64-dom0pvh-xl-intel                            pass    
 test-amd64-amd64-libvirt                                     pass    
 test-armhf-armhf-libvirt                                     pass    
 test-amd64-i386-libvirt                                      pass    
 test-amd64-amd64-xl-multivcpu                                pass    
 test-armhf-armhf-xl-multivcpu                                pass    
 test-amd64-amd64-pair                                        pass    
 test-amd64-i386-pair                                         pass    
 test-amd64-amd64-libvirt-pair                                pass    
 test-amd64-i386-libvirt-pair                                 pass    
 test-amd64-amd64-amd64-pvgrub                                pass    
 test-amd64-amd64-i386-pvgrub                                 pass    
 test-amd64-amd64-xl-pvshim                                   pass    
 test-amd64-i386-xl-pvshim                                    fail    
 test-amd64-amd64-pygrub                                      pass    
 test-amd64-amd64-xl-qcow2                                    pass    
 test-armhf-armhf-libvirt-raw                                 pass    
 test-amd64-i386-xl-raw                                       pass    
 test-amd64-amd64-xl-rtds                                     pass    
 test-armhf-armhf-xl-rtds                                     fail    
 test-arm64-arm64-xl-seattle                                  pass    
 test-amd64-amd64-xl-qemuu-debianhvm-amd64-shadow             pass    
 test-amd64-i386-xl-qemuu-debianhvm-amd64-shadow              pass    
 test-amd64-amd64-xl-shadow                                   pass    
 test-amd64-i386-xl-shadow                                    pass    
 test-arm64-arm64-xl-thunderx                                 pass    
 test-amd64-amd64-libvirt-vhd                                 pass    
 test-armhf-armhf-xl-vhd                                      pass    


------------------------------------------------------------
sg-report-flight on osstest.test-lab.xenproject.org
logs: /home/logs/logs
images: /home/logs/images

Logs, config files, etc. are available at
    http://logs.test-lab.xenproject.org/osstest/logs

Explanation of these reports, and of osstest in general, is at
    http://xenbits.xen.org/gitweb/?p=osstest.git;a=blob;f=README.email;hb=master
    http://xenbits.xen.org/gitweb/?p=osstest.git;a=blob;f=README;hb=master

Test harness code can be found at
    http://xenbits.xen.org/gitweb?p=osstest.git;a=summary


Pushing revision :

hint: The 'hooks/update' hook was ignored because it's not set as executable.
hint: You can disable this warning with `git config advice.ignoredHook false`.
hint: The 'hooks/post-receive' hook was ignored because it's not set as 
executable.
hint: You can disable this warning with `git config advice.ignoredHook false`.
hint: The 'hooks/post-update' hook was ignored because it's not set as 
executable.
hint: You can disable this warning with `git config advice.ignoredHook false`.
To xenbits.xen.org:/home/xen/git/linux-pvops.git
   2544d06afd8d..315443293a2d  315443293a2d0d7c183ca6dd4624d9e4f8a7054a -> 
tested/linux-5.4

Reply via email to