flight 156620 linux-5.4 real [real]
flight 156676 linux-5.4 real-retest [real]
http://logs.test-lab.xenproject.org/osstest/logs/156620/
http://logs.test-lab.xenproject.org/osstest/logs/156676/

Regressions :-(

Tests which did not succeed and are blocking,
including tests which could not be run:
 test-amd64-amd64-xl-pvhv2-amd 20 guest-localmigrate/x10  fail REGR. vs. 156412

Regressions which are regarded as allowable (not blocking):
 test-amd64-amd64-xl-rtds     20 guest-localmigrate/x10   fail REGR. vs. 156412

Tests which did not succeed, but are not blocking:
 test-amd64-amd64-xl-qemuu-win7-amd64 19 guest-stop            fail like 156412
 test-amd64-i386-xl-qemut-win7-amd64 19 guest-stop             fail like 156412
 test-amd64-amd64-xl-qemut-win7-amd64 19 guest-stop            fail like 156412
 test-armhf-armhf-libvirt     16 saverestore-support-check    fail  like 156412
 test-amd64-amd64-qemuu-nested-amd 20 debian-hvm-install/l1/l2 fail like 156412
 test-amd64-amd64-xl-qemuu-ws16-amd64 19 guest-stop            fail like 156412
 test-amd64-amd64-xl-qemut-ws16-amd64 19 guest-stop            fail like 156412
 test-amd64-i386-xl-qemuu-win7-amd64 19 guest-stop             fail like 156412
 test-amd64-i386-xl-qemut-ws16-amd64 19 guest-stop             fail like 156412
 test-armhf-armhf-libvirt-raw 15 saverestore-support-check    fail  like 156412
 test-amd64-i386-xl-qemuu-ws16-amd64 19 guest-stop             fail like 156412
 test-amd64-i386-xl-pvshim    14 guest-start                  fail   never pass
 test-amd64-amd64-libvirt     15 migrate-support-check        fail   never pass
 test-arm64-arm64-xl-seattle  15 migrate-support-check        fail   never pass
 test-arm64-arm64-xl-seattle  16 saverestore-support-check    fail   never pass
 test-amd64-i386-libvirt-qemuu-debianhvm-amd64-xsm 13 migrate-support-check 
fail never pass
 test-amd64-amd64-libvirt-xsm 15 migrate-support-check        fail   never pass
 test-amd64-i386-libvirt-xsm  15 migrate-support-check        fail   never pass
 test-amd64-i386-libvirt      15 migrate-support-check        fail   never pass
 test-amd64-amd64-libvirt-qemuu-debianhvm-amd64-xsm 13 migrate-support-check 
fail never pass
 test-arm64-arm64-xl-credit1  15 migrate-support-check        fail   never pass
 test-arm64-arm64-xl-xsm      15 migrate-support-check        fail   never pass
 test-arm64-arm64-xl-credit1  16 saverestore-support-check    fail   never pass
 test-arm64-arm64-xl-credit2  15 migrate-support-check        fail   never pass
 test-arm64-arm64-xl-xsm      16 saverestore-support-check    fail   never pass
 test-arm64-arm64-xl-credit2  16 saverestore-support-check    fail   never pass
 test-arm64-arm64-xl-thunderx 15 migrate-support-check        fail   never pass
 test-arm64-arm64-xl-thunderx 16 saverestore-support-check    fail   never pass
 test-arm64-arm64-xl          15 migrate-support-check        fail   never pass
 test-arm64-arm64-xl          16 saverestore-support-check    fail   never pass
 test-arm64-arm64-libvirt-xsm 15 migrate-support-check        fail   never pass
 test-arm64-arm64-libvirt-xsm 16 saverestore-support-check    fail   never pass
 test-armhf-armhf-xl          15 migrate-support-check        fail   never pass
 test-armhf-armhf-xl          16 saverestore-support-check    fail   never pass
 test-armhf-armhf-xl-multivcpu 15 migrate-support-check        fail  never pass
 test-armhf-armhf-xl-multivcpu 16 saverestore-support-check    fail  never pass
 test-armhf-armhf-xl-arndale  15 migrate-support-check        fail   never pass
 test-armhf-armhf-xl-arndale  16 saverestore-support-check    fail   never pass
 test-amd64-amd64-libvirt-vhd 14 migrate-support-check        fail   never pass
 test-armhf-armhf-xl-rtds     15 migrate-support-check        fail   never pass
 test-armhf-armhf-xl-rtds     16 saverestore-support-check    fail   never pass
 test-armhf-armhf-xl-credit1  15 migrate-support-check        fail   never pass
 test-armhf-armhf-xl-credit1  16 saverestore-support-check    fail   never pass
 test-armhf-armhf-xl-credit2  15 migrate-support-check        fail   never pass
 test-armhf-armhf-xl-credit2  16 saverestore-support-check    fail   never pass
 test-armhf-armhf-xl-cubietruck 15 migrate-support-check        fail never pass
 test-armhf-armhf-xl-cubietruck 16 saverestore-support-check    fail never pass
 test-armhf-armhf-libvirt     15 migrate-support-check        fail   never pass
 test-armhf-armhf-libvirt-raw 14 migrate-support-check        fail   never pass
 test-armhf-armhf-xl-vhd      14 migrate-support-check        fail   never pass
 test-armhf-armhf-xl-vhd      15 saverestore-support-check    fail   never pass

version targeted for testing:
 linux                ec9c6b417e271ee76d1430d2b197794858238d3b
baseline version:
 linux                6e97ed6efa701db070da0054b055c085895aba86

Last test of basis   156412  2020-11-05 11:13:59 Z    5 days
Testing same since   156620  2020-11-10 12:10:31 Z    0 days    1 attempts

------------------------------------------------------------
People who touched revisions under test:
  "kiyin(尹亮)" <[email protected]>
  Alan Stern <[email protected]>
  Alex Deucher <[email protected]>
  Alexander Aring <[email protected]>
  Alexander Sverdlin <[email protected]>
  Andreas Gruenbacher <[email protected]>
  Andrew Morton <[email protected]>
  Andy Strohman <[email protected]>
  Artem Lapkin <[email protected]>
  Baurzhan Ismagulov <[email protected]>
  Ben Skeggs <[email protected]>
  Bjørn Mork <[email protected]>
  Boris Brezillon <[email protected]>
  Borislav Petkov <[email protected]>
  Chaitanya Kulkarni <[email protected]>
  Chris Wilson <[email protected]>
  Christoph Hellwig <[email protected]>
  Chunfeng Yun <[email protected]>
  Claire Chang <[email protected]>
  Claudiu Manoil <[email protected]>
  Clément Péron <[email protected]>
  Dan Carpenter <[email protected]>
  Daniel Vetter <[email protected]>
  Daniel Vetter <[email protected]>
  Daniele Palmas <[email protected]>
  Dany Madden <[email protected]>
  Darrick J. Wong <[email protected]>
  David S. Miller <[email protected]>
  Eddy Wu <[email protected]>
  Eddy Wu <[email protected]>
  Fangrui Song <[email protected]>
  Felipe Balbi <[email protected]>
  Frank Slotta <[email protected]>
  Gabriel Krisman Bertazi <[email protected]>
  Geoffrey D. Bennett <[email protected]>
  Greg Kroah-Hartman <[email protected]>
  Gregory CLEMENT <[email protected]>
  Guenter Roeck <[email protected]>
  Harald Freudenberger <[email protected]>
  Heiko Carstens <[email protected]>
  Hoang Huu Le <[email protected]>
  Hoegeun Kwon <[email protected]>
  Ingo Molnar <[email protected]>
  Jakub Kicinski <[email protected]>
  Jason Gunthorpe <[email protected]>
  Jeff Vander Stoep <[email protected]>
  Jens Axboe <[email protected]>
  Jernej Skrabec <[email protected]>
  Jiri Slaby <[email protected]>
  Johan Hovold <[email protected]>
  Jon Hunter <[email protected]>
  Jon Maloy <[email protected]>
  Kailang Yang <[email protected]>
  Kairui Song <[email protected]>
  Karol Herbst <[email protected]>
  Keith Winstein <[email protected]>
  Kevin Hilman <[email protected]>
  kiyin(尹亮) <[email protected]>
  Lee Jones <[email protected]>
  Linus Torvalds <[email protected]>
  Linux Kernel Functional Testing <[email protected]>
  Macpaul Lin <[email protected]>
  Marcelo Ricardo Leitner <[email protected]>
  Mark Brown <[email protected]>
  Mark Deneen <[email protected]>
  Martin Hundebøll <[email protected]>
  Martin K. Petersen <[email protected]>
  Mateusz Gorski <[email protected]>
  Matija Glavinic Pecotic <[email protected]>
  Maxime Ripard <[email protected]>
  Miaohe Lin <[email protected]>
  Michael Walle <[email protected]>
  Michal Hocko <[email protected]>
  Michał Mirosław <[email protected]>
  Mika Kuoppala <[email protected]>
  Mike Galbraith <[email protected]>
  Ming Lei <[email protected]>
  Nick Desaulniers <[email protected]>
  Oleg Nesterov <[email protected]>
  Ondřej Jirman <[email protected]>
  Pali Rohár <[email protected]>
  Paul E. McKenney <[email protected]>
  Peilin Ye <[email protected]>
  Peter Chen <[email protected]>
  Petr Malat <[email protected]>
  Qian Cai <[email protected]>
  Qinglang Miao <[email protected]>
  Qiujun Huang <[email protected]>
  Rafael J. Wysocki <[email protected]>
  Ralph Campbell <[email protected]>
  Rob Herring <[email protected]>
  Rodrigo Vivi <[email protected]>
  Sami Tolvanen <[email protected]>
  Sasha Levin <[email protected]>
  Scott K Logan <[email protected]>
  Shannon Nelson <[email protected]>
  Shijie Luo <[email protected]>
  Shuah Khan <[email protected]>
  Steven Rostedt (VMware) <[email protected]>
  Sukadev Bhattiprolu <[email protected]>
  Takashi Iwai <[email protected]>
  Tejun Heo <[email protected]>
  Thinh Nguyen <[email protected]>
  Thomas Gleixner <[email protected]>
  Tianci.Yin <[email protected]>
  Tyrel Datwyler <[email protected]>
  Vasily Gorbik <[email protected]>
  Vignesh Raghavendra <[email protected]>
  Vinay Kumar Yadav <[email protected]>
  Vincent Whitchurch <[email protected]>
  Vineet Gupta <[email protected]>
  Vladimir Oltean <[email protected]>
  wenxu <[email protected]>
  Will Deacon <[email protected]>
  Xiang Chen <[email protected]>
  YueHaibing <[email protected]>
  Zhang Qilong <[email protected]>
  zhenwei pi <[email protected]>
  Ziyi Cao <[email protected]>
  Zqiang <[email protected]>

jobs:
 build-amd64-xsm                                              pass    
 build-arm64-xsm                                              pass    
 build-i386-xsm                                               pass    
 build-amd64                                                  pass    
 build-arm64                                                  pass    
 build-armhf                                                  pass    
 build-i386                                                   pass    
 build-amd64-libvirt                                          pass    
 build-arm64-libvirt                                          pass    
 build-armhf-libvirt                                          pass    
 build-i386-libvirt                                           pass    
 build-amd64-pvops                                            pass    
 build-arm64-pvops                                            pass    
 build-armhf-pvops                                            pass    
 build-i386-pvops                                             pass    
 test-amd64-amd64-xl                                          pass    
 test-amd64-coresched-amd64-xl                                pass    
 test-arm64-arm64-xl                                          pass    
 test-armhf-armhf-xl                                          pass    
 test-amd64-i386-xl                                           pass    
 test-amd64-coresched-i386-xl                                 pass    
 test-amd64-amd64-libvirt-qemuu-debianhvm-amd64-xsm           pass    
 test-amd64-i386-libvirt-qemuu-debianhvm-amd64-xsm            pass    
 test-amd64-amd64-xl-qemut-stubdom-debianhvm-amd64-xsm        pass    
 test-amd64-i386-xl-qemut-stubdom-debianhvm-amd64-xsm         pass    
 test-amd64-amd64-xl-qemut-debianhvm-i386-xsm                 pass    
 test-amd64-i386-xl-qemut-debianhvm-i386-xsm                  pass    
 test-amd64-amd64-xl-qemuu-debianhvm-i386-xsm                 pass    
 test-amd64-i386-xl-qemuu-debianhvm-i386-xsm                  pass    
 test-amd64-amd64-libvirt-xsm                                 pass    
 test-arm64-arm64-libvirt-xsm                                 pass    
 test-amd64-i386-libvirt-xsm                                  pass    
 test-amd64-amd64-xl-xsm                                      pass    
 test-arm64-arm64-xl-xsm                                      pass    
 test-amd64-i386-xl-xsm                                       pass    
 test-amd64-amd64-qemuu-nested-amd                            fail    
 test-amd64-amd64-xl-pvhv2-amd                                fail    
 test-amd64-i386-qemut-rhel6hvm-amd                           pass    
 test-amd64-i386-qemuu-rhel6hvm-amd                           pass    
 test-amd64-amd64-dom0pvh-xl-amd                              pass    
 test-amd64-amd64-xl-qemut-debianhvm-amd64                    pass    
 test-amd64-i386-xl-qemut-debianhvm-amd64                     pass    
 test-amd64-amd64-xl-qemuu-debianhvm-amd64                    pass    
 test-amd64-i386-xl-qemuu-debianhvm-amd64                     pass    
 test-amd64-i386-freebsd10-amd64                              pass    
 test-amd64-amd64-qemuu-freebsd11-amd64                       pass    
 test-amd64-amd64-qemuu-freebsd12-amd64                       pass    
 test-amd64-amd64-xl-qemuu-ovmf-amd64                         pass    
 test-amd64-i386-xl-qemuu-ovmf-amd64                          pass    
 test-amd64-amd64-xl-qemut-win7-amd64                         fail    
 test-amd64-i386-xl-qemut-win7-amd64                          fail    
 test-amd64-amd64-xl-qemuu-win7-amd64                         fail    
 test-amd64-i386-xl-qemuu-win7-amd64                          fail    
 test-amd64-amd64-xl-qemut-ws16-amd64                         fail    
 test-amd64-i386-xl-qemut-ws16-amd64                          fail    
 test-amd64-amd64-xl-qemuu-ws16-amd64                         fail    
 test-amd64-i386-xl-qemuu-ws16-amd64                          fail    
 test-armhf-armhf-xl-arndale                                  pass    
 test-amd64-amd64-xl-credit1                                  pass    
 test-arm64-arm64-xl-credit1                                  pass    
 test-armhf-armhf-xl-credit1                                  pass    
 test-amd64-amd64-xl-credit2                                  pass    
 test-arm64-arm64-xl-credit2                                  pass    
 test-armhf-armhf-xl-credit2                                  pass    
 test-armhf-armhf-xl-cubietruck                               pass    
 test-amd64-amd64-xl-qemuu-dmrestrict-amd64-dmrestrict        pass    
 test-amd64-i386-xl-qemuu-dmrestrict-amd64-dmrestrict         pass    
 test-amd64-amd64-examine                                     pass    
 test-arm64-arm64-examine                                     pass    
 test-armhf-armhf-examine                                     pass    
 test-amd64-i386-examine                                      pass    
 test-amd64-i386-freebsd10-i386                               pass    
 test-amd64-amd64-qemuu-nested-intel                          pass    
 test-amd64-amd64-xl-pvhv2-intel                              pass    
 test-amd64-i386-qemut-rhel6hvm-intel                         pass    
 test-amd64-i386-qemuu-rhel6hvm-intel                         pass    
 test-amd64-amd64-dom0pvh-xl-intel                            pass    
 test-amd64-amd64-libvirt                                     pass    
 test-armhf-armhf-libvirt                                     pass    
 test-amd64-i386-libvirt                                      pass    
 test-amd64-amd64-xl-multivcpu                                pass    
 test-armhf-armhf-xl-multivcpu                                pass    
 test-amd64-amd64-pair                                        pass    
 test-amd64-i386-pair                                         pass    
 test-amd64-amd64-libvirt-pair                                pass    
 test-amd64-i386-libvirt-pair                                 pass    
 test-amd64-amd64-amd64-pvgrub                                pass    
 test-amd64-amd64-i386-pvgrub                                 pass    
 test-amd64-amd64-xl-pvshim                                   pass    
 test-amd64-i386-xl-pvshim                                    fail    
 test-amd64-amd64-pygrub                                      pass    
 test-amd64-amd64-xl-qcow2                                    pass    
 test-armhf-armhf-libvirt-raw                                 pass    
 test-amd64-i386-xl-raw                                       pass    
 test-amd64-amd64-xl-rtds                                     fail    
 test-armhf-armhf-xl-rtds                                     pass    
 test-arm64-arm64-xl-seattle                                  pass    
 test-amd64-amd64-xl-qemuu-debianhvm-amd64-shadow             pass    
 test-amd64-i386-xl-qemuu-debianhvm-amd64-shadow              pass    
 test-amd64-amd64-xl-shadow                                   pass    
 test-amd64-i386-xl-shadow                                    pass    
 test-arm64-arm64-xl-thunderx                                 pass    
 test-amd64-amd64-libvirt-vhd                                 pass    
 test-armhf-armhf-xl-vhd                                      pass    


------------------------------------------------------------
sg-report-flight on osstest.test-lab.xenproject.org
logs: /home/logs/logs
images: /home/logs/images

Logs, config files, etc. are available at
    http://logs.test-lab.xenproject.org/osstest/logs

Explanation of these reports, and of osstest in general, is at
    http://xenbits.xen.org/gitweb/?p=osstest.git;a=blob;f=README.email;hb=master
    http://xenbits.xen.org/gitweb/?p=osstest.git;a=blob;f=README;hb=master

Test harness code can be found at
    http://xenbits.xen.org/gitweb?p=osstest.git;a=summary


Not pushing.

(No revision log; it would be 2653 lines long.)

Reply via email to