flight 156412 linux-5.4 real [real]
http://logs.test-lab.xenproject.org/osstest/logs/156412/

Failures :-/ but no regressions.

Regressions which are regarded as allowable (not blocking):
 test-armhf-armhf-xl-rtds    18 guest-start/debian.repeat fail REGR. vs. 156345

Tests which did not succeed, but are not blocking:
 test-amd64-amd64-xl-qemuu-win7-amd64 19 guest-stop            fail like 156345
 test-amd64-i386-xl-qemut-win7-amd64 19 guest-stop             fail like 156345
 test-amd64-amd64-xl-qemut-win7-amd64 19 guest-stop            fail like 156345
 test-armhf-armhf-libvirt     16 saverestore-support-check    fail  like 156345
 test-amd64-amd64-qemuu-nested-amd 20 debian-hvm-install/l1/l2 fail like 156345
 test-amd64-amd64-xl-qemuu-ws16-amd64 19 guest-stop            fail like 156345
 test-amd64-amd64-xl-qemut-ws16-amd64 19 guest-stop            fail like 156345
 test-amd64-i386-xl-qemuu-win7-amd64 19 guest-stop             fail like 156345
 test-amd64-i386-xl-qemut-ws16-amd64 19 guest-stop             fail like 156345
 test-armhf-armhf-libvirt-raw 15 saverestore-support-check    fail  like 156345
 test-amd64-i386-xl-qemuu-ws16-amd64 19 guest-stop             fail like 156345
 test-amd64-amd64-libvirt-qemuu-debianhvm-amd64-xsm 13 migrate-support-check 
fail never pass
 test-amd64-i386-xl-pvshim    14 guest-start                  fail   never pass
 test-amd64-amd64-libvirt     15 migrate-support-check        fail   never pass
 test-arm64-arm64-xl-seattle  15 migrate-support-check        fail   never pass
 test-arm64-arm64-xl-seattle  16 saverestore-support-check    fail   never pass
 test-amd64-i386-libvirt-qemuu-debianhvm-amd64-xsm 13 migrate-support-check 
fail never pass
 test-amd64-amd64-libvirt-xsm 15 migrate-support-check        fail   never pass
 test-amd64-i386-libvirt-xsm  15 migrate-support-check        fail   never pass
 test-amd64-i386-libvirt      15 migrate-support-check        fail   never pass
 test-arm64-arm64-xl-xsm      15 migrate-support-check        fail   never pass
 test-arm64-arm64-xl-xsm      16 saverestore-support-check    fail   never pass
 test-arm64-arm64-xl-credit2  15 migrate-support-check        fail   never pass
 test-arm64-arm64-xl-credit2  16 saverestore-support-check    fail   never pass
 test-arm64-arm64-xl-credit1  15 migrate-support-check        fail   never pass
 test-arm64-arm64-xl-credit1  16 saverestore-support-check    fail   never pass
 test-arm64-arm64-xl-thunderx 15 migrate-support-check        fail   never pass
 test-arm64-arm64-xl-thunderx 16 saverestore-support-check    fail   never pass
 test-arm64-arm64-xl          15 migrate-support-check        fail   never pass
 test-arm64-arm64-xl          16 saverestore-support-check    fail   never pass
 test-arm64-arm64-libvirt-xsm 15 migrate-support-check        fail   never pass
 test-arm64-arm64-libvirt-xsm 16 saverestore-support-check    fail   never pass
 test-armhf-armhf-xl          15 migrate-support-check        fail   never pass
 test-armhf-armhf-xl          16 saverestore-support-check    fail   never pass
 test-armhf-armhf-xl-multivcpu 15 migrate-support-check        fail  never pass
 test-armhf-armhf-xl-multivcpu 16 saverestore-support-check    fail  never pass
 test-armhf-armhf-xl-arndale  15 migrate-support-check        fail   never pass
 test-armhf-armhf-xl-arndale  16 saverestore-support-check    fail   never pass
 test-amd64-amd64-libvirt-vhd 14 migrate-support-check        fail   never pass
 test-armhf-armhf-xl-rtds     15 migrate-support-check        fail   never pass
 test-armhf-armhf-xl-rtds     16 saverestore-support-check    fail   never pass
 test-armhf-armhf-xl-credit1  15 migrate-support-check        fail   never pass
 test-armhf-armhf-xl-credit1  16 saverestore-support-check    fail   never pass
 test-armhf-armhf-xl-credit2  15 migrate-support-check        fail   never pass
 test-armhf-armhf-xl-credit2  16 saverestore-support-check    fail   never pass
 test-armhf-armhf-xl-cubietruck 15 migrate-support-check        fail never pass
 test-armhf-armhf-xl-cubietruck 16 saverestore-support-check    fail never pass
 test-armhf-armhf-libvirt     15 migrate-support-check        fail   never pass
 test-armhf-armhf-libvirt-raw 14 migrate-support-check        fail   never pass
 test-armhf-armhf-xl-vhd      14 migrate-support-check        fail   never pass
 test-armhf-armhf-xl-vhd      15 saverestore-support-check    fail   never pass

version targeted for testing:
 linux                6e97ed6efa701db070da0054b055c085895aba86
baseline version:
 linux                b300b28b78145b832f1112d77035111e35112cec

Last test of basis   156345  2020-11-01 11:14:47 Z    4 days
Testing same since   156412  2020-11-05 11:13:59 Z    0 days    1 attempts

------------------------------------------------------------
People who touched revisions under test:
  Adrian Hunter <[email protected]>
  Alain Volmat <[email protected]>
  Alex Deucher <[email protected]>
  Alex Hung <[email protected]>
  Alexander Sverdlin <[email protected]>
  Alexandre Belloni <[email protected]>
  Alexei Starovoitov <[email protected]>
  Alok Prasad <[email protected]>
  Amit Cohen <[email protected]>
  Anand Jain <[email protected]>
  Anant Thazhemadam <[email protected]>
  Andreas Gruenbacher <[email protected]>
  Andrew Donnellan <[email protected]>
  Andrew Morton <[email protected]>
  Andrey Grodzovsky <[email protected]>
  Andrii Nakryiko <[email protected]>
  Andy Lutomirski <[email protected]>
  Andy Shevchenko <[email protected]>
  Aneesh Kumar K.V <[email protected]>
  Anna Schumaker <[email protected]>
  Antonio Borneo <[email protected]>
  Arnaldo Carvalho de Melo <[email protected]>
  Arnd Bergmann <[email protected]>
  Artur Rojek <[email protected]>
  Arun Kumar Neelakantam <[email protected]>
  Ashish Sangwan <[email protected]>
  Badhri Jagan Sridharan <[email protected]>
  Bartosz Golaszewski <[email protected]>
  Ben Hutchings <[email protected]>
  Benjamin Coddington <[email protected]>
  Bjorn Andersson <[email protected]>
  Chanwoo Choi <[email protected]>
  Chao Leng <[email protected]>
  Chao Yu <[email protected]>
  Chi-hsien Lin <[email protected]>
  Chris Lew <[email protected]>
  Chris Wilson <[email protected]>
  Christian König <[email protected]>
  Christoph Hellwig <[email protected]>
  Christophe Leroy <[email protected]>
  Chuck Lever <[email protected]>
  Chunyan Zhang <[email protected]>
  Dan Carpenter <[email protected]>
  Daniel Thompson <[email protected]>
  Daniel W. S. Almeida <[email protected]>
  Daniel Xu <[email protected]>
  Darrick J. Wong <[email protected]>
  Dave Airlie <[email protected]>
  Dave Wysochanski <[email protected]>
  David Howells <[email protected]>
  David S. Miller <[email protected]>
  David Sterba <[email protected]>
  Deepak Kumar Singh <[email protected]>
  Denis Efremov <[email protected]>
  Diana Craciun <[email protected]>
  Dinghao Liu <[email protected]>
  Dmitry Torokhov <[email protected]>
  [email protected] <[email protected]>
  Dominique Martinet <[email protected]>
  Douglas Anderson <[email protected]>
  Douglas Gilbert <[email protected]>
  Eric Biggers <[email protected]>
  Eryk Brol <[email protected]>
  Etienne Carriere <[email protected]>
  Evan Quan <[email protected]>
  Fabiano Rosas <[email protected]>
  Fangzhi Zuo <[email protected]>
  Felipe Balbi <[email protected]>
  Ferry Toth <[email protected]>
  Filipe Manana <[email protected]>
  Frank Wunderlich <[email protected]>
  Gautham R. Shenoy <[email protected]>
  Geert Uytterhoeven <[email protected]>
  Greg Kroah-Hartman <[email protected]>
  Guenter Roeck <[email protected]>
  Hagen Paul Pfeifer <[email protected]>
  Hans de Goede <[email protected]>
  Hans Verkuil <[email protected]>
  Hans Verkuil <[email protected]>
  Heikki Krogerus <[email protected]>
  Helge Deller <[email protected]>
  Ian Abbott <[email protected]>
  Ido Schimmel <[email protected]>
  Igor Russkikh <[email protected]>
  Ilya Dryomov <[email protected]>
  Ingo Molnar <[email protected]>
  J. Bruce Fields <[email protected]>
  Jaegeuk Kim <[email protected]>
  Jakub Kicinski <[email protected]>
  Jamie Iles <[email protected]>
  Jan Kara <[email protected]>
  Jann Horn <[email protected]>
  Jason Gerecke <[email protected]>
  Jason Gunthorpe <[email protected]>
  Jay Cornwall <[email protected]>
  Jens Axboe <[email protected]>
  Jerome Brunet <[email protected]>
  Jing Xiangfeng <[email protected]>
  Jiri Kosina <[email protected]>
  Jiri Olsa <[email protected]>
  Jiri Slaby <[email protected]>
  Jiri Slaby <[email protected]>
  Jisheng Zhang <[email protected]>
  Joakim Zhang <[email protected]>
  Joel Stanley <[email protected]>
  Johannes Berg <[email protected]>
  Johannes Thumshirn <[email protected]>
  John Ogness <[email protected]>
  Jon Hunter <[email protected]>
  Jonathan Bakker <[email protected]>
  Jonathan Cameron <[email protected]>
  Josef Bacik <[email protected]>
  Juergen Gross <[email protected]>
  Kalle Valo <[email protected]>
  Kan Liang <[email protected]>
  Kees Cook <[email protected]>
  Kim Phillips <[email protected]>
  Krzysztof Kozlowski <[email protected]>
  Lang Dai <[email protected]>
  Laurent Pinchart <[email protected]>
  Laurentiu Tudor <[email protected]>
  Li Jun <[email protected]>
  Linu Cherian <[email protected]>
  Linus Torvalds <[email protected]>
  Linux Kernel Functional Testing <[email protected]>
  Lukas Wunner <[email protected]>
  Luo Meng <[email protected]>
  Maciej W. Rozycki <[email protected]>
  Madhav Chauhan <[email protected]>
  Madhuparna Bhowmik <[email protected]>
  Magnus Karlsson <[email protected]>
  Mahesh Salgaonkar <[email protected]>
  Marc Kleine-Budde <[email protected]>
  Marc Zyngier <[email protected]>
  Marek Behún <[email protected]>
  Mark Brown <[email protected]>
  Martin Fuzzey <[email protected]>
  Martin K. Petersen <[email protected]>
  Martin Steigerwald <[email protected]>
  Masami Hiramatsu <[email protected]>
  Mateusz Nosek <[email protected]>
  Mathias Nyman <[email protected]>
  Mathieu Poirier <[email protected]>
  Matthew Wilcox (Oracle) <[email protected]>
  Matthias Brugger <[email protected]>
  Mauro Carvalho Chehab <[email protected]>
  Michael Chan <[email protected]>
  Michael Ellerman <[email protected]>
  Michael Neuling <[email protected]>
  Michael S. Tsirkin <[email protected]>
  Michael Walle <[email protected]>
  Michal Kalderon <[email protected]>
  Nadezda Lutovinova <[email protected]>
  Nathan Lynch <[email protected]>
  Neil Armstrong <[email protected]>
  Nicholas Piggin <[email protected]>
  Nilesh Javali <[email protected]>
  Oleksij Rempel <[email protected]>
  Olga Kornievskaia <[email protected]>
  Oliver Neukum <[email protected]>
  Oliver O'Halloran <[email protected]>
  Pali Rohár <[email protected]>
  Palmer Dabbelt <[email protected]>
  Paul Cercueil <[email protected]>
  Paul Mackerras <[email protected]>
  Pavel Machek <[email protected]>
  Peter Chen <[email protected]>
  Peter Zijlstra (Intel) <[email protected]>
  Petr Mladek <[email protected]>
  Philippe Cornu <[email protected]>
  Ping Cheng <[email protected]>
  Qingqing Zhuo <[email protected]>
  Qiujun Huang <[email protected]>
  Qu Wenruo <[email protected]>
  Quinn Tran <[email protected]>
  Rafael J. Wysocki <[email protected]>
  Ran Wang <[email protected]>
  Raul E Rangel <[email protected]>
  Raymond Tan <[email protected]>
  Richard Weinberger <[email protected]>
  Rodrigo Vivi <[email protected]>
  Ronnie Sahlberg <[email protected]>
  Russell King <[email protected]>
  Sakari Ailus <[email protected]>
  Sam Ravnborg <[email protected]>
  Sandeep Singh <[email protected]>
  Sanket Goswami <[email protected]>
  Santosh Shilimkar <[email protected]>
  Sascha Hauer <[email protected]>
  Sasha Levin <[email protected]>
  Sathishkumar Muruganandam <[email protected]>
  Sean Nyekjaer <[email protected]>
  Sebastian Reichel <[email protected]>
  Song Liu <[email protected]>
  Stefan Fritsch <[email protected]>
  Stefano Garzarella <[email protected]>
  Stefano Stabellini <[email protected]>
  Stephen Boyd <[email protected]>
  Steve French <[email protected]>
  Steven Rostedt (VMware) <[email protected]>
  Sudeep Holla <[email protected]>
  Sven Schnelle <[email protected]>
  [email protected]
  [email protected]
  Takashi Iwai <[email protected]>
  Tero Kristo <[email protected]>
  Theodore Ts'o <[email protected]>
  Thinh Nguyen <[email protected]>
  Thinh Nguyen <[email protected]>
  Thomas Bogendoerfer <[email protected]>
  Thomas Gleixner <[email protected]>
  Tobias Jordan <[email protected]>
  Tom Rix <[email protected]>
  Tony Lindgren <[email protected]>
  Ulf Hansson <[email protected]>
  Valentin Schneider <[email protected]>
  Vasily Gorbik <[email protected]>
  Vineet Gupta <[email protected]>
  Vinod Koul <[email protected]>
  Viresh Kumar <[email protected]>
  Wei Huang <[email protected]>
  Wen Gong <[email protected]>
  Wesley Chalmers <[email protected]>
  Will Deacon <[email protected]>
  Wim Van Sebroeck <[email protected]>
  Wolfram Sang <[email protected]>
  Wright Feng <[email protected]>
  Xia Jiang <[email protected]>
  Xiang Chen <[email protected]>
  Xie He <[email protected]>
  Xiongfeng Wang <[email protected]>
  Xiubo Li <[email protected]>
  Yonghong Song <[email protected]>
  Yoshihiro Shimoda <[email protected]>
  Zhang Qilong <[email protected]>
  Zhao Heming <[email protected]>
  Zhen Lei <[email protected]>
  Zhengyuan Liu <[email protected]>
  Zhihao Cheng <[email protected]>
  Zong Li <[email protected]>

jobs:
 build-amd64-xsm                                              pass    
 build-arm64-xsm                                              pass    
 build-i386-xsm                                               pass    
 build-amd64                                                  pass    
 build-arm64                                                  pass    
 build-armhf                                                  pass    
 build-i386                                                   pass    
 build-amd64-libvirt                                          pass    
 build-arm64-libvirt                                          pass    
 build-armhf-libvirt                                          pass    
 build-i386-libvirt                                           pass    
 build-amd64-pvops                                            pass    
 build-arm64-pvops                                            pass    
 build-armhf-pvops                                            pass    
 build-i386-pvops                                             pass    
 test-amd64-amd64-xl                                          pass    
 test-amd64-coresched-amd64-xl                                pass    
 test-arm64-arm64-xl                                          pass    
 test-armhf-armhf-xl                                          pass    
 test-amd64-i386-xl                                           pass    
 test-amd64-coresched-i386-xl                                 pass    
 test-amd64-amd64-libvirt-qemuu-debianhvm-amd64-xsm           pass    
 test-amd64-i386-libvirt-qemuu-debianhvm-amd64-xsm            pass    
 test-amd64-amd64-xl-qemut-stubdom-debianhvm-amd64-xsm        pass    
 test-amd64-i386-xl-qemut-stubdom-debianhvm-amd64-xsm         pass    
 test-amd64-amd64-xl-qemut-debianhvm-i386-xsm                 pass    
 test-amd64-i386-xl-qemut-debianhvm-i386-xsm                  pass    
 test-amd64-amd64-xl-qemuu-debianhvm-i386-xsm                 pass    
 test-amd64-i386-xl-qemuu-debianhvm-i386-xsm                  pass    
 test-amd64-amd64-libvirt-xsm                                 pass    
 test-arm64-arm64-libvirt-xsm                                 pass    
 test-amd64-i386-libvirt-xsm                                  pass    
 test-amd64-amd64-xl-xsm                                      pass    
 test-arm64-arm64-xl-xsm                                      pass    
 test-amd64-i386-xl-xsm                                       pass    
 test-amd64-amd64-qemuu-nested-amd                            fail    
 test-amd64-amd64-xl-pvhv2-amd                                pass    
 test-amd64-i386-qemut-rhel6hvm-amd                           pass    
 test-amd64-i386-qemuu-rhel6hvm-amd                           pass    
 test-amd64-amd64-dom0pvh-xl-amd                              pass    
 test-amd64-amd64-xl-qemut-debianhvm-amd64                    pass    
 test-amd64-i386-xl-qemut-debianhvm-amd64                     pass    
 test-amd64-amd64-xl-qemuu-debianhvm-amd64                    pass    
 test-amd64-i386-xl-qemuu-debianhvm-amd64                     pass    
 test-amd64-i386-freebsd10-amd64                              pass    
 test-amd64-amd64-qemuu-freebsd11-amd64                       pass    
 test-amd64-amd64-qemuu-freebsd12-amd64                       pass    
 test-amd64-amd64-xl-qemuu-ovmf-amd64                         pass    
 test-amd64-i386-xl-qemuu-ovmf-amd64                          pass    
 test-amd64-amd64-xl-qemut-win7-amd64                         fail    
 test-amd64-i386-xl-qemut-win7-amd64                          fail    
 test-amd64-amd64-xl-qemuu-win7-amd64                         fail    
 test-amd64-i386-xl-qemuu-win7-amd64                          fail    
 test-amd64-amd64-xl-qemut-ws16-amd64                         fail    
 test-amd64-i386-xl-qemut-ws16-amd64                          fail    
 test-amd64-amd64-xl-qemuu-ws16-amd64                         fail    
 test-amd64-i386-xl-qemuu-ws16-amd64                          fail    
 test-armhf-armhf-xl-arndale                                  pass    
 test-amd64-amd64-xl-credit1                                  pass    
 test-arm64-arm64-xl-credit1                                  pass    
 test-armhf-armhf-xl-credit1                                  pass    
 test-amd64-amd64-xl-credit2                                  pass    
 test-arm64-arm64-xl-credit2                                  pass    
 test-armhf-armhf-xl-credit2                                  pass    
 test-armhf-armhf-xl-cubietruck                               pass    
 test-amd64-amd64-xl-qemuu-dmrestrict-amd64-dmrestrict        pass    
 test-amd64-i386-xl-qemuu-dmrestrict-amd64-dmrestrict         pass    
 test-amd64-amd64-examine                                     pass    
 test-arm64-arm64-examine                                     pass    
 test-armhf-armhf-examine                                     pass    
 test-amd64-i386-examine                                      pass    
 test-amd64-i386-freebsd10-i386                               pass    
 test-amd64-amd64-qemuu-nested-intel                          pass    
 test-amd64-amd64-xl-pvhv2-intel                              pass    
 test-amd64-i386-qemut-rhel6hvm-intel                         pass    
 test-amd64-i386-qemuu-rhel6hvm-intel                         pass    
 test-amd64-amd64-dom0pvh-xl-intel                            pass    
 test-amd64-amd64-libvirt                                     pass    
 test-armhf-armhf-libvirt                                     pass    
 test-amd64-i386-libvirt                                      pass    
 test-amd64-amd64-xl-multivcpu                                pass    
 test-armhf-armhf-xl-multivcpu                                pass    
 test-amd64-amd64-pair                                        pass    
 test-amd64-i386-pair                                         pass    
 test-amd64-amd64-libvirt-pair                                pass    
 test-amd64-i386-libvirt-pair                                 pass    
 test-amd64-amd64-amd64-pvgrub                                pass    
 test-amd64-amd64-i386-pvgrub                                 pass    
 test-amd64-amd64-xl-pvshim                                   pass    
 test-amd64-i386-xl-pvshim                                    fail    
 test-amd64-amd64-pygrub                                      pass    
 test-amd64-amd64-xl-qcow2                                    pass    
 test-armhf-armhf-libvirt-raw                                 pass    
 test-amd64-i386-xl-raw                                       pass    
 test-amd64-amd64-xl-rtds                                     pass    
 test-armhf-armhf-xl-rtds                                     fail    
 test-arm64-arm64-xl-seattle                                  pass    
 test-amd64-amd64-xl-qemuu-debianhvm-amd64-shadow             pass    
 test-amd64-i386-xl-qemuu-debianhvm-amd64-shadow              pass    
 test-amd64-amd64-xl-shadow                                   pass    
 test-amd64-i386-xl-shadow                                    pass    
 test-arm64-arm64-xl-thunderx                                 pass    
 test-amd64-amd64-libvirt-vhd                                 pass    
 test-armhf-armhf-xl-vhd                                      pass    


------------------------------------------------------------
sg-report-flight on osstest.test-lab.xenproject.org
logs: /home/logs/logs
images: /home/logs/images

Logs, config files, etc. are available at
    http://logs.test-lab.xenproject.org/osstest/logs

Explanation of these reports, and of osstest in general, is at
    http://xenbits.xen.org/gitweb/?p=osstest.git;a=blob;f=README.email;hb=master
    http://xenbits.xen.org/gitweb/?p=osstest.git;a=blob;f=README;hb=master

Test harness code can be found at
    http://xenbits.xen.org/gitweb?p=osstest.git;a=summary


Pushing revision :

hint: The 'hooks/update' hook was ignored because it's not set as executable.
hint: You can disable this warning with `git config advice.ignoredHook false`.
hint: The 'hooks/post-receive' hook was ignored because it's not set as 
executable.
hint: You can disable this warning with `git config advice.ignoredHook false`.
hint: The 'hooks/post-update' hook was ignored because it's not set as 
executable.
hint: You can disable this warning with `git config advice.ignoredHook false`.
To xenbits.xen.org:/home/xen/git/linux-pvops.git
   b300b28b7814..6e97ed6efa70  6e97ed6efa701db070da0054b055c085895aba86 -> 
tested/linux-5.4

Reply via email to