flight 155799 linux-5.4 real [real]
http://logs.test-lab.xenproject.org/osstest/logs/155799/

Regressions :-(

Tests which did not succeed and are blocking,
including tests which could not be run:
 test-amd64-amd64-xl-pvhv2-intel 12 debian-install        fail REGR. vs. 155534
 test-amd64-amd64-pygrub      13 guest-start              fail REGR. vs. 155534

Tests which did not succeed, but are not blocking:
 test-armhf-armhf-xl-rtds     18 guest-start/debian.repeat    fail  like 155534
 test-amd64-i386-xl-pvshim    14 guest-start                  fail   never pass
 test-amd64-amd64-libvirt-xsm 15 migrate-support-check        fail   never pass
 test-amd64-i386-libvirt-xsm  15 migrate-support-check        fail   never pass
 test-amd64-amd64-libvirt     15 migrate-support-check        fail   never pass
 test-arm64-arm64-xl-seattle  15 migrate-support-check        fail   never pass
 test-arm64-arm64-xl-seattle  16 saverestore-support-check    fail   never pass
 test-amd64-i386-libvirt      15 migrate-support-check        fail   never pass
 test-amd64-amd64-libvirt-qemuu-debianhvm-amd64-xsm 13 migrate-support-check 
fail never pass
 test-amd64-i386-libvirt-qemuu-debianhvm-amd64-xsm 13 migrate-support-check 
fail never pass
 test-arm64-arm64-xl-credit2  15 migrate-support-check        fail   never pass
 test-arm64-arm64-xl-credit2  16 saverestore-support-check    fail   never pass
 test-arm64-arm64-xl-thunderx 15 migrate-support-check        fail   never pass
 test-arm64-arm64-xl-xsm      15 migrate-support-check        fail   never pass
 test-arm64-arm64-xl-thunderx 16 saverestore-support-check    fail   never pass
 test-arm64-arm64-xl          15 migrate-support-check        fail   never pass
 test-arm64-arm64-xl          16 saverestore-support-check    fail   never pass
 test-arm64-arm64-xl-xsm      16 saverestore-support-check    fail   never pass
 test-arm64-arm64-xl-credit1  15 migrate-support-check        fail   never pass
 test-arm64-arm64-xl-credit1  16 saverestore-support-check    fail   never pass
 test-arm64-arm64-libvirt-xsm 15 migrate-support-check        fail   never pass
 test-arm64-arm64-libvirt-xsm 16 saverestore-support-check    fail   never pass
 test-armhf-armhf-xl-arndale  15 migrate-support-check        fail   never pass
 test-armhf-armhf-xl-arndale  16 saverestore-support-check    fail   never pass
 test-amd64-amd64-libvirt-vhd 14 migrate-support-check        fail   never pass
 test-armhf-armhf-xl-multivcpu 15 migrate-support-check        fail  never pass
 test-armhf-armhf-xl-multivcpu 16 saverestore-support-check    fail  never pass
 test-amd64-amd64-xl-qemuu-win7-amd64 19 guest-stop             fail never pass
 test-amd64-i386-xl-qemut-win7-amd64 19 guest-stop              fail never pass
 test-amd64-amd64-xl-qemut-win7-amd64 19 guest-stop             fail never pass
 test-armhf-armhf-xl-credit1  15 migrate-support-check        fail   never pass
 test-armhf-armhf-xl-credit1  16 saverestore-support-check    fail   never pass
 test-armhf-armhf-xl-rtds     15 migrate-support-check        fail   never pass
 test-armhf-armhf-xl-rtds     16 saverestore-support-check    fail   never pass
 test-armhf-armhf-xl-credit2  15 migrate-support-check        fail   never pass
 test-armhf-armhf-xl-credit2  16 saverestore-support-check    fail   never pass
 test-amd64-amd64-qemuu-nested-amd 20 debian-hvm-install/l1/l2  fail never pass
 test-armhf-armhf-xl-cubietruck 15 migrate-support-check        fail never pass
 test-armhf-armhf-xl-cubietruck 16 saverestore-support-check    fail never pass
 test-armhf-armhf-libvirt     15 migrate-support-check        fail   never pass
 test-armhf-armhf-libvirt     16 saverestore-support-check    fail   never pass
 test-amd64-amd64-xl-qemuu-ws16-amd64 19 guest-stop             fail never pass
 test-amd64-amd64-xl-qemut-ws16-amd64 19 guest-stop             fail never pass
 test-amd64-i386-xl-qemuu-win7-amd64 19 guest-stop              fail never pass
 test-amd64-i386-xl-qemut-ws16-amd64 19 guest-stop              fail never pass
 test-armhf-armhf-xl-vhd      14 migrate-support-check        fail   never pass
 test-armhf-armhf-xl-vhd      15 saverestore-support-check    fail   never pass
 test-armhf-armhf-xl          15 migrate-support-check        fail   never pass
 test-armhf-armhf-xl          16 saverestore-support-check    fail   never pass
 test-armhf-armhf-libvirt-raw 14 migrate-support-check        fail   never pass
 test-armhf-armhf-libvirt-raw 15 saverestore-support-check    fail   never pass
 test-amd64-i386-xl-qemuu-ws16-amd64 19 guest-stop              fail never pass

version targeted for testing:
 linux                85b0841aab15c12948af951d477183ab3df7de14
baseline version:
 linux                d22f99d235e13356521b374410a6ee24f50b65e6

Last test of basis   155534  2020-10-07 22:08:49 Z    6 days
Testing same since   155799  2020-10-14 08:39:59 Z    0 days    1 attempts

------------------------------------------------------------
People who touched revisions under test:
  Aaron Brown <[email protected]>
  Aaron Ma <[email protected]>
  Adrian Hunter <[email protected]>
  Alex Deucher <[email protected]>
  Anand Jain <[email protected]>
  Anant Thazhemadam <[email protected]>
  Andrew Bowers <[email protected]>
  Andrew Morton <[email protected]>
  Andrii Nakryiko <[email protected]>
  Andy Shevchenko <[email protected]>
  Antony Antony <[email protected]>
  Arnaldo Carvalho de Melo <[email protected]>
  Aya Levin <[email protected]>
  Aya Levin <[email protected]>
  Chaitanya Kulkarni <[email protected]>
  Christoph Hellwig <[email protected]>
  Coly Li <[email protected]>
  Cong Wang <[email protected]>
  Cristian Ciocaltea <[email protected]>
  Daniel Borkmann <[email protected]>
  Daniel Vetter <[email protected]>
  Dave Airlie <[email protected]>
  David Howells <[email protected]>
  David S. Miller <[email protected]>
  David Sterba <[email protected]>
  Davide Caratti <[email protected]>
  Dinghao Liu <[email protected]>
  Dinh Nguyen <[email protected]>
  Dmitry Torokhov <[email protected]>
  Dumitru Ceara <[email protected]>
  Eran Ben Elisha <[email protected]>
  Eric Dumazet <[email protected]>
  Eric W. Biederman <[email protected]>
  Filipe Manana <[email protected]>
  Geert Uytterhoeven <[email protected]>
  Greg Kroah-Hartman <[email protected]>
  Greg Kurz <[email protected]>
  Guenter Roeck <[email protected]>
  Guillaume Nault <[email protected]>
  Hans de Goede <[email protected]>
  Heiner Kallweit <[email protected]>
  Herbert Xu <[email protected]>
  Hugh Dickins <[email protected]>
  Ido Schimmel <[email protected]>
  Ingo Molnar <[email protected]>
  Ivan Khoronzhuk <[email protected]>
  Ivan Khoronzhuk <[email protected]>
  Jakub Kicinski <[email protected]>
  Jason Wang <[email protected]>
  Jean Delvare <[email protected]>
  Jens Axboe <[email protected]>
  Jerome Brunet <[email protected]>
  Jiri Olsa <[email protected]>
  Joerg Roedel <[email protected]>
  Johannes Berg <[email protected]>
  John Fastabend <[email protected]>
  Jon Hunter <[email protected]>
  Kajol Jain <[email protected]>
  Karol Herbst <[email protected]>
  Linus Torvalds <[email protected]>
  Linux Kernel Functional Testing <[email protected]>
  Lu Baolu <[email protected]>
  Maor Gottlieb <[email protected]>
  Marc Dionne <[email protected]>
  Marcelo Ricardo Leitner <[email protected]>
  Mark Gross <[email protected]>
  Michael S. Tsirkin <[email protected]>
  Michal Hocko <[email protected]>
  Muchun Song <[email protected]>
  Neal Cardwell <[email protected]>
  Necip Fazil Yildiran <[email protected]>
  Nicolas Belin <[email protected]>
  Nikolay Borisov <[email protected]>
  Nobuhiro Iwamatsu (CIP) <[email protected]>
  Nobuhiro Iwamatsu <[email protected]>
  Paolo Abeni <[email protected]>
  Peilin Ye <[email protected]>
  Peter Zijlstra (Intel) <[email protected]>
  Petko Manolov <[email protected]>
  Philip Yang <[email protected]>
  Qu Wenruo <[email protected]>
  Randy Dunlap <[email protected]>
  Rohit Maheshwari <[email protected]>
  Sabrina Dubroca <[email protected]>
  Saeed Mahameed <[email protected]>
  Sasha Levin <[email protected]>
  Shuah Khan <[email protected]>
  Soheil Hassas Yeganeh <[email protected]>
  Srikar Dronamraju <[email protected]>
  Steffen Klassert <[email protected]>
  Sylwester Dziedziuch <[email protected]>
  [email protected]
  [email protected]
  [email protected]
  Tetsuo Handa <[email protected]>
  Tom Rix <[email protected]>
  Tommi Rantala <[email protected]>
  Tonghao Zhang <[email protected]>
  Tony Ambardar <[email protected]>
  Tony Nguyen <[email protected]>
  Ulf Hansson <[email protected]>
  Vaibhav Gupta <[email protected]>
  Vijay Balakrishna <[email protected]>
  Vladimir Zapolskiy <[email protected]>
  Voon Weifeng <[email protected]>
  Wilken Gottwalt <[email protected]>
  Willem de Bruijn <[email protected]>
  Wolfram Sang <[email protected]>
  Xiongfeng Wang <[email protected]>
  Yinyin Zhu <[email protected]>

jobs:
 build-amd64-xsm                                              pass    
 build-arm64-xsm                                              pass    
 build-i386-xsm                                               pass    
 build-amd64                                                  pass    
 build-arm64                                                  pass    
 build-armhf                                                  pass    
 build-i386                                                   pass    
 build-amd64-libvirt                                          pass    
 build-arm64-libvirt                                          pass    
 build-armhf-libvirt                                          pass    
 build-i386-libvirt                                           pass    
 build-amd64-pvops                                            pass    
 build-arm64-pvops                                            pass    
 build-armhf-pvops                                            pass    
 build-i386-pvops                                             pass    
 test-amd64-amd64-xl                                          pass    
 test-amd64-coresched-amd64-xl                                pass    
 test-arm64-arm64-xl                                          pass    
 test-armhf-armhf-xl                                          pass    
 test-amd64-i386-xl                                           pass    
 test-amd64-coresched-i386-xl                                 pass    
 test-amd64-amd64-libvirt-qemuu-debianhvm-amd64-xsm           pass    
 test-amd64-i386-libvirt-qemuu-debianhvm-amd64-xsm            pass    
 test-amd64-amd64-xl-qemut-stubdom-debianhvm-amd64-xsm        pass    
 test-amd64-i386-xl-qemut-stubdom-debianhvm-amd64-xsm         pass    
 test-amd64-amd64-xl-qemut-debianhvm-i386-xsm                 pass    
 test-amd64-i386-xl-qemut-debianhvm-i386-xsm                  pass    
 test-amd64-amd64-xl-qemuu-debianhvm-i386-xsm                 pass    
 test-amd64-i386-xl-qemuu-debianhvm-i386-xsm                  pass    
 test-amd64-amd64-libvirt-xsm                                 pass    
 test-arm64-arm64-libvirt-xsm                                 pass    
 test-amd64-i386-libvirt-xsm                                  pass    
 test-amd64-amd64-xl-xsm                                      pass    
 test-arm64-arm64-xl-xsm                                      pass    
 test-amd64-i386-xl-xsm                                       pass    
 test-amd64-amd64-qemuu-nested-amd                            fail    
 test-amd64-amd64-xl-pvhv2-amd                                pass    
 test-amd64-i386-qemut-rhel6hvm-amd                           pass    
 test-amd64-i386-qemuu-rhel6hvm-amd                           pass    
 test-amd64-amd64-dom0pvh-xl-amd                              pass    
 test-amd64-amd64-xl-qemut-debianhvm-amd64                    pass    
 test-amd64-i386-xl-qemut-debianhvm-amd64                     pass    
 test-amd64-amd64-xl-qemuu-debianhvm-amd64                    pass    
 test-amd64-i386-xl-qemuu-debianhvm-amd64                     pass    
 test-amd64-i386-freebsd10-amd64                              pass    
 test-amd64-amd64-qemuu-freebsd11-amd64                       pass    
 test-amd64-amd64-qemuu-freebsd12-amd64                       pass    
 test-amd64-amd64-xl-qemuu-ovmf-amd64                         pass    
 test-amd64-i386-xl-qemuu-ovmf-amd64                          pass    
 test-amd64-amd64-xl-qemut-win7-amd64                         fail    
 test-amd64-i386-xl-qemut-win7-amd64                          fail    
 test-amd64-amd64-xl-qemuu-win7-amd64                         fail    
 test-amd64-i386-xl-qemuu-win7-amd64                          fail    
 test-amd64-amd64-xl-qemut-ws16-amd64                         fail    
 test-amd64-i386-xl-qemut-ws16-amd64                          fail    
 test-amd64-amd64-xl-qemuu-ws16-amd64                         fail    
 test-amd64-i386-xl-qemuu-ws16-amd64                          fail    
 test-armhf-armhf-xl-arndale                                  pass    
 test-amd64-amd64-xl-credit1                                  pass    
 test-arm64-arm64-xl-credit1                                  pass    
 test-armhf-armhf-xl-credit1                                  pass    
 test-amd64-amd64-xl-credit2                                  pass    
 test-arm64-arm64-xl-credit2                                  pass    
 test-armhf-armhf-xl-credit2                                  pass    
 test-armhf-armhf-xl-cubietruck                               pass    
 test-amd64-amd64-xl-qemuu-dmrestrict-amd64-dmrestrict        pass    
 test-amd64-i386-xl-qemuu-dmrestrict-amd64-dmrestrict         pass    
 test-amd64-amd64-examine                                     pass    
 test-arm64-arm64-examine                                     pass    
 test-armhf-armhf-examine                                     pass    
 test-amd64-i386-examine                                      pass    
 test-amd64-i386-freebsd10-i386                               pass    
 test-amd64-amd64-qemuu-nested-intel                          pass    
 test-amd64-amd64-xl-pvhv2-intel                              fail    
 test-amd64-i386-qemut-rhel6hvm-intel                         pass    
 test-amd64-i386-qemuu-rhel6hvm-intel                         pass    
 test-amd64-amd64-dom0pvh-xl-intel                            pass    
 test-amd64-amd64-libvirt                                     pass    
 test-armhf-armhf-libvirt                                     pass    
 test-amd64-i386-libvirt                                      pass    
 test-amd64-amd64-xl-multivcpu                                pass    
 test-armhf-armhf-xl-multivcpu                                pass    
 test-amd64-amd64-pair                                        pass    
 test-amd64-i386-pair                                         pass    
 test-amd64-amd64-libvirt-pair                                pass    
 test-amd64-i386-libvirt-pair                                 pass    
 test-amd64-amd64-amd64-pvgrub                                pass    
 test-amd64-amd64-i386-pvgrub                                 pass    
 test-amd64-amd64-xl-pvshim                                   pass    
 test-amd64-i386-xl-pvshim                                    fail    
 test-amd64-amd64-pygrub                                      fail    
 test-amd64-amd64-xl-qcow2                                    pass    
 test-armhf-armhf-libvirt-raw                                 pass    
 test-amd64-i386-xl-raw                                       pass    
 test-amd64-amd64-xl-rtds                                     pass    
 test-armhf-armhf-xl-rtds                                     fail    
 test-arm64-arm64-xl-seattle                                  pass    
 test-amd64-amd64-xl-qemuu-debianhvm-amd64-shadow             pass    
 test-amd64-i386-xl-qemuu-debianhvm-amd64-shadow              pass    
 test-amd64-amd64-xl-shadow                                   pass    
 test-amd64-i386-xl-shadow                                    pass    
 test-arm64-arm64-xl-thunderx                                 pass    
 test-amd64-amd64-libvirt-vhd                                 pass    
 test-armhf-armhf-xl-vhd                                      pass    


------------------------------------------------------------
sg-report-flight on osstest.test-lab.xenproject.org
logs: /home/logs/logs
images: /home/logs/images

Logs, config files, etc. are available at
    http://logs.test-lab.xenproject.org/osstest/logs

Explanation of these reports, and of osstest in general, is at
    http://xenbits.xen.org/gitweb/?p=osstest.git;a=blob;f=README.email;hb=master
    http://xenbits.xen.org/gitweb/?p=osstest.git;a=blob;f=README;hb=master

Test harness code can be found at
    http://xenbits.xen.org/gitweb?p=osstest.git;a=summary


Not pushing.

(No revision log; it would be 2856 lines long.)

Reply via email to