flight 154677 qemu-mainline running [real] http://logs.test-lab.xenproject.org/osstest/logs/154677/
Regressions :-( Tests which did not succeed and are blocking, including tests which could not be run: test-amd64-amd64-xl-qcow2 10 debian-di-install fail REGR. vs. 152631 test-amd64-i386-xl-qemuu-dmrestrict-amd64-dmrestrict 10 debian-hvm-install fail REGR. vs. 152631 test-amd64-amd64-xl-qemuu-win7-amd64 10 windows-install fail REGR. vs. 152631 test-amd64-amd64-qemuu-nested-intel 10 debian-hvm-install fail REGR. vs. 152631 test-amd64-amd64-xl-qemuu-debianhvm-amd64-shadow 10 debian-hvm-install fail REGR. vs. 152631 test-amd64-amd64-xl-qemuu-ovmf-amd64 10 debian-hvm-install fail REGR. vs. 152631 test-amd64-amd64-xl-qemuu-dmrestrict-amd64-dmrestrict 10 debian-hvm-install fail REGR. vs. 152631 test-amd64-i386-xl-qemuu-win7-amd64 10 windows-install fail REGR. vs. 152631 test-amd64-i386-xl-qemuu-debianhvm-i386-xsm 10 debian-hvm-install fail REGR. vs. 152631 test-amd64-amd64-qemuu-nested-amd 10 debian-hvm-install fail REGR. vs. 152631 test-amd64-amd64-xl-qemuu-ws16-amd64 10 windows-install fail REGR. vs. 152631 test-amd64-amd64-xl-qemuu-debianhvm-i386-xsm 10 debian-hvm-install fail REGR. vs. 152631 test-amd64-amd64-xl-qemuu-debianhvm-amd64 10 debian-hvm-install fail REGR. vs. 152631 test-amd64-i386-qemuu-rhel6hvm-amd 10 redhat-install fail REGR. vs. 152631 test-amd64-i386-xl-qemuu-debianhvm-amd64 10 debian-hvm-install fail REGR. vs. 152631 test-amd64-i386-qemuu-rhel6hvm-intel 10 redhat-install fail REGR. vs. 152631 test-amd64-i386-xl-qemuu-ovmf-amd64 10 debian-hvm-install fail REGR. vs. 152631 test-amd64-i386-xl-qemuu-debianhvm-amd64-shadow 10 debian-hvm-install fail REGR. vs. 152631 test-arm64-arm64-libvirt-xsm 12 guest-start fail REGR. vs. 152631 test-armhf-armhf-xl-vhd 10 debian-di-install fail REGR. vs. 152631 test-amd64-amd64-libvirt-vhd 11 guest-start fail REGR. vs. 152631 test-armhf-armhf-libvirt 12 guest-start fail REGR. vs. 152631 test-armhf-armhf-libvirt-raw 10 debian-di-install fail REGR. vs. 152631 test-amd64-amd64-qemuu-freebsd11-amd64 19 guest-start/freebsd.repeat fail REGR. vs. 152631 test-amd64-amd64-qemuu-freebsd12-amd64 19 guest-start/freebsd.repeat fail REGR. vs. 152631 test-amd64-i386-freebsd10-i386 19 guest-start/freebsd.repeat fail REGR. vs. 152631 test-amd64-i386-xl-qemuu-ws16-amd64 2 hosts-allocate running Tests which did not succeed, but are not blocking: test-armhf-armhf-xl-rtds 16 guest-start/debian.repeat fail like 152631 test-amd64-i386-xl-pvshim 12 guest-start fail never pass test-arm64-arm64-xl-seattle 13 migrate-support-check fail never pass test-arm64-arm64-xl-seattle 14 saverestore-support-check fail never pass test-amd64-amd64-libvirt-xsm 13 migrate-support-check fail never pass test-amd64-amd64-libvirt 13 migrate-support-check fail never pass test-amd64-i386-libvirt-xsm 13 migrate-support-check fail never pass test-amd64-i386-libvirt 13 migrate-support-check fail never pass test-arm64-arm64-xl 13 migrate-support-check fail never pass test-arm64-arm64-xl 14 saverestore-support-check fail never pass test-arm64-arm64-xl-credit1 13 migrate-support-check fail never pass test-arm64-arm64-xl-credit1 14 saverestore-support-check fail never pass test-arm64-arm64-xl-credit2 13 migrate-support-check fail never pass test-arm64-arm64-xl-credit2 14 saverestore-support-check fail never pass test-arm64-arm64-xl-thunderx 13 migrate-support-check fail never pass test-arm64-arm64-xl-xsm 13 migrate-support-check fail never pass test-arm64-arm64-xl-thunderx 14 saverestore-support-check fail never pass test-arm64-arm64-xl-xsm 14 saverestore-support-check fail never pass test-armhf-armhf-xl-arndale 13 migrate-support-check fail never pass test-armhf-armhf-xl-arndale 14 saverestore-support-check fail never pass test-amd64-amd64-libvirt-qemuu-debianhvm-amd64-xsm 11 migrate-support-check fail never pass test-amd64-i386-libvirt-qemuu-debianhvm-amd64-xsm 11 migrate-support-check fail never pass test-armhf-armhf-xl 13 migrate-support-check fail never pass test-armhf-armhf-xl 14 saverestore-support-check fail never pass test-armhf-armhf-xl-credit1 13 migrate-support-check fail never pass test-armhf-armhf-xl-credit1 14 saverestore-support-check fail never pass test-armhf-armhf-xl-rtds 13 migrate-support-check fail never pass test-armhf-armhf-xl-rtds 14 saverestore-support-check fail never pass test-armhf-armhf-xl-multivcpu 13 migrate-support-check fail never pass test-armhf-armhf-xl-multivcpu 14 saverestore-support-check fail never pass test-armhf-armhf-xl-credit2 13 migrate-support-check fail never pass test-armhf-armhf-xl-credit2 14 saverestore-support-check fail never pass test-armhf-armhf-xl-cubietruck 13 migrate-support-check fail never pass test-armhf-armhf-xl-cubietruck 14 saverestore-support-check fail never pass version targeted for testing: qemuu c122bca9cd7b986be4d473240a4fec6315b7a2c2 baseline version: qemuu 1d806cef0e38b5db8347a8e12f214d543204a314 Last test of basis 152631 2020-08-20 09:07:46 Z 39 days Failing since 152659 2020-08-21 14:07:39 Z 37 days 71 attempts Testing same since (not found) 0 attempts ------------------------------------------------------------ People who touched revisions under test: Aaron Lindsay <[email protected]> Alberto Garcia <[email protected]> Aleksandar Markovic <[email protected]> Alex Bennée <[email protected]> Alexander Bulekov <[email protected]> Alexey Kirillov <[email protected]> Alistair Francis <[email protected]> Alistair Francis <[email protected]> Andrey Konovalov <[email protected]> Andrey Shinkevich <[email protected]> Ani Sinha <[email protected]> Anthony PERARD <[email protected]> Anton Blanchard <[email protected]> Anup Patel <[email protected]> Babu Moger <[email protected]> Bin Meng <[email protected]> Bruce Rogers <[email protected]> Carlo Marcelo Arenas Belón <[email protected]> Chen Gang <[email protected]> Chen Qun <[email protected]> Chih-Min Chao <[email protected]> Christian Borntraeger <[email protected]> Christian Schoenebeck <[email protected]> Claudio Fontana <[email protected]> Cleber Rosa <[email protected]> Connor Kuehl <[email protected]> Corey Minyard <[email protected]> Cornelia Huck <[email protected]> Cédric Le Goater <[email protected]> César Belley <[email protected]> Daniel Henrique Barboza <[email protected]> Daniel P. Berrangé <[email protected]> David Gibson <[email protected]> Dov Murik <[email protected]> Dr. David Alan Gilbert <[email protected]> Edgar E. Iglesias <[email protected]> Eduardo Habkost <[email protected]> Eduardo Otubo <[email protected]> Eric Auger <[email protected]> Eric Blake <[email protected]> Erik Smit <[email protected]> Fam Zheng <[email protected]> Filip Bozuta <[email protected]> Frank Chang <[email protected]> Frediano Ziglio <[email protected]> Gerd Hoffmann <[email protected]> Gonglei <[email protected]> Graeme Gregory <[email protected]> Greg Kurz <[email protected]> Gustavo Romero <[email protected]> Han Han <[email protected]> Havard Skinnemoen <[email protected]> Helge Deller <[email protected]> Heyi Guo <[email protected]> Hongzheng-Li <[email protected]> Hou Weiying <[email protected]> Igor Kononenko <[email protected]> Igor Mammedov <[email protected]> Joel Stanley <[email protected]> John Snow <[email protected]> Jon Doron <[email protected]> Kashyap Chamarthy <[email protected]> Keith Busch <[email protected]> Kenta Ishiguro <[email protected]> Kevin Wolf <[email protected]> Kito Cheng <[email protected]> Klaus Jensen <[email protected]> Klaus Jensen <[email protected]> Laszlo Ersek <[email protected]> Laurent Vivier <[email protected]> Laurent Vivier <[email protected]> Lei YU <[email protected]> Leif Lindholm <[email protected]> Li Qiang <[email protected]> Li Zhijian <[email protected]> Liao Pingfang <[email protected]> Liao Pingfang <[email protected]>a Lijun Pan <[email protected]> LIU Zhiwei <[email protected]> Longpeng(Mike) <[email protected]> Lukas Straub <[email protected]> Marc-André Lureau <[email protected]> Mark Cave-Ayland <[email protected]> Markus Armbruster <[email protected]> Matthieu Bucchianeri <[email protected]> Max Filippov <[email protected]> Max Reitz <[email protected]> Maxim Levitsky <[email protected]> Michael Roth <[email protected]> Michael S. Tsirkin <[email protected]> Michael Walle <[email protected]> Michal Privoznik <[email protected]> Mike Gelfand <[email protected]> Myriad-Dreamin <[email protected]> Nathan Chancellor <[email protected]> Niek Linnenbank <[email protected]> Nikola Pavlica <[email protected]> Nir Soffer <[email protected]> Nir Soffer <[email protected]> Pan Nengyuan <[email protected]> Paolo Bonzini <[email protected]> Paul Burton <[email protected]> Paul Durrant <[email protected]> Pavel Dovgalyuk <[email protected]> Pavel Dovgalyuk <[email protected]> Peter Lieven <[email protected]> Peter Maydell <[email protected]> Peter Xu <[email protected]> Philippe Mathieu-Daude <[email protected]> Philippe Mathieu-Daudé <[email protected]> Philippe Mathieu-Daudé <[email protected]> Prasad J Pandit <[email protected]> Richard Henderson <[email protected]> Roman Bolshakov <[email protected]> Sai Pavan Boddu <[email protected]> Sergei Trofimovich <[email protected]> Sergio Lopez <[email protected]> Stefan Hajnoczi <[email protected]> Stefan Weil <[email protected]> Stefano Garzarella <[email protected]> Stephen Long <[email protected]> Sven Schnelle <[email protected]> Swapnil Ingle <[email protected]> Thiago Jung Bauermann <[email protected]> Thomas Huth <[email protected]> Thomas Huth <[email protected]> Tianjia Zhang <[email protected]> Timothy Baldwin <[email protected]> Timothy E Baldwin <[email protected]> Tomáš Golembiovský <[email protected]> Vitaly Cheptsov <[email protected]> Vitaly Kuznetsov <[email protected]> Vivek Goyal <[email protected]> Vladimir Sementsov-Ogievskiy <[email protected]> Volker Rümelin <[email protected]> Yi Li <[email protected]> Yi Wang <[email protected]> Yifei Jiang <[email protected]> Ying Fang <[email protected]> Yipeng Yin <[email protected]> Yonggang Luo <[email protected]> zhaolichang <[email protected]> Zhenyu Ye <[email protected]> Zong Li <[email protected]> jobs: build-amd64-xsm pass build-arm64-xsm pass build-i386-xsm pass build-amd64 pass build-arm64 pass build-armhf pass build-i386 pass build-amd64-libvirt pass build-arm64-libvirt pass build-armhf-libvirt pass build-i386-libvirt pass build-amd64-pvops pass build-arm64-pvops pass build-armhf-pvops pass build-i386-pvops pass test-amd64-amd64-xl pass test-amd64-coresched-amd64-xl pass test-arm64-arm64-xl pass test-armhf-armhf-xl pass test-amd64-i386-xl pass test-amd64-coresched-i386-xl pass test-amd64-amd64-libvirt-qemuu-debianhvm-amd64-xsm pass test-amd64-i386-libvirt-qemuu-debianhvm-amd64-xsm pass test-amd64-amd64-xl-qemuu-debianhvm-i386-xsm fail test-amd64-i386-xl-qemuu-debianhvm-i386-xsm fail test-amd64-amd64-libvirt-xsm pass test-arm64-arm64-libvirt-xsm fail test-amd64-i386-libvirt-xsm pass test-amd64-amd64-xl-xsm pass test-arm64-arm64-xl-xsm pass test-amd64-i386-xl-xsm pass test-amd64-amd64-qemuu-nested-amd fail test-amd64-amd64-xl-pvhv2-amd pass test-amd64-i386-qemuu-rhel6hvm-amd fail test-amd64-amd64-dom0pvh-xl-amd pass test-amd64-amd64-xl-qemuu-debianhvm-amd64 fail test-amd64-i386-xl-qemuu-debianhvm-amd64 fail test-amd64-i386-freebsd10-amd64 pass test-amd64-amd64-qemuu-freebsd11-amd64 fail test-amd64-amd64-qemuu-freebsd12-amd64 fail test-amd64-amd64-xl-qemuu-ovmf-amd64 fail test-amd64-i386-xl-qemuu-ovmf-amd64 fail test-amd64-amd64-xl-qemuu-win7-amd64 fail test-amd64-i386-xl-qemuu-win7-amd64 fail test-amd64-amd64-xl-qemuu-ws16-amd64 fail test-amd64-i386-xl-qemuu-ws16-amd64 preparing test-armhf-armhf-xl-arndale pass test-amd64-amd64-xl-credit1 pass test-arm64-arm64-xl-credit1 pass test-armhf-armhf-xl-credit1 pass test-amd64-amd64-xl-credit2 pass test-arm64-arm64-xl-credit2 pass test-armhf-armhf-xl-credit2 pass test-armhf-armhf-xl-cubietruck pass test-amd64-amd64-xl-qemuu-dmrestrict-amd64-dmrestrict fail test-amd64-i386-xl-qemuu-dmrestrict-amd64-dmrestrict fail test-amd64-i386-freebsd10-i386 fail test-amd64-amd64-qemuu-nested-intel fail test-amd64-amd64-xl-pvhv2-intel pass test-amd64-i386-qemuu-rhel6hvm-intel fail test-amd64-amd64-dom0pvh-xl-intel pass test-amd64-amd64-libvirt pass test-armhf-armhf-libvirt fail test-amd64-i386-libvirt pass test-amd64-amd64-xl-multivcpu pass test-armhf-armhf-xl-multivcpu pass test-amd64-amd64-pair pass test-amd64-i386-pair pass test-amd64-amd64-libvirt-pair pass test-amd64-i386-libvirt-pair pass test-amd64-amd64-amd64-pvgrub pass test-amd64-amd64-i386-pvgrub pass test-amd64-amd64-xl-pvshim pass test-amd64-i386-xl-pvshim fail test-amd64-amd64-pygrub pass test-amd64-amd64-xl-qcow2 fail test-armhf-armhf-libvirt-raw fail test-amd64-i386-xl-raw pass test-amd64-amd64-xl-rtds pass test-armhf-armhf-xl-rtds fail test-arm64-arm64-xl-seattle pass test-amd64-amd64-xl-qemuu-debianhvm-amd64-shadow fail test-amd64-i386-xl-qemuu-debianhvm-amd64-shadow fail test-amd64-amd64-xl-shadow pass test-amd64-i386-xl-shadow pass test-arm64-arm64-xl-thunderx pass test-amd64-amd64-libvirt-vhd fail test-armhf-armhf-xl-vhd fail ------------------------------------------------------------ sg-report-flight on osstest.test-lab.xenproject.org logs: /home/logs/logs images: /home/logs/images Logs, config files, etc. are available at http://logs.test-lab.xenproject.org/osstest/logs Explanation of these reports, and of osstest in general, is at http://xenbits.xen.org/gitweb/?p=osstest.git;a=blob;f=README.email;hb=master http://xenbits.xen.org/gitweb/?p=osstest.git;a=blob;f=README;hb=master Test harness code can be found at http://xenbits.xen.org/gitweb?p=osstest.git;a=summary Not pushing. (No revision log; it would be 29489 lines long.)
