flight 154694 linux-linus running [real]
http://logs.test-lab.xenproject.org/osstest/logs/154694/
Failures and problems with tests :-(
Tests which did not succeed and are blocking,
including tests which could not be run:
test-amd64-i386-examine <none executed> queued
test-amd64-coresched-i386-xl <none executed> queued
test-amd64-i386-xl-xsm <none executed> queued
test-amd64-i386-xl-shadow <none executed> queued
test-amd64-i386-freebsd10-amd64 <none executed> queued
test-amd64-i386-freebsd10-i386 <none executed> queued
test-amd64-i386-libvirt <none executed> queued
test-amd64-i386-libvirt-pair <none executed> queued
test-amd64-i386-libvirt-qemuu-debianhvm-amd64-xsm <none executed> queued
test-amd64-i386-libvirt-xsm <none executed> queued
test-amd64-i386-pair <none executed> queued
test-amd64-i386-qemut-rhel6hvm-amd <none executed> queued
test-amd64-i386-qemut-rhel6hvm-intel <none executed> queued
test-amd64-i386-qemuu-rhel6hvm-amd <none executed> queued
test-amd64-i386-qemuu-rhel6hvm-intel <none executed> queued
test-amd64-i386-xl <none executed> queued
test-amd64-i386-xl-pvshim <none executed> queued
test-amd64-i386-xl-qemut-debianhvm-amd64 <none executed> queued
test-amd64-i386-xl-qemut-debianhvm-i386-xsm <none executed> queued
test-amd64-i386-xl-qemut-stubdom-debianhvm-amd64-xsm <none executed> queued
test-amd64-i386-xl-qemut-win7-amd64 <none executed> queued
test-amd64-i386-xl-qemut-ws16-amd64 <none executed> queued
test-amd64-i386-xl-qemuu-debianhvm-amd64 <none executed> queued
test-amd64-i386-xl-qemuu-debianhvm-amd64-shadow <none executed> queued
test-amd64-i386-xl-qemuu-debianhvm-i386-xsm <none executed> queued
test-amd64-i386-xl-qemuu-dmrestrict-amd64-dmrestrict <none executed> queued
test-amd64-i386-xl-qemuu-ovmf-amd64 <none executed> queued
test-amd64-i386-xl-qemuu-win7-amd64 <none executed> queued
test-amd64-i386-xl-qemuu-ws16-amd64 <none executed> queued
test-amd64-i386-xl-raw <none executed> queued
build-i386-pvops 2 hosts-allocate running
Tests which did not succeed, but are not blocking:
test-amd64-amd64-xl-qemut-win7-amd64 17 guest-stop fail like 152332
test-armhf-armhf-libvirt 14 saverestore-support-check fail like 152332
test-amd64-amd64-xl-qemuu-win7-amd64 17 guest-stop fail like 152332
test-amd64-amd64-xl-qemut-ws16-amd64 17 guest-stop fail like 152332
test-armhf-armhf-libvirt-raw 13 saverestore-support-check fail like 152332
test-amd64-amd64-xl-qemuu-ws16-amd64 17 guest-stop fail like 152332
test-amd64-amd64-libvirt 13 migrate-support-check fail never pass
test-arm64-arm64-xl-seattle 13 migrate-support-check fail never pass
test-arm64-arm64-xl-seattle 14 saverestore-support-check fail never pass
test-amd64-amd64-libvirt-xsm 13 migrate-support-check fail never pass
test-arm64-arm64-xl-xsm 13 migrate-support-check fail never pass
test-arm64-arm64-xl-xsm 14 saverestore-support-check fail never pass
test-arm64-arm64-xl-credit2 13 migrate-support-check fail never pass
test-arm64-arm64-xl-credit2 14 saverestore-support-check fail never pass
test-arm64-arm64-libvirt-xsm 13 migrate-support-check fail never pass
test-arm64-arm64-libvirt-xsm 14 saverestore-support-check fail never pass
test-arm64-arm64-xl 13 migrate-support-check fail never pass
test-arm64-arm64-xl 14 saverestore-support-check fail never pass
test-armhf-armhf-xl-arndale 13 migrate-support-check fail never pass
test-armhf-armhf-xl-arndale 14 saverestore-support-check fail never pass
test-amd64-amd64-libvirt-qemuu-debianhvm-amd64-xsm 11 migrate-support-check
fail never pass
test-arm64-arm64-xl-thunderx 13 migrate-support-check fail never pass
test-arm64-arm64-xl-thunderx 14 saverestore-support-check fail never pass
test-amd64-amd64-libvirt-vhd 12 migrate-support-check fail never pass
test-armhf-armhf-xl-multivcpu 13 migrate-support-check fail never pass
test-armhf-armhf-xl-multivcpu 14 saverestore-support-check fail never pass
test-armhf-armhf-xl-credit1 13 migrate-support-check fail never pass
test-armhf-armhf-xl-credit1 14 saverestore-support-check fail never pass
test-armhf-armhf-xl-cubietruck 13 migrate-support-check fail never pass
test-armhf-armhf-xl-cubietruck 14 saverestore-support-check fail never pass
test-armhf-armhf-libvirt 13 migrate-support-check fail never pass
test-arm64-arm64-xl-credit1 13 migrate-support-check fail never pass
test-arm64-arm64-xl-credit1 14 saverestore-support-check fail never pass
test-armhf-armhf-xl-credit2 13 migrate-support-check fail never pass
test-armhf-armhf-xl-credit2 14 saverestore-support-check fail never pass
test-armhf-armhf-xl-rtds 13 migrate-support-check fail never pass
test-armhf-armhf-xl-rtds 14 saverestore-support-check fail never pass
test-armhf-armhf-libvirt-raw 12 migrate-support-check fail never pass
test-armhf-armhf-xl 13 migrate-support-check fail never pass
test-armhf-armhf-xl 14 saverestore-support-check fail never pass
test-amd64-amd64-qemuu-nested-amd 17 debian-hvm-install/l1/l2 fail never pass
test-armhf-armhf-xl-vhd 12 migrate-support-check fail never pass
test-armhf-armhf-xl-vhd 13 saverestore-support-check fail never pass
version targeted for testing:
linux c9c9e6a49f8998e9334507378c08cc16cb3ec0e5
baseline version:
linux deacdb3e3979979016fcd0ffd518c320a62ad166
Last test of basis 152332 2020-07-31 19:41:23 Z 58 days
Failing since 152366 2020-08-01 20:49:34 Z 57 days 106 attempts
Testing same since (not found) 0 attempts
------------------------------------------------------------
2435 people touched revisions under test,
not listing them all
jobs:
build-amd64-xsm pass
build-arm64-xsm pass
build-i386-xsm pass
build-amd64 pass
build-arm64 pass
build-armhf pass
build-i386 pass
build-amd64-libvirt pass
build-arm64-libvirt pass
build-armhf-libvirt pass
build-i386-libvirt pass
build-amd64-pvops pass
build-arm64-pvops pass
build-armhf-pvops pass
build-i386-pvops preparing
test-amd64-amd64-xl pass
test-amd64-coresched-amd64-xl pass
test-arm64-arm64-xl pass
test-armhf-armhf-xl pass
test-amd64-i386-xl queued
test-amd64-coresched-i386-xl queued
test-amd64-amd64-libvirt-qemuu-debianhvm-amd64-xsm pass
test-amd64-i386-libvirt-qemuu-debianhvm-amd64-xsm queued
test-amd64-amd64-xl-qemut-stubdom-debianhvm-amd64-xsm pass
test-amd64-i386-xl-qemut-stubdom-debianhvm-amd64-xsm queued
test-amd64-amd64-xl-qemut-debianhvm-i386-xsm pass
test-amd64-i386-xl-qemut-debianhvm-i386-xsm queued
test-amd64-amd64-xl-qemuu-debianhvm-i386-xsm pass
test-amd64-i386-xl-qemuu-debianhvm-i386-xsm queued
test-amd64-amd64-libvirt-xsm pass
test-arm64-arm64-libvirt-xsm pass
test-amd64-i386-libvirt-xsm queued
test-amd64-amd64-xl-xsm pass
test-arm64-arm64-xl-xsm pass
test-amd64-i386-xl-xsm queued
test-amd64-amd64-qemuu-nested-amd fail
test-amd64-amd64-xl-pvhv2-amd pass
test-amd64-i386-qemut-rhel6hvm-amd queued
test-amd64-i386-qemuu-rhel6hvm-amd queued
test-amd64-amd64-dom0pvh-xl-amd pass
test-amd64-amd64-xl-qemut-debianhvm-amd64 pass
test-amd64-i386-xl-qemut-debianhvm-amd64 queued
test-amd64-amd64-xl-qemuu-debianhvm-amd64 pass
test-amd64-i386-xl-qemuu-debianhvm-amd64 queued
test-amd64-i386-freebsd10-amd64 queued
test-amd64-amd64-qemuu-freebsd11-amd64 pass
test-amd64-amd64-qemuu-freebsd12-amd64 pass
test-amd64-amd64-xl-qemuu-ovmf-amd64 pass
test-amd64-i386-xl-qemuu-ovmf-amd64 queued
test-amd64-amd64-xl-qemut-win7-amd64 fail
test-amd64-i386-xl-qemut-win7-amd64 queued
test-amd64-amd64-xl-qemuu-win7-amd64 fail
test-amd64-i386-xl-qemuu-win7-amd64 queued
test-amd64-amd64-xl-qemut-ws16-amd64 fail
test-amd64-i386-xl-qemut-ws16-amd64 queued
test-amd64-amd64-xl-qemuu-ws16-amd64 fail
test-amd64-i386-xl-qemuu-ws16-amd64 queued
test-armhf-armhf-xl-arndale pass
test-amd64-amd64-xl-credit1 pass
test-arm64-arm64-xl-credit1 pass
test-armhf-armhf-xl-credit1 pass
test-amd64-amd64-xl-credit2 pass
test-arm64-arm64-xl-credit2 pass
test-armhf-armhf-xl-credit2 pass
test-armhf-armhf-xl-cubietruck pass
test-amd64-amd64-xl-qemuu-dmrestrict-amd64-dmrestrict pass
test-amd64-i386-xl-qemuu-dmrestrict-amd64-dmrestrict queued
test-amd64-amd64-examine pass
test-arm64-arm64-examine pass
test-armhf-armhf-examine pass
test-amd64-i386-examine queued
test-amd64-i386-freebsd10-i386 queued
test-amd64-amd64-qemuu-nested-intel pass
test-amd64-amd64-xl-pvhv2-intel pass
test-amd64-i386-qemut-rhel6hvm-intel queued
test-amd64-i386-qemuu-rhel6hvm-intel queued
test-amd64-amd64-dom0pvh-xl-intel pass
test-amd64-amd64-libvirt pass
test-armhf-armhf-libvirt pass
test-amd64-i386-libvirt queued
test-amd64-amd64-xl-multivcpu pass
test-armhf-armhf-xl-multivcpu pass
test-amd64-amd64-pair pass
test-amd64-i386-pair queued
test-amd64-amd64-libvirt-pair pass
test-amd64-i386-libvirt-pair queued
test-amd64-amd64-amd64-pvgrub pass
test-amd64-amd64-i386-pvgrub pass
test-amd64-amd64-xl-pvshim pass
test-amd64-i386-xl-pvshim queued
test-amd64-amd64-pygrub pass
test-amd64-amd64-xl-qcow2 pass
test-armhf-armhf-libvirt-raw pass
test-amd64-i386-xl-raw queued
test-amd64-amd64-xl-rtds pass
test-armhf-armhf-xl-rtds pass
test-arm64-arm64-xl-seattle pass
test-amd64-amd64-xl-qemuu-debianhvm-amd64-shadow pass
test-amd64-i386-xl-qemuu-debianhvm-amd64-shadow queued
test-amd64-amd64-xl-shadow pass
test-amd64-i386-xl-shadow queued
test-arm64-arm64-xl-thunderx pass
test-amd64-amd64-libvirt-vhd pass
test-armhf-armhf-xl-vhd pass
------------------------------------------------------------
sg-report-flight on osstest.test-lab.xenproject.org
logs: /home/logs/logs
images: /home/logs/images
Logs, config files, etc. are available at
http://logs.test-lab.xenproject.org/osstest/logs
Explanation of these reports, and of osstest in general, is at
http://xenbits.xen.org/gitweb/?p=osstest.git;a=blob;f=README.email;hb=master
http://xenbits.xen.org/gitweb/?p=osstest.git;a=blob;f=README;hb=master
Test harness code can be found at
http://xenbits.xen.org/gitweb?p=osstest.git;a=summary
broken-job test-amd64-i386-examine queued
broken-job test-amd64-coresched-i386-xl queued
broken-job test-amd64-i386-xl-xsm queued
broken-job test-amd64-i386-xl-shadow queued
broken-job test-amd64-i386-freebsd10-amd64 queued
broken-job test-amd64-i386-freebsd10-i386 queued
broken-job test-amd64-i386-libvirt queued
broken-job test-amd64-i386-libvirt-pair queued
broken-job test-amd64-i386-libvirt-qemuu-debianhvm-amd64-xsm queued
broken-job test-amd64-i386-libvirt-xsm queued
broken-job test-amd64-i386-pair queued
broken-job test-amd64-i386-qemut-rhel6hvm-amd queued
broken-job test-amd64-i386-qemut-rhel6hvm-intel queued
broken-job test-amd64-i386-qemuu-rhel6hvm-amd queued
broken-job test-amd64-i386-qemuu-rhel6hvm-intel queued
broken-job test-amd64-i386-xl queued
broken-job test-amd64-i386-xl-pvshim queued
broken-job test-amd64-i386-xl-qemut-debianhvm-amd64 queued
broken-job test-amd64-i386-xl-qemut-debianhvm-i386-xsm queued
broken-job test-amd64-i386-xl-qemut-stubdom-debianhvm-amd64-xsm queued
broken-job test-amd64-i386-xl-qemut-win7-amd64 queued
broken-job test-amd64-i386-xl-qemut-ws16-amd64 queued
broken-job test-amd64-i386-xl-qemuu-debianhvm-amd64 queued
broken-job test-amd64-i386-xl-qemuu-debianhvm-amd64-shadow queued
broken-job test-amd64-i386-xl-qemuu-debianhvm-i386-xsm queued
broken-job test-amd64-i386-xl-qemuu-dmrestrict-amd64-dmrestrict queued
broken-job test-amd64-i386-xl-qemuu-ovmf-amd64 queued
broken-job test-amd64-i386-xl-qemuu-win7-amd64 queued
broken-job test-amd64-i386-xl-qemuu-ws16-amd64 queued
broken-job test-amd64-i386-xl-raw queued
Not pushing.
(No revision log; it would be 327416 lines long.)