flight 154718 linux-5.4 real [real] http://logs.test-lab.xenproject.org/osstest/logs/154718/
Failures :-/ but no regressions. Tests which are failing intermittently (not blocking): test-amd64-amd64-examine 4 memdisk-try-append fail in 154644 pass in 154718 test-armhf-armhf-xl-rtds 16 guest-start/debian.repeat fail in 154644 pass in 154718 test-armhf-armhf-xl-credit1 16 guest-start/debian.repeat fail in 154644 pass in 154718 test-amd64-amd64-pygrub 19 guest-start/debian.repeat fail pass in 154644 test-armhf-armhf-xl-multivcpu 16 guest-start/debian.repeat fail pass in 154644 Tests which did not succeed, but are not blocking: test-amd64-amd64-xl-qemut-debianhvm-i386-xsm 10 debian-hvm-install fail like 154428 test-amd64-i386-xl-pvshim 12 guest-start fail never pass test-arm64-arm64-xl-seattle 13 migrate-support-check fail never pass test-arm64-arm64-xl-seattle 14 saverestore-support-check fail never pass test-amd64-amd64-libvirt 13 migrate-support-check fail never pass test-amd64-i386-libvirt 13 migrate-support-check fail never pass test-amd64-amd64-libvirt-xsm 13 migrate-support-check fail never pass test-amd64-i386-libvirt-xsm 13 migrate-support-check fail never pass test-amd64-i386-libvirt-qemuu-debianhvm-amd64-xsm 11 migrate-support-check fail never pass test-arm64-arm64-xl-xsm 13 migrate-support-check fail never pass test-arm64-arm64-xl-xsm 14 saverestore-support-check fail never pass test-arm64-arm64-xl-credit1 13 migrate-support-check fail never pass test-arm64-arm64-xl 13 migrate-support-check fail never pass test-arm64-arm64-xl-credit1 14 saverestore-support-check fail never pass test-arm64-arm64-xl 14 saverestore-support-check fail never pass test-arm64-arm64-libvirt-xsm 13 migrate-support-check fail never pass test-arm64-arm64-xl-thunderx 13 migrate-support-check fail never pass test-arm64-arm64-xl-thunderx 14 saverestore-support-check fail never pass test-arm64-arm64-libvirt-xsm 14 saverestore-support-check fail never pass test-armhf-armhf-xl-arndale 13 migrate-support-check fail never pass test-armhf-armhf-xl-arndale 14 saverestore-support-check fail never pass test-amd64-amd64-libvirt-qemuu-debianhvm-amd64-xsm 11 migrate-support-check fail never pass test-amd64-amd64-libvirt-vhd 12 migrate-support-check fail never pass test-arm64-arm64-xl-credit2 13 migrate-support-check fail never pass test-arm64-arm64-xl-credit2 14 saverestore-support-check fail never pass test-amd64-amd64-xl-qemuu-win7-amd64 17 guest-stop fail never pass test-amd64-i386-xl-qemut-win7-amd64 17 guest-stop fail never pass test-amd64-amd64-xl-qemut-win7-amd64 17 guest-stop fail never pass test-armhf-armhf-xl 13 migrate-support-check fail never pass test-armhf-armhf-xl 14 saverestore-support-check fail never pass test-armhf-armhf-xl-credit2 13 migrate-support-check fail never pass test-armhf-armhf-xl-credit2 14 saverestore-support-check fail never pass test-armhf-armhf-xl-rtds 13 migrate-support-check fail never pass test-armhf-armhf-xl-rtds 14 saverestore-support-check fail never pass test-armhf-armhf-libvirt 13 migrate-support-check fail never pass test-armhf-armhf-libvirt 14 saverestore-support-check fail never pass test-armhf-armhf-xl-credit1 13 migrate-support-check fail never pass test-armhf-armhf-xl-credit1 14 saverestore-support-check fail never pass test-armhf-armhf-xl-cubietruck 13 migrate-support-check fail never pass test-armhf-armhf-xl-cubietruck 14 saverestore-support-check fail never pass test-amd64-amd64-qemuu-nested-amd 17 debian-hvm-install/l1/l2 fail never pass test-amd64-amd64-xl-qemut-ws16-amd64 17 guest-stop fail never pass test-amd64-amd64-xl-qemuu-ws16-amd64 17 guest-stop fail never pass test-amd64-i386-xl-qemuu-win7-amd64 17 guest-stop fail never pass test-amd64-i386-xl-qemut-ws16-amd64 17 guest-stop fail never pass test-armhf-armhf-libvirt-raw 12 migrate-support-check fail never pass test-armhf-armhf-libvirt-raw 13 saverestore-support-check fail never pass test-armhf-armhf-xl-vhd 12 migrate-support-check fail never pass test-armhf-armhf-xl-vhd 13 saverestore-support-check fail never pass test-armhf-armhf-xl-multivcpu 13 migrate-support-check fail never pass test-armhf-armhf-xl-multivcpu 14 saverestore-support-check fail never pass test-amd64-i386-xl-qemuu-ws16-amd64 17 guest-stop fail never pass version targeted for testing: linux a4bea6a4f1e0e5132fdedb5c0a74cbba696342fd baseline version: linux bdc3a8f6a8e8b798c46683a98b97d52b3a5708e4 Last test of basis 154428 2020-09-17 12:09:47 Z 8 days Testing same since 154644 2020-09-23 11:15:18 Z 2 days 2 attempts ------------------------------------------------------------ People who touched revisions under test: Aaron Brown <[email protected]> Adrian Huang <[email protected]> Alan Stern <[email protected]> Alexey Kardashevskiy <[email protected]> Andreas Gruenbacher <[email protected]> Andrew Lunn <[email protected]> Andrew Morton <[email protected]> Aneesh Kumar K.V <[email protected]> Ard Biesheuvel <[email protected]> Arnaldo Carvalho de Melo <[email protected]> Arvind Sankar <[email protected]> Bob Peterson <[email protected]> Catalin Marinas <[email protected]> Chris Wilson <[email protected]> Christoph Hellwig <[email protected]> Christophe JAILLET <[email protected]> Christophe Leroy <[email protected]> Chuck Lever <[email protected]> Chun-Kuang Hu <[email protected]> Dan Carpenter <[email protected]> Dan Williams <[email protected]> Daniel Mack <[email protected]> David Hildenbrand <[email protected]> David Milburn <[email protected]> David Rientjes <[email protected]> David S. Miller <[email protected]> Dennis Zhou <[email protected]> Dexuan Cui <[email protected]> Dick Kennedy <[email protected]> Dinghao Liu <[email protected]> Dmitry Torokhov <[email protected]> Evan Nimmo <[email protected]> Gabriel Krisman Bertazi <[email protected]> Greentime Hu <[email protected]> Greg Kroah-Hartman <[email protected]> Guenter Roeck <[email protected]> Gustav Wiklander <[email protected]> Haiyang Zhang <[email protected]> Hans de Goede <[email protected]> Harald Freudenberger <[email protected]> Heikki Krogerus <[email protected]> Huacai Chen <[email protected]> Hui Wang <[email protected]> Ilias Apalodimas <[email protected]> Ingo Molnar <[email protected]> J. Bruce Fields <[email protected]> Jack Wang <[email protected]> Jaegeuk Kim <[email protected]> James Smart <[email protected]> Jan Kara <[email protected]> Jani Nikula <[email protected]> Jason Gunthorpe <[email protected]> Javed Hasan <[email protected]> Jean Delvare <[email protected]> Jean-Philippe Brucker <[email protected]> Jeff Kirsher <[email protected]> Jens Axboe <[email protected]> Jerome Brunet <[email protected]> Jiri Olsa <[email protected]> Jiri Olsa <[email protected]> Joao Martins <[email protected]> Joerg Roedel <[email protected]> John Garry <[email protected]> Jon Hunter <[email protected]> Joonas Lahtinen <[email protected]> Laurent Pinchart <[email protected]> Linus Torvalds <[email protected]> Linux Kernel Functional Testing <[email protected]> Luke D Jones <[email protected]> Marc Zyngier <[email protected]> Mark Brown <[email protected]> Martin K. Petersen <[email protected]> Matthias Kaehlcke <[email protected]> Matthias Schiffer <[email protected]> Miaohe Lin <[email protected]> Michael Ellerman <[email protected]> Michael Kelley <[email protected]> Michal Hocko <[email protected]> Mike Snitzer <[email protected]> Namhyung Kim <[email protected]> Naresh Kumar PBS <[email protected]> Nathan Chancellor <[email protected]> Nick Desaulniers <[email protected]> Olga Kornievskaia <[email protected]> Oliver Neukum <[email protected]> Omar Sandoval <[email protected]> Palmer Dabbelt <[email protected]> Paolo Bonzini <[email protected]> Pavel Tatashin <[email protected]> Penghao <[email protected]> Prateek Sood <[email protected]> Quentin Perret <[email protected]> Randy Dunlap <[email protected]> Rodrigo Vivi <[email protected]> Ronnie Sahlberg <[email protected]> Sahitya Tummala <[email protected]> Sai Prakash Ranjan <[email protected]> Sasha Levin <[email protected]> Sasha Neftin <[email protected]> Sedat Dilek <[email protected]> Selvin Xavier <[email protected]> Stafford Horne <[email protected]> Stephan Gerhold <[email protected]> Stephen Boyd <[email protected]> Steve French <[email protected]> Sunghyun Jin <[email protected]> Syven Wang <[email protected]> Takashi Iwai <[email protected]> Tetsuo Handa <[email protected]> Thomas Bogendoerfer <[email protected]> Tobias Diedrich <[email protected]> Trond Myklebust <[email protected]> Vasily Gorbik <[email protected]> Vincent Huang <[email protected]> Vincent Whitchurch <[email protected]> Vlastimil Babka <[email protected]> Volker RĂ¼melin <[email protected]> Wei Liu <[email protected]> Will Deacon <[email protected]> Wolfram Sang <[email protected]> Yauheni Kaliuta <[email protected]> Yu Kuai <[email protected]> jobs: build-amd64-xsm pass build-arm64-xsm pass build-i386-xsm pass build-amd64 pass build-arm64 pass build-armhf pass build-i386 pass build-amd64-libvirt pass build-arm64-libvirt pass build-armhf-libvirt pass build-i386-libvirt pass build-amd64-pvops pass build-arm64-pvops pass build-armhf-pvops pass build-i386-pvops pass test-amd64-amd64-xl pass test-amd64-coresched-amd64-xl pass test-arm64-arm64-xl pass test-armhf-armhf-xl pass test-amd64-i386-xl pass test-amd64-coresched-i386-xl pass test-amd64-amd64-libvirt-qemuu-debianhvm-amd64-xsm pass test-amd64-i386-libvirt-qemuu-debianhvm-amd64-xsm pass test-amd64-amd64-xl-qemut-stubdom-debianhvm-amd64-xsm pass test-amd64-i386-xl-qemut-stubdom-debianhvm-amd64-xsm pass test-amd64-amd64-xl-qemut-debianhvm-i386-xsm fail test-amd64-i386-xl-qemut-debianhvm-i386-xsm pass test-amd64-amd64-xl-qemuu-debianhvm-i386-xsm pass test-amd64-i386-xl-qemuu-debianhvm-i386-xsm pass test-amd64-amd64-libvirt-xsm pass test-arm64-arm64-libvirt-xsm pass test-amd64-i386-libvirt-xsm pass test-amd64-amd64-xl-xsm pass test-arm64-arm64-xl-xsm pass test-amd64-i386-xl-xsm pass test-amd64-amd64-qemuu-nested-amd fail test-amd64-amd64-xl-pvhv2-amd pass test-amd64-i386-qemut-rhel6hvm-amd pass test-amd64-i386-qemuu-rhel6hvm-amd pass test-amd64-amd64-dom0pvh-xl-amd pass test-amd64-amd64-xl-qemut-debianhvm-amd64 pass test-amd64-i386-xl-qemut-debianhvm-amd64 pass test-amd64-amd64-xl-qemuu-debianhvm-amd64 pass test-amd64-i386-xl-qemuu-debianhvm-amd64 pass test-amd64-i386-freebsd10-amd64 pass test-amd64-amd64-qemuu-freebsd11-amd64 pass test-amd64-amd64-qemuu-freebsd12-amd64 pass test-amd64-amd64-xl-qemuu-ovmf-amd64 pass test-amd64-i386-xl-qemuu-ovmf-amd64 pass test-amd64-amd64-xl-qemut-win7-amd64 fail test-amd64-i386-xl-qemut-win7-amd64 fail test-amd64-amd64-xl-qemuu-win7-amd64 fail test-amd64-i386-xl-qemuu-win7-amd64 fail test-amd64-amd64-xl-qemut-ws16-amd64 fail test-amd64-i386-xl-qemut-ws16-amd64 fail test-amd64-amd64-xl-qemuu-ws16-amd64 fail test-amd64-i386-xl-qemuu-ws16-amd64 fail test-armhf-armhf-xl-arndale pass test-amd64-amd64-xl-credit1 pass test-arm64-arm64-xl-credit1 pass test-armhf-armhf-xl-credit1 pass test-amd64-amd64-xl-credit2 pass test-arm64-arm64-xl-credit2 pass test-armhf-armhf-xl-credit2 pass test-armhf-armhf-xl-cubietruck pass test-amd64-amd64-xl-qemuu-dmrestrict-amd64-dmrestrict pass test-amd64-i386-xl-qemuu-dmrestrict-amd64-dmrestrict pass test-amd64-amd64-examine pass test-arm64-arm64-examine pass test-armhf-armhf-examine pass test-amd64-i386-examine pass test-amd64-i386-freebsd10-i386 pass test-amd64-amd64-qemuu-nested-intel pass test-amd64-amd64-xl-pvhv2-intel pass test-amd64-i386-qemut-rhel6hvm-intel pass test-amd64-i386-qemuu-rhel6hvm-intel pass test-amd64-amd64-dom0pvh-xl-intel pass test-amd64-amd64-libvirt pass test-armhf-armhf-libvirt pass test-amd64-i386-libvirt pass test-amd64-amd64-xl-multivcpu pass test-armhf-armhf-xl-multivcpu fail test-amd64-amd64-pair pass test-amd64-i386-pair pass test-amd64-amd64-libvirt-pair pass test-amd64-i386-libvirt-pair pass test-amd64-amd64-amd64-pvgrub pass test-amd64-amd64-i386-pvgrub pass test-amd64-amd64-xl-pvshim pass test-amd64-i386-xl-pvshim fail test-amd64-amd64-pygrub fail test-amd64-amd64-xl-qcow2 pass test-armhf-armhf-libvirt-raw pass test-amd64-i386-xl-raw pass test-amd64-amd64-xl-rtds pass test-armhf-armhf-xl-rtds pass test-arm64-arm64-xl-seattle pass test-amd64-amd64-xl-qemuu-debianhvm-amd64-shadow pass test-amd64-i386-xl-qemuu-debianhvm-amd64-shadow pass test-amd64-amd64-xl-shadow pass test-amd64-i386-xl-shadow pass test-arm64-arm64-xl-thunderx pass test-amd64-amd64-libvirt-vhd pass test-armhf-armhf-xl-vhd pass ------------------------------------------------------------ sg-report-flight on osstest.test-lab.xenproject.org logs: /home/logs/logs images: /home/logs/images Logs, config files, etc. are available at http://logs.test-lab.xenproject.org/osstest/logs Explanation of these reports, and of osstest in general, is at http://xenbits.xen.org/gitweb/?p=osstest.git;a=blob;f=README.email;hb=master http://xenbits.xen.org/gitweb/?p=osstest.git;a=blob;f=README;hb=master Test harness code can be found at http://xenbits.xen.org/gitweb?p=osstest.git;a=summary Pushing revision : hint: The 'hooks/update' hook was ignored because it's not set as executable. hint: You can disable this warning with `git config advice.ignoredHook false`. hint: The 'hooks/post-receive' hook was ignored because it's not set as executable. hint: You can disable this warning with `git config advice.ignoredHook false`. hint: The 'hooks/post-update' hook was ignored because it's not set as executable. hint: You can disable this warning with `git config advice.ignoredHook false`. To xenbits.xen.org:/home/xen/git/linux-pvops.git bdc3a8f6a8e8..a4bea6a4f1e0 a4bea6a4f1e0e5132fdedb5c0a74cbba696342fd -> tested/linux-5.4
