flight 152512 libvirt real [real] http://logs.test-lab.xenproject.org/osstest/logs/152512/
Regressions :-( Tests which did not succeed and are blocking, including tests which could not be run: build-amd64-libvirt 6 libvirt-build fail REGR. vs. 151777 build-i386-libvirt 6 libvirt-build fail REGR. vs. 151777 build-arm64-libvirt 6 libvirt-build fail REGR. vs. 151777 build-armhf-libvirt 6 libvirt-build fail REGR. vs. 151777 Tests which did not succeed, but are not blocking: test-amd64-amd64-libvirt-pair 1 build-check(1) blocked n/a test-armhf-armhf-libvirt-raw 1 build-check(1) blocked n/a test-amd64-i386-libvirt 1 build-check(1) blocked n/a test-arm64-arm64-libvirt-qcow2 1 build-check(1) blocked n/a test-amd64-i386-libvirt-xsm 1 build-check(1) blocked n/a test-amd64-amd64-libvirt-vhd 1 build-check(1) blocked n/a test-amd64-amd64-libvirt-xsm 1 build-check(1) blocked n/a test-armhf-armhf-libvirt 1 build-check(1) blocked n/a test-amd64-amd64-libvirt 1 build-check(1) blocked n/a test-arm64-arm64-libvirt 1 build-check(1) blocked n/a test-amd64-i386-libvirt-qemuu-debianhvm-amd64-xsm 1 build-check(1) blocked n/a test-arm64-arm64-libvirt-xsm 1 build-check(1) blocked n/a test-amd64-amd64-libvirt-qemuu-debianhvm-amd64-xsm 1 build-check(1) blocked n/a test-amd64-i386-libvirt-pair 1 build-check(1) blocked n/a version targeted for testing: libvirt 84bb5fd1ab2bce88e508d416f4bcea520c803ea8 baseline version: libvirt 2c846fa6bcc11929c9fb857a22430fb9945654ad Last test of basis 151777 2020-07-10 04:19:19 Z 28 days Failing since 151818 2020-07-11 04:18:52 Z 27 days 28 attempts Testing same since 152502 2020-08-06 04:20:09 Z 1 days 2 attempts ------------------------------------------------------------ People who touched revisions under test: Andrea Bolognani <[email protected]> Balázs Meskó <[email protected]> Bastien Orivel <[email protected]> Bihong Yu <[email protected]> Binfeng Wu <[email protected]> Boris Fiuczynski <[email protected]> Côme Borsoi <[email protected]> Daniel Henrique Barboza <[email protected]> Daniel P. Berrange <[email protected]> Daniel P. Berrangé <[email protected]> Erik Skultety <[email protected]> Fedora Weblate Translation <[email protected]> Han Han <[email protected]> Hao Wang <[email protected]> Jean-Baptiste Holcroft <[email protected]> Jianan Gao <[email protected]> Jin Yan <[email protected]> Jiri Denemark <[email protected]> Ján Tomko <[email protected]> Laine Stump <[email protected]> Liao Pingfang <[email protected]> Martin Kletzander <[email protected]> Michal Privoznik <[email protected]> Nikolay Shirokovskiy <[email protected]> Paulo de Rezende Pinatti <[email protected]> Pavel Hrdina <[email protected]> Peter Krempa <[email protected]> Pino Toscano <[email protected]> Pino Toscano <[email protected]> Piotr Drąg <[email protected]> Prathamesh Chavan <[email protected]> Roman Bogorodskiy <[email protected]> Ryan Schmidt <[email protected]> Stefan Berger <[email protected]> Szymon Scholz <[email protected]> Wang Xin <[email protected]> Weblate <[email protected]> Yang Hang <[email protected]> Yi Wang <[email protected]> Yuri Chornoivan <[email protected]> Zheng Chuan <[email protected]> jobs: build-amd64-xsm pass build-arm64-xsm pass build-i386-xsm pass build-amd64 pass build-arm64 pass build-armhf pass build-i386 pass build-amd64-libvirt fail build-arm64-libvirt fail build-armhf-libvirt fail build-i386-libvirt fail build-amd64-pvops pass build-arm64-pvops pass build-armhf-pvops pass build-i386-pvops pass test-amd64-amd64-libvirt-qemuu-debianhvm-amd64-xsm blocked test-amd64-i386-libvirt-qemuu-debianhvm-amd64-xsm blocked test-amd64-amd64-libvirt-xsm blocked test-arm64-arm64-libvirt-xsm blocked test-amd64-i386-libvirt-xsm blocked test-amd64-amd64-libvirt blocked test-arm64-arm64-libvirt blocked test-armhf-armhf-libvirt blocked test-amd64-i386-libvirt blocked test-amd64-amd64-libvirt-pair blocked test-amd64-i386-libvirt-pair blocked test-arm64-arm64-libvirt-qcow2 blocked test-armhf-armhf-libvirt-raw blocked test-amd64-amd64-libvirt-vhd blocked ------------------------------------------------------------ sg-report-flight on osstest.test-lab.xenproject.org logs: /home/logs/logs images: /home/logs/images Logs, config files, etc. are available at http://logs.test-lab.xenproject.org/osstest/logs Explanation of these reports, and of osstest in general, is at http://xenbits.xen.org/gitweb/?p=osstest.git;a=blob;f=README.email;hb=master http://xenbits.xen.org/gitweb/?p=osstest.git;a=blob;f=README;hb=master Test harness code can be found at http://xenbits.xen.org/gitweb?p=osstest.git;a=summary Not pushing. (No revision log; it would be 8907 lines long.)
