flight 151968 qemu-mainline real [real]
http://logs.test-lab.xenproject.org/osstest/logs/151968/

Regressions :-(

Tests which did not succeed and are blocking,
including tests which could not be run:
 test-amd64-amd64-xl-qemuu-ovmf-amd64 10 debian-hvm-install fail REGR. vs. 
151065
 test-amd64-amd64-xl-qemuu-dmrestrict-amd64-dmrestrict 10 debian-hvm-install 
fail REGR. vs. 151065
 test-amd64-amd64-xl-qemuu-debianhvm-amd64 10 debian-hvm-install fail REGR. vs. 
151065
 test-amd64-amd64-qemuu-nested-intel 10 debian-hvm-install fail REGR. vs. 151065
 test-amd64-i386-xl-qemuu-debianhvm-i386-xsm 10 debian-hvm-install fail REGR. 
vs. 151065
 test-amd64-i386-xl-qemuu-dmrestrict-amd64-dmrestrict 10 debian-hvm-install 
fail REGR. vs. 151065
 test-amd64-i386-xl-qemuu-ovmf-amd64 10 debian-hvm-install fail REGR. vs. 151065
 test-amd64-amd64-xl-qemuu-debianhvm-i386-xsm 10 debian-hvm-install fail REGR. 
vs. 151065
 test-amd64-amd64-xl-qemuu-debianhvm-amd64-shadow 10 debian-hvm-install fail 
REGR. vs. 151065
 test-amd64-amd64-libvirt-qemuu-debianhvm-amd64-xsm 10 debian-hvm-install fail 
REGR. vs. 151065
 test-amd64-i386-libvirt-qemuu-debianhvm-amd64-xsm 10 debian-hvm-install fail 
REGR. vs. 151065
 test-amd64-i386-xl-qemuu-debianhvm-amd64-shadow 10 debian-hvm-install fail 
REGR. vs. 151065
 test-amd64-i386-xl-qemuu-debianhvm-amd64 10 debian-hvm-install fail REGR. vs. 
151065
 test-amd64-i386-qemuu-rhel6hvm-intel 10 redhat-install   fail REGR. vs. 151065
 test-amd64-i386-freebsd10-i386 11 guest-start            fail REGR. vs. 151065
 test-amd64-i386-freebsd10-amd64 11 guest-start           fail REGR. vs. 151065
 test-arm64-arm64-libvirt-xsm  7 xen-boot                 fail REGR. vs. 151065
 test-amd64-amd64-qemuu-nested-amd 10 debian-hvm-install  fail REGR. vs. 151065
 test-armhf-armhf-xl-vhd      18 leak-check/check         fail REGR. vs. 151065
 test-amd64-i386-qemuu-rhel6hvm-amd 10 redhat-install     fail REGR. vs. 151065
 test-amd64-amd64-xl-qemuu-win7-amd64 10 windows-install  fail REGR. vs. 151065
 test-amd64-i386-xl-qemuu-win7-amd64 10 windows-install   fail REGR. vs. 151065
 test-amd64-amd64-xl-qemuu-ws16-amd64 10 windows-install  fail REGR. vs. 151065
 test-amd64-i386-xl-qemuu-ws16-amd64 10 windows-install   fail REGR. vs. 151065

Tests which did not succeed, but are not blocking:
 test-armhf-armhf-libvirt     14 saverestore-support-check    fail  like 151065
 test-armhf-armhf-xl-rtds     16 guest-start/debian.repeat    fail  like 151065
 test-armhf-armhf-libvirt-raw 13 saverestore-support-check    fail  like 151065
 test-amd64-i386-xl-pvshim    12 guest-start                  fail   never pass
 test-arm64-arm64-xl-seattle  13 migrate-support-check        fail   never pass
 test-arm64-arm64-xl-seattle  14 saverestore-support-check    fail   never pass
 test-amd64-amd64-libvirt     13 migrate-support-check        fail   never pass
 test-amd64-amd64-libvirt-xsm 13 migrate-support-check        fail   never pass
 test-amd64-i386-libvirt      13 migrate-support-check        fail   never pass
 test-amd64-i386-libvirt-xsm  13 migrate-support-check        fail   never pass
 test-arm64-arm64-xl-credit1  13 migrate-support-check        fail   never pass
 test-arm64-arm64-xl-credit1  14 saverestore-support-check    fail   never pass
 test-arm64-arm64-xl-thunderx 13 migrate-support-check        fail   never pass
 test-arm64-arm64-xl          13 migrate-support-check        fail   never pass
 test-arm64-arm64-xl-credit2  13 migrate-support-check        fail   never pass
 test-arm64-arm64-xl-thunderx 14 saverestore-support-check    fail   never pass
 test-arm64-arm64-xl          14 saverestore-support-check    fail   never pass
 test-arm64-arm64-xl-credit2  14 saverestore-support-check    fail   never pass
 test-arm64-arm64-xl-xsm      13 migrate-support-check        fail   never pass
 test-arm64-arm64-xl-xsm      14 saverestore-support-check    fail   never pass
 test-amd64-amd64-libvirt-vhd 12 migrate-support-check        fail   never pass
 test-armhf-armhf-libvirt     13 migrate-support-check        fail   never pass
 test-armhf-armhf-xl-credit1  13 migrate-support-check        fail   never pass
 test-armhf-armhf-xl-credit1  14 saverestore-support-check    fail   never pass
 test-armhf-armhf-xl-multivcpu 13 migrate-support-check        fail  never pass
 test-armhf-armhf-xl-multivcpu 14 saverestore-support-check    fail  never pass
 test-armhf-armhf-xl-rtds     13 migrate-support-check        fail   never pass
 test-armhf-armhf-xl-rtds     14 saverestore-support-check    fail   never pass
 test-armhf-armhf-xl-cubietruck 13 migrate-support-check        fail never pass
 test-armhf-armhf-xl-cubietruck 14 saverestore-support-check    fail never pass
 test-armhf-armhf-xl-credit2  13 migrate-support-check        fail   never pass
 test-armhf-armhf-xl-credit2  14 saverestore-support-check    fail   never pass
 test-armhf-armhf-xl-arndale  13 migrate-support-check        fail   never pass
 test-armhf-armhf-xl-arndale  14 saverestore-support-check    fail   never pass
 test-armhf-armhf-xl-vhd      12 migrate-support-check        fail   never pass
 test-armhf-armhf-xl-vhd      13 saverestore-support-check    fail   never pass
 test-armhf-armhf-libvirt-raw 12 migrate-support-check        fail   never pass
 test-armhf-armhf-xl          13 migrate-support-check        fail   never pass
 test-armhf-armhf-xl          14 saverestore-support-check    fail   never pass

version targeted for testing:
 qemuu                b7bda69c4ef46c57480f6e378923f5215b122778
baseline version:
 qemuu                9e3903136d9acde2fb2dd9e967ba928050a6cb4a

Last test of basis   151065  2020-06-12 22:27:51 Z   35 days
Failing since        151101  2020-06-14 08:32:51 Z   33 days   46 attempts
Testing same since   151968  2020-07-17 14:52:32 Z    0 days    1 attempts

------------------------------------------------------------
People who touched revisions under test:
  Aaron Lindsay <[email protected]>
  Ahmed Karaman <[email protected]>
  Alberto Garcia <[email protected]>
  Aleksandar Markovic <[email protected]>
  Aleksandar Markovic <[email protected]>
  Alex Bennée <[email protected]>
  Alex Richardson <[email protected]>
  Alex Williamson <[email protected]>
  Alexander Boettcher <[email protected]>
  Alexander Bulekov <[email protected]>
  Alexandre Mergnat <[email protected]>
  Alexey Krasikov <[email protected]>
  Alistair Francis <[email protected]>
  Allan Peramaki <[email protected]>
  Andrew <[email protected]>
  Andrew Jones <[email protected]>
  Andrew Melnychenko <[email protected]>
  Ani Sinha <[email protected]>
  Anthony PERARD <[email protected]>
  Ard Biesheuvel <[email protected]>
  Artyom Tarasenko <[email protected]>
  Atish Patra <[email protected]>
  Aurelien Jarno <[email protected]>
  Babu Moger <[email protected]>
  BALATON Zoltan <[email protected]>
  Basil Salman <[email protected]>
  Basil Salman <[email protected]>
  Beata Michalska <[email protected]>
  Bin Meng <[email protected]>
  Bin Meng <[email protected]>
  Cameron Esfahani <[email protected]>
  Catherine A. Frederick <[email protected]>
  Cathy Zhang <[email protected]>
  Chen Gang <[email protected]>
  Chenyi Qiang <[email protected]>
  Christian Borntraeger <[email protected]>
  Christian Ehrhardt <[email protected]>
  Christophe de Dinechin <[email protected]>
  Chuan Zheng <[email protected]>
  Cindy Lu <[email protected]>
  Claudio Fontana <[email protected]>
  Cleber Rosa <[email protected]>
  Colin Xu <[email protected]>
  Cornelia Huck <[email protected]>
  Cédric Le Goater <[email protected]>
  Daniel P. Berrange <[email protected]>
  Daniel P. Berrangé <[email protected]>
  Daniele Buono <[email protected]>
  David Carlier <[email protected]>
  David Edmondson <[email protected]>
  David Gibson <[email protected]>
  David Hildenbrand <[email protected]>
  Denis V. Lunev <[email protected]>
  Derek Su <[email protected]>
  Dr. David Alan Gilbert <[email protected]>
  Ed Robbins <[email protected]>
  Edgar E. Iglesias <[email protected]>
  Eduardo Habkost <[email protected]>
  Emilio G. Cota <[email protected]>
  Eric Auger <[email protected]>
  Eric Blake <[email protected]>
  Eric Farman <[email protected]>
  Erik Smit <[email protected]>
  erik-smit <[email protected]>
  Evgeny Yakovlev <[email protected]>
  fangying <[email protected]>
  Farhan Ali <[email protected]>
  Filip Bozuta <[email protected]>
  Finn Thain <[email protected]>
  Frank Chang <[email protected]>
  Geoffrey McRae <[email protected]>
  Gerd Hoffmann <[email protected]>
  Giuseppe Musacchio <[email protected]>
  Greg Kurz <[email protected]>
  Guenter Roeck <[email protected]>
  Gustavo Romero <[email protected]>
  Halil Pasic <[email protected]>
  Havard Skinnemoen <[email protected]>
  Helge Deller <[email protected]>
  Howard Spoelstra <[email protected]>
  Huacai Chen <[email protected]>
  Huacai Chen <[email protected]>
  Ian Jiang <[email protected]>
  Igor Mammedov <[email protected]>
  Jan Kiszka <[email protected]>
  Janne Grunau <[email protected]>
  Janosch Frank <[email protected]>
  Jason Andryuk <[email protected]>
  Jason Wang <[email protected]>
  Jay Zhou <[email protected]>
  Jean-Christophe Dubois <[email protected]>
  Jessica Clarke <[email protected]>
  Jiaxun Yang <[email protected]>
  Jingqi Liu <[email protected]>
  John Snow <[email protected]>
  Jon Doron <[email protected]>
  Joseph Myers <[email protected]>
  Josh Kunz <[email protected]>
  Juan Quintela <[email protected]>
  Julio Faracco <[email protected]>
  Keqian Zhu <[email protected]>
  Kevin Wolf <[email protected]>
  Klaus Jensen <[email protected]>
  Klaus Jensen <[email protected]>
  Laszlo Ersek <[email protected]>
  Laurent Vivier <[email protected]>
  Laurent Vivier <[email protected]>
  Leif Lindholm <[email protected]>
  Leonid Bloch <[email protected]>
  Leonid Bloch <[email protected]>
  Li Feng <[email protected]>
  Li Qiang <[email protected]>
  Li Qiang <[email protected]>
  Liao Pingfang <[email protected]>
  lichun <[email protected]>
  Lijun Pan <[email protected]>
  Like Xu <[email protected]>
  Lingfeng Yang <[email protected]>
  Lingshan zhu <[email protected]>
  Liran Alon <[email protected]>
  LIU Zhiwei <[email protected]>
  Lukas Straub <[email protected]>
  Luwei Kang <[email protected]>
  Maciej S. Szmigiero <[email protected]>
  Magnus Damm <[email protected]>
  Mao Zhongyi <[email protected]>
  Marc-André Lureau <[email protected]>
  Marcelo Tosatti <[email protected]>
  Marek Marczykowski-Górecki <[email protected]>
  Mario Smarduch <[email protected]>
  Mark Cave-Ayland <[email protected]>
  Markus Armbruster <[email protected]>
  Masahiro Yamada <[email protected]>
  Matus Kysel <[email protected]>
  Max Filippov <[email protected]>
  Max Reitz <[email protected]>
  Maxim Levitsky <[email protected]>
  Maxime Coquelin <[email protected]>
  Menno Lageman <[email protected]>
  Michael Rolnik <[email protected]>
  Michael Roth <[email protected]>
  Michael S. Tsirkin <[email protected]>
  Michal Privoznik <[email protected]>
  Michele Denber <[email protected]>
  Niek Linnenbank <[email protected]>
  Nir Soffer <[email protected]>
  Olaf Hering <[email protected]>
  Pan Nengyuan <[email protected]>
  Paolo Bonzini <[email protected]>
  Paul Durrant <[email protected]>
  Paul Zimmerman <[email protected]>
  Pavel Dovgalyuk <[email protected]>
  Pavel Dovgalyuk <[email protected]>
  Peter Maydell <[email protected]>
  Peter Xu <[email protected]>
  Philippe Mathieu-Daude <[email protected]>
  Philippe Mathieu-Daudé <[email protected]>
  Philippe Mathieu-Daudé <[email protected]>
  Prasad J Pandit <[email protected]>
  Radoslaw Biernacki <[email protected]>
  Raphael Norwitz <[email protected]>
  Richard Henderson <[email protected]>
  Richard W.M. Jones <[email protected]>
  Riku Voipio <[email protected]>
  Robert Foley <[email protected]>
  Roman Bolshakov <[email protected]>
  Roman Kagan <[email protected]>
  Roman Kagan <[email protected]>
  Sai Pavan Boddu <[email protected]>
  Sarah Harris <[email protected]>
  Sebastian Rasmussen <[email protected]>
  Sergio Lopez <[email protected]>
  Shameer Kolothum <[email protected]>
  Stefan Berger <[email protected]>
  Stefan Berger <[email protected]>
  Stefan Hajnoczi <[email protected]>
  Tao Xu <[email protected]>
  Thomas Huth <[email protected]>
  Thomas Huth <[email protected]>
  Tiwei Bie <[email protected]>
  Tong Ho <[email protected]>
  Vivek Goyal <[email protected]>
  Vladimir Sementsov-Ogievskiy <[email protected]>
  Volker Rümelin <[email protected]>
  WangBowen <[email protected]>
  Wei Huang <[email protected]>
  Wei Wang <[email protected]>
  Wentong Wu <[email protected]>
  Xiaoyao Li <[email protected]>
  Xie Yongji <[email protected]>
  Yi Wang <[email protected]>
  Ying Fang <[email protected]>
  Yoshinori Sato <[email protected]>
  Yuri Benditovich <[email protected]>
  Zhang Chen <[email protected]>
  Zheng Chuan <[email protected]>

jobs:
 build-amd64-xsm                                              pass    
 build-arm64-xsm                                              pass    
 build-i386-xsm                                               pass    
 build-amd64                                                  pass    
 build-arm64                                                  pass    
 build-armhf                                                  pass    
 build-i386                                                   pass    
 build-amd64-libvirt                                          pass    
 build-arm64-libvirt                                          pass    
 build-armhf-libvirt                                          pass    
 build-i386-libvirt                                           pass    
 build-amd64-pvops                                            pass    
 build-arm64-pvops                                            pass    
 build-armhf-pvops                                            pass    
 build-i386-pvops                                             pass    
 test-amd64-amd64-xl                                          pass    
 test-amd64-coresched-amd64-xl                                pass    
 test-arm64-arm64-xl                                          pass    
 test-armhf-armhf-xl                                          pass    
 test-amd64-i386-xl                                           pass    
 test-amd64-coresched-i386-xl                                 pass    
 test-amd64-amd64-libvirt-qemuu-debianhvm-amd64-xsm           fail    
 test-amd64-i386-libvirt-qemuu-debianhvm-amd64-xsm            fail    
 test-amd64-amd64-xl-qemuu-debianhvm-i386-xsm                 fail    
 test-amd64-i386-xl-qemuu-debianhvm-i386-xsm                  fail    
 test-amd64-amd64-libvirt-xsm                                 pass    
 test-arm64-arm64-libvirt-xsm                                 fail    
 test-amd64-i386-libvirt-xsm                                  pass    
 test-amd64-amd64-xl-xsm                                      pass    
 test-arm64-arm64-xl-xsm                                      pass    
 test-amd64-i386-xl-xsm                                       pass    
 test-amd64-amd64-qemuu-nested-amd                            fail    
 test-amd64-amd64-xl-pvhv2-amd                                pass    
 test-amd64-i386-qemuu-rhel6hvm-amd                           fail    
 test-amd64-amd64-xl-qemuu-debianhvm-amd64                    fail    
 test-amd64-i386-xl-qemuu-debianhvm-amd64                     fail    
 test-amd64-i386-freebsd10-amd64                              fail    
 test-amd64-amd64-xl-qemuu-ovmf-amd64                         fail    
 test-amd64-i386-xl-qemuu-ovmf-amd64                          fail    
 test-amd64-amd64-xl-qemuu-win7-amd64                         fail    
 test-amd64-i386-xl-qemuu-win7-amd64                          fail    
 test-amd64-amd64-xl-qemuu-ws16-amd64                         fail    
 test-amd64-i386-xl-qemuu-ws16-amd64                          fail    
 test-armhf-armhf-xl-arndale                                  pass    
 test-amd64-amd64-xl-credit1                                  pass    
 test-arm64-arm64-xl-credit1                                  pass    
 test-armhf-armhf-xl-credit1                                  pass    
 test-amd64-amd64-xl-credit2                                  pass    
 test-arm64-arm64-xl-credit2                                  pass    
 test-armhf-armhf-xl-credit2                                  pass    
 test-armhf-armhf-xl-cubietruck                               pass    
 test-amd64-amd64-xl-qemuu-dmrestrict-amd64-dmrestrict        fail    
 test-amd64-i386-xl-qemuu-dmrestrict-amd64-dmrestrict         fail    
 test-amd64-i386-freebsd10-i386                               fail    
 test-amd64-amd64-qemuu-nested-intel                          fail    
 test-amd64-amd64-xl-pvhv2-intel                              pass    
 test-amd64-i386-qemuu-rhel6hvm-intel                         fail    
 test-amd64-amd64-libvirt                                     pass    
 test-armhf-armhf-libvirt                                     pass    
 test-amd64-i386-libvirt                                      pass    
 test-amd64-amd64-xl-multivcpu                                pass    
 test-armhf-armhf-xl-multivcpu                                pass    
 test-amd64-amd64-pair                                        pass    
 test-amd64-i386-pair                                         pass    
 test-amd64-amd64-libvirt-pair                                pass    
 test-amd64-i386-libvirt-pair                                 pass    
 test-amd64-amd64-amd64-pvgrub                                pass    
 test-amd64-amd64-i386-pvgrub                                 pass    
 test-amd64-amd64-xl-pvshim                                   pass    
 test-amd64-i386-xl-pvshim                                    fail    
 test-amd64-amd64-pygrub                                      pass    
 test-amd64-amd64-xl-qcow2                                    pass    
 test-armhf-armhf-libvirt-raw                                 pass    
 test-amd64-i386-xl-raw                                       pass    
 test-amd64-amd64-xl-rtds                                     pass    
 test-armhf-armhf-xl-rtds                                     fail    
 test-arm64-arm64-xl-seattle                                  pass    
 test-amd64-amd64-xl-qemuu-debianhvm-amd64-shadow             fail    
 test-amd64-i386-xl-qemuu-debianhvm-amd64-shadow              fail    
 test-amd64-amd64-xl-shadow                                   pass    
 test-amd64-i386-xl-shadow                                    pass    
 test-arm64-arm64-xl-thunderx                                 pass    
 test-amd64-amd64-libvirt-vhd                                 pass    
 test-armhf-armhf-xl-vhd                                      fail    


------------------------------------------------------------
sg-report-flight on osstest.test-lab.xenproject.org
logs: /home/logs/logs
images: /home/logs/images

Logs, config files, etc. are available at
    http://logs.test-lab.xenproject.org/osstest/logs

Explanation of these reports, and of osstest in general, is at
    http://xenbits.xen.org/gitweb/?p=osstest.git;a=blob;f=README.email;hb=master
    http://xenbits.xen.org/gitweb/?p=osstest.git;a=blob;f=README;hb=master

Test harness code can be found at
    http://xenbits.xen.org/gitweb?p=osstest.git;a=summary


Not pushing.

(No revision log; it would be 29212 lines long.)

Reply via email to