flight 151946 ovmf real [real] http://logs.test-lab.xenproject.org/osstest/logs/151946/
Perfect :-) All tests in this flight passed as required version targeted for testing: ovmf 21a23e6966c2eb597a8db98d6837a4c01b3cad4a baseline version: ovmf d9269d69138860edb1ec9796ed48549dc6ba5735 Last test of basis 151937 2020-07-16 04:25:27 Z 1 days Testing same since 151946 2020-07-16 17:27:21 Z 0 days 1 attempts ------------------------------------------------------------ People who touched revisions under test: Dandan Bi <[email protected]> Vin Xue <[email protected]> jobs: build-amd64-xsm pass build-i386-xsm pass build-amd64 pass build-i386 pass build-amd64-libvirt pass build-i386-libvirt pass build-amd64-pvops pass build-i386-pvops pass test-amd64-amd64-xl-qemuu-ovmf-amd64 pass test-amd64-i386-xl-qemuu-ovmf-amd64 pass ------------------------------------------------------------ sg-report-flight on osstest.test-lab.xenproject.org logs: /home/logs/logs images: /home/logs/images Logs, config files, etc. are available at http://logs.test-lab.xenproject.org/osstest/logs Explanation of these reports, and of osstest in general, is at http://xenbits.xen.org/gitweb/?p=osstest.git;a=blob;f=README.email;hb=master http://xenbits.xen.org/gitweb/?p=osstest.git;a=blob;f=README;hb=master Test harness code can be found at http://xenbits.xen.org/gitweb?p=osstest.git;a=summary Pushing revision : To xenbits.xen.org:/home/xen/git/osstest/ovmf.git ! [rejected] 21a23e6966c2eb597a8db98d6837a4c01b3cad4a -> xen-tested-master (needs force) error: failed to push some refs to '[email protected]:/home/xen/git/osstest/ovmf.git' hint: You cannot update a remote ref that points at a non-commit object, hint: or update a remote ref to make it point at a non-commit object, hint: without using the '--force' option. ------------------------------------------------------------ commit 21a23e6966c2eb597a8db98d6837a4c01b3cad4a Author: Vin Xue <[email protected]> Date: Tue Jul 14 10:09:35 2020 +0800 SignedCapsulePkg: Address NULL pointer dereference case. Original code GetFmpImageDescriptors for OriginalFmpImageInfoBuf pointer, if failed, return a NULL pointer. The OriginalFmpImageInfoBuf should not be NULL and the NULL pointer dereference case should be false positive. Cc: Jiewen Yao <[email protected]> Cc: Chao Zhang <[email protected]> Signed-off-by: Vin Xue <[email protected]> Reviewed-by: Jiewen Yao <[email protected]> commit 1da651cdb77f42787e55da5a8f85e61d5258824f Author: Dandan Bi <[email protected]> Date: Fri Nov 1 14:41:23 2019 +0800 MdeModulePkg/DisplayEngine: Add Debug message to show mismatch menu info REF: https://bugzilla.tianocore.org/show_bug.cgi?id=2326 Currently when meet mismatch case for one-of and ordered-list menu, just show a popup window to indicate mismatch, no more info for debugging. This patch is to add more debug message about mismatch menu info which is helpful to debug. Cc: Liming Gao <[email protected]> Cc: Eric Dong <[email protected]> Cc: Laszlo Ersek <[email protected]> Signed-off-by: Dandan Bi <[email protected]> Reviewed-by: Eric Dong <[email protected]>
