flight 151939 linux-5.4 real [real]
http://logs.test-lab.xenproject.org/osstest/logs/151939/

Failures :-/ but no regressions.

Tests which did not succeed, but are not blocking:
 test-amd64-i386-libvirt      13 migrate-support-check        fail   never pass
 test-amd64-i386-xl-pvshim    12 guest-start                  fail   never pass
 test-amd64-amd64-libvirt     13 migrate-support-check        fail   never pass
 test-amd64-i386-libvirt-xsm  13 migrate-support-check        fail   never pass
 test-arm64-arm64-xl-seattle  13 migrate-support-check        fail   never pass
 test-arm64-arm64-xl-seattle  14 saverestore-support-check    fail   never pass
 test-arm64-arm64-xl-xsm      13 migrate-support-check        fail   never pass
 test-arm64-arm64-xl-xsm      14 saverestore-support-check    fail   never pass
 test-amd64-amd64-libvirt-qemuu-debianhvm-amd64-xsm 11 migrate-support-check 
fail never pass
 test-arm64-arm64-xl          13 migrate-support-check        fail   never pass
 test-arm64-arm64-xl          14 saverestore-support-check    fail   never pass
 test-arm64-arm64-libvirt-xsm 13 migrate-support-check        fail   never pass
 test-arm64-arm64-libvirt-xsm 14 saverestore-support-check    fail   never pass
 test-arm64-arm64-xl-thunderx 13 migrate-support-check        fail   never pass
 test-arm64-arm64-xl-credit1  13 migrate-support-check        fail   never pass
 test-arm64-arm64-xl-thunderx 14 saverestore-support-check    fail   never pass
 test-arm64-arm64-xl-credit1  14 saverestore-support-check    fail   never pass
 test-arm64-arm64-xl-credit2  13 migrate-support-check        fail   never pass
 test-arm64-arm64-xl-credit2  14 saverestore-support-check    fail   never pass
 test-armhf-armhf-xl-multivcpu 13 migrate-support-check        fail  never pass
 test-armhf-armhf-xl-multivcpu 14 saverestore-support-check    fail  never pass
 test-armhf-armhf-xl-credit2  13 migrate-support-check        fail   never pass
 test-armhf-armhf-xl          13 migrate-support-check        fail   never pass
 test-armhf-armhf-xl-arndale  13 migrate-support-check        fail   never pass
 test-armhf-armhf-xl-arndale  14 saverestore-support-check    fail   never pass
 test-armhf-armhf-xl          14 saverestore-support-check    fail   never pass
 test-armhf-armhf-xl-credit2  14 saverestore-support-check    fail   never pass
 test-amd64-i386-libvirt-qemuu-debianhvm-amd64-xsm 11 migrate-support-check 
fail never pass
 test-amd64-amd64-qemuu-nested-amd 17 debian-hvm-install/l1/l2  fail never pass
 test-amd64-i386-xl-qemuu-win7-amd64 17 guest-stop              fail never pass
 test-amd64-i386-xl-qemut-win7-amd64 17 guest-stop              fail never pass
 test-amd64-amd64-xl-qemut-win7-amd64 17 guest-stop             fail never pass
 test-armhf-armhf-libvirt     13 migrate-support-check        fail   never pass
 test-armhf-armhf-libvirt     14 saverestore-support-check    fail   never pass
 test-armhf-armhf-xl-cubietruck 13 migrate-support-check        fail never pass
 test-armhf-armhf-xl-cubietruck 14 saverestore-support-check    fail never pass
 test-armhf-armhf-xl-vhd      12 migrate-support-check        fail   never pass
 test-armhf-armhf-xl-vhd      13 saverestore-support-check    fail   never pass
 test-armhf-armhf-xl-credit1  13 migrate-support-check        fail   never pass
 test-armhf-armhf-xl-credit1  14 saverestore-support-check    fail   never pass
 test-amd64-amd64-xl-qemuu-ws16-amd64 17 guest-stop             fail never pass
 test-amd64-amd64-xl-qemut-ws16-amd64 17 guest-stop             fail never pass
 test-amd64-i386-xl-qemut-ws16-amd64 17 guest-stop              fail never pass
 test-armhf-armhf-xl-rtds     13 migrate-support-check        fail   never pass
 test-armhf-armhf-xl-rtds     14 saverestore-support-check    fail   never pass
 test-armhf-armhf-libvirt-raw 12 migrate-support-check        fail   never pass
 test-armhf-armhf-libvirt-raw 13 saverestore-support-check    fail   never pass
 test-amd64-i386-xl-qemuu-ws16-amd64 17 guest-stop              fail never pass
 test-amd64-amd64-libvirt-xsm 13 migrate-support-check        fail   never pass
 test-amd64-amd64-libvirt-vhd 12 migrate-support-check        fail   never pass
 test-amd64-amd64-xl-qemuu-win7-amd64 17 guest-stop             fail never pass

version targeted for testing:
 linux                c57b1153a58a6263863667296b5f00933fc46a4f
baseline version:
 linux                1c54d3c15afacf179c07ce6c57a0d43f412f1b3a

Last test of basis   151757  2020-07-09 08:18:27 Z    7 days
Testing same since   151939  2020-07-16 06:40:22 Z    0 days    1 attempts

------------------------------------------------------------
People who touched revisions under test:
  Aditya Pakki <[email protected]>
  Adrian Hunter <[email protected]>
  Alex Deucher <[email protected]>
  Alexandru Elisei <[email protected]>
  Alexei Starovoitov <[email protected]>
  Andre Edich <[email protected]>
  Andrew Bowers <[email protected]>
  Andrew Scull <[email protected]>
  Andy Shevchenko <[email protected]>
  Aneesh Kumar K.V <[email protected]>
  Arnaldo Carvalho de Melo <[email protected]>
  Aya Levin <[email protected]>
  Bartosz Golaszewski <[email protected]>
  Benjamin Poirier <[email protected]>
  Boris Burkov <[email protected]>
  Charles Keepax <[email protected]>
  Chengguang Xu <[email protected]>
  Chris Chiu <[email protected]>
  Christian Borntraeger <[email protected]>
  Christian König <[email protected]>
  Christoph Hellwig <[email protected]>
  Chun-Kuang Hu <[email protected]>
  Ciara Loftus <[email protected]>
  Codrin Ciubotariu <[email protected]>
  Dan Carpenter <[email protected]>
  Daniel Drake <[email protected]>
  Dany Madden <[email protected]>
  David S. Miller <[email protected]>
  David Sterba <[email protected]>
  Davide Caratti <[email protected]>
  Dennis Dalessandro <[email protected]>
  Divya Indi <[email protected]>
  Douglas Anderson <[email protected]>
  Eran Ben Elisha <[email protected]>
  Eric Dumazet <[email protected]>
  Even Brenden <[email protected]>
  Felipe Balbi <[email protected]>
  Gerald Schaefer <[email protected]> # s390
  Greg Kroah-Hartman <[email protected]>
  Hans de Goede <[email protected]>
  Hector Martin <[email protected]>
  Heiko Carstens <[email protected]>
  Heiko Carstens <[email protected]>
  Hsin-Yi Wang <[email protected]>
  Huazhong Tan <[email protected]>
  Hui Wang <[email protected]>
  Huy Nguyen <[email protected]>
  Ido Schimmel <[email protected]>
  Igor Russkikh <[email protected]>
  Ingo Molnar <[email protected]>
  Jakub Sitnicki <[email protected]>
  James Morse <[email protected]>
  Janosch Frank <[email protected]>
  Jason Gunthorpe <[email protected]>
  Jeff Kirsher <[email protected]>
  Jens Axboe <[email protected]>
  Jens Thoms Toerring <[email protected]>
  Jessica Yu <[email protected]>
  Jian-Hong Pan <[email protected]>
  Jiri Kosina <[email protected]>
  Jiri Olsa <[email protected]>
  Joe Lawrence <[email protected]>
  Joerg Roedel <[email protected]>
  Johannes Berg <[email protected]>
  John Fastabend <[email protected]>
  Jonathan Toppins <[email protected]>
  Josef Bacik <[email protected]>
  Josh Poimboeuf <[email protected]>
  Kaike Wan <[email protected]>
  Kamal Heib <[email protected]>
  Kees Cook <[email protected]>
  Kim Phillips <[email protected]>
  Krzysztof Kozlowski <[email protected]>
  Leon Romanovsky <[email protected]>
  Li Heng <[email protected]>
  Linus Walleij <[email protected]>
  Lu Baolu <[email protected]>
  Luca Coelho <[email protected]>
  Marc Zyngier <[email protected]>
  Marco Elver <[email protected]>
  Marek Olšák <[email protected]>
  Mark Brown <[email protected]>
  Martin K. Petersen <[email protected]>
  Martin KaFai Lau <[email protected]>
  Max Gurtovoy <[email protected]>
  Michael Ellerman <[email protected]>
  Michal Suchanek <[email protected]>
  Mike Snitzer <[email protected]>
  Mikulas Patocka <[email protected]>
  Ming Lei <[email protected]>
  Miroslav Benes <[email protected]>
  Namhyung Kim <[email protected]>
  Neil Armstrong <[email protected]>
  Nicolas Ferre <[email protected]>
  Nicolin Chen <[email protected]>
  Pablo Neira Ayuso <[email protected]>
  Paolo Bonzini <[email protected]>
  Parthiban Veerasooran <[email protected]>
  Pavel Hofman <[email protected]>
  Peng Ma <[email protected]>
  Peter Zijlstra (Intel) <[email protected]>
  Peter Zijlstra <[email protected]>
  Pierre-Louis Bossart <[email protected]>
  Rahul Lakkireddy <[email protected]>
  Rajat Jain <[email protected]>
  Russell King <[email protected]>
  Saeed Mahameed <[email protected]>
  Sascha Hauer <[email protected]>
  Sasha Levin <[email protected]>
  Scott Wood <[email protected]>
  Sean Christopherson <[email protected]>
  Sebastian Andrzej Siewior <[email protected]>
  Shawn Guo <[email protected]>
  Sowjanya Komatineni <[email protected]>
  Srinivas Kandagatla <[email protected]>
  Stanislav Saner <[email protected]>
  Stephane Eranian <[email protected]>
  Stephane Eranian <eraniangoogle.com>
  Steve French <[email protected]>
  Steven Price <[email protected]>
  Sudarsana Reddy Kalluru <[email protected]>
  Takashi Iwai <[email protected]>
  Thierry Reding <[email protected]>
  Tom Rix <[email protected]>
  Tomas Henzl <[email protected]>
  Tony Lindgren <[email protected]>
  Ulf Hansson <[email protected]>
  Uwe Kleine-König <[email protected]>
  Vasily Gorbik <[email protected]>
  Vincent Bernat <[email protected]>
  Vineet Gupta <[email protected]>
  Vinod Koul <[email protected]>
  Wei Li <[email protected]>
  Will Deacon <[email protected]>
  xidongwang <[email protected]>
  Xin Tan <[email protected]>
  Xiyu Yang <[email protected]>
  Yonglong Liu <[email protected]>
  yu kuai <[email protected]>
  Zhang Xiaoxu <[email protected]>
  Zheng Bin <[email protected]>
  Zhenzhong Duan <[email protected]>

jobs:
 build-amd64-xsm                                              pass    
 build-arm64-xsm                                              pass    
 build-i386-xsm                                               pass    
 build-amd64                                                  pass    
 build-arm64                                                  pass    
 build-armhf                                                  pass    
 build-i386                                                   pass    
 build-amd64-libvirt                                          pass    
 build-arm64-libvirt                                          pass    
 build-armhf-libvirt                                          pass    
 build-i386-libvirt                                           pass    
 build-amd64-pvops                                            pass    
 build-arm64-pvops                                            pass    
 build-armhf-pvops                                            pass    
 build-i386-pvops                                             pass    
 test-amd64-amd64-xl                                          pass    
 test-amd64-coresched-amd64-xl                                pass    
 test-arm64-arm64-xl                                          pass    
 test-armhf-armhf-xl                                          pass    
 test-amd64-i386-xl                                           pass    
 test-amd64-coresched-i386-xl                                 pass    
 test-amd64-amd64-libvirt-qemuu-debianhvm-amd64-xsm           pass    
 test-amd64-i386-libvirt-qemuu-debianhvm-amd64-xsm            pass    
 test-amd64-amd64-xl-qemut-stubdom-debianhvm-amd64-xsm        pass    
 test-amd64-i386-xl-qemut-stubdom-debianhvm-amd64-xsm         pass    
 test-amd64-amd64-xl-qemut-debianhvm-i386-xsm                 pass    
 test-amd64-i386-xl-qemut-debianhvm-i386-xsm                  pass    
 test-amd64-amd64-xl-qemuu-debianhvm-i386-xsm                 pass    
 test-amd64-i386-xl-qemuu-debianhvm-i386-xsm                  pass    
 test-amd64-amd64-libvirt-xsm                                 pass    
 test-arm64-arm64-libvirt-xsm                                 pass    
 test-amd64-i386-libvirt-xsm                                  pass    
 test-amd64-amd64-xl-xsm                                      pass    
 test-arm64-arm64-xl-xsm                                      pass    
 test-amd64-i386-xl-xsm                                       pass    
 test-amd64-amd64-qemuu-nested-amd                            fail    
 test-amd64-amd64-xl-pvhv2-amd                                pass    
 test-amd64-i386-qemut-rhel6hvm-amd                           pass    
 test-amd64-i386-qemuu-rhel6hvm-amd                           pass    
 test-amd64-amd64-xl-qemut-debianhvm-amd64                    pass    
 test-amd64-i386-xl-qemut-debianhvm-amd64                     pass    
 test-amd64-amd64-xl-qemuu-debianhvm-amd64                    pass    
 test-amd64-i386-xl-qemuu-debianhvm-amd64                     pass    
 test-amd64-i386-freebsd10-amd64                              pass    
 test-amd64-amd64-xl-qemuu-ovmf-amd64                         pass    
 test-amd64-i386-xl-qemuu-ovmf-amd64                          pass    
 test-amd64-amd64-xl-qemut-win7-amd64                         fail    
 test-amd64-i386-xl-qemut-win7-amd64                          fail    
 test-amd64-amd64-xl-qemuu-win7-amd64                         fail    
 test-amd64-i386-xl-qemuu-win7-amd64                          fail    
 test-amd64-amd64-xl-qemut-ws16-amd64                         fail    
 test-amd64-i386-xl-qemut-ws16-amd64                          fail    
 test-amd64-amd64-xl-qemuu-ws16-amd64                         fail    
 test-amd64-i386-xl-qemuu-ws16-amd64                          fail    
 test-armhf-armhf-xl-arndale                                  pass    
 test-amd64-amd64-xl-credit1                                  pass    
 test-arm64-arm64-xl-credit1                                  pass    
 test-armhf-armhf-xl-credit1                                  pass    
 test-amd64-amd64-xl-credit2                                  pass    
 test-arm64-arm64-xl-credit2                                  pass    
 test-armhf-armhf-xl-credit2                                  pass    
 test-armhf-armhf-xl-cubietruck                               pass    
 test-amd64-amd64-xl-qemuu-dmrestrict-amd64-dmrestrict        pass    
 test-amd64-i386-xl-qemuu-dmrestrict-amd64-dmrestrict         pass    
 test-amd64-amd64-examine                                     pass    
 test-arm64-arm64-examine                                     pass    
 test-armhf-armhf-examine                                     pass    
 test-amd64-i386-examine                                      pass    
 test-amd64-i386-freebsd10-i386                               pass    
 test-amd64-amd64-qemuu-nested-intel                          pass    
 test-amd64-amd64-xl-pvhv2-intel                              pass    
 test-amd64-i386-qemut-rhel6hvm-intel                         pass    
 test-amd64-i386-qemuu-rhel6hvm-intel                         pass    
 test-amd64-amd64-libvirt                                     pass    
 test-armhf-armhf-libvirt                                     pass    
 test-amd64-i386-libvirt                                      pass    
 test-amd64-amd64-xl-multivcpu                                pass    
 test-armhf-armhf-xl-multivcpu                                pass    
 test-amd64-amd64-pair                                        pass    
 test-amd64-i386-pair                                         pass    
 test-amd64-amd64-libvirt-pair                                pass    
 test-amd64-i386-libvirt-pair                                 pass    
 test-amd64-amd64-amd64-pvgrub                                pass    
 test-amd64-amd64-i386-pvgrub                                 pass    
 test-amd64-amd64-xl-pvshim                                   pass    
 test-amd64-i386-xl-pvshim                                    fail    
 test-amd64-amd64-pygrub                                      pass    
 test-amd64-amd64-xl-qcow2                                    pass    
 test-armhf-armhf-libvirt-raw                                 pass    
 test-amd64-i386-xl-raw                                       pass    
 test-amd64-amd64-xl-rtds                                     pass    
 test-armhf-armhf-xl-rtds                                     pass    
 test-arm64-arm64-xl-seattle                                  pass    
 test-amd64-amd64-xl-qemuu-debianhvm-amd64-shadow             pass    
 test-amd64-i386-xl-qemuu-debianhvm-amd64-shadow              pass    
 test-amd64-amd64-xl-shadow                                   pass    
 test-amd64-i386-xl-shadow                                    pass    
 test-arm64-arm64-xl-thunderx                                 pass    
 test-amd64-amd64-libvirt-vhd                                 pass    
 test-armhf-armhf-xl-vhd                                      pass    


------------------------------------------------------------
sg-report-flight on osstest.test-lab.xenproject.org
logs: /home/logs/logs
images: /home/logs/images

Logs, config files, etc. are available at
    http://logs.test-lab.xenproject.org/osstest/logs

Explanation of these reports, and of osstest in general, is at
    http://xenbits.xen.org/gitweb/?p=osstest.git;a=blob;f=README.email;hb=master
    http://xenbits.xen.org/gitweb/?p=osstest.git;a=blob;f=README;hb=master

Test harness code can be found at
    http://xenbits.xen.org/gitweb?p=osstest.git;a=summary


Pushing revision :

hint: The 'hooks/update' hook was ignored because it's not set as executable.
hint: You can disable this warning with `git config advice.ignoredHook false`.
hint: The 'hooks/post-receive' hook was ignored because it's not set as 
executable.
hint: You can disable this warning with `git config advice.ignoredHook false`.
hint: The 'hooks/post-update' hook was ignored because it's not set as 
executable.
hint: You can disable this warning with `git config advice.ignoredHook false`.
To xenbits.xen.org:/home/xen/git/linux-pvops.git
   1c54d3c15afa..c57b1153a58a  c57b1153a58a6263863667296b5f00933fc46a4f -> 
tested/linux-5.4

Reply via email to