flight 151516 linux-5.4 real [real]
http://logs.test-lab.xenproject.org/osstest/logs/151516/

Failures :-/ but no regressions.

Tests which did not succeed, but are not blocking:
 test-amd64-i386-xl-pvshim    12 guest-start                  fail   never pass
 test-amd64-amd64-libvirt     13 migrate-support-check        fail   never pass
 test-arm64-arm64-xl-seattle  13 migrate-support-check        fail   never pass
 test-arm64-arm64-xl-seattle  14 saverestore-support-check    fail   never pass
 test-amd64-i386-libvirt      13 migrate-support-check        fail   never pass
 test-amd64-i386-libvirt-xsm  13 migrate-support-check        fail   never pass
 test-amd64-amd64-libvirt-xsm 13 migrate-support-check        fail   never pass
 test-amd64-amd64-libvirt-vhd 12 migrate-support-check        fail   never pass
 test-arm64-arm64-libvirt-xsm 13 migrate-support-check        fail   never pass
 test-arm64-arm64-libvirt-xsm 14 saverestore-support-check    fail   never pass
 test-arm64-arm64-xl-credit2  13 migrate-support-check        fail   never pass
 test-arm64-arm64-xl-xsm      13 migrate-support-check        fail   never pass
 test-arm64-arm64-xl-credit2  14 saverestore-support-check    fail   never pass
 test-arm64-arm64-xl-xsm      14 saverestore-support-check    fail   never pass
 test-armhf-armhf-xl-arndale  13 migrate-support-check        fail   never pass
 test-armhf-armhf-xl-arndale  14 saverestore-support-check    fail   never pass
 test-arm64-arm64-xl-credit1  13 migrate-support-check        fail   never pass
 test-arm64-arm64-xl-credit1  14 saverestore-support-check    fail   never pass
 test-arm64-arm64-xl          13 migrate-support-check        fail   never pass
 test-arm64-arm64-xl          14 saverestore-support-check    fail   never pass
 test-arm64-arm64-xl-thunderx 13 migrate-support-check        fail   never pass
 test-arm64-arm64-xl-thunderx 14 saverestore-support-check    fail   never pass
 test-amd64-amd64-libvirt-qemuu-debianhvm-amd64-xsm 11 migrate-support-check 
fail never pass
 test-amd64-i386-libvirt-qemuu-debianhvm-amd64-xsm 11 migrate-support-check 
fail never pass
 test-amd64-amd64-xl-qemuu-win7-amd64 17 guest-stop             fail never pass
 test-amd64-i386-xl-qemuu-win7-amd64 17 guest-stop              fail never pass
 test-amd64-i386-xl-qemut-win7-amd64 17 guest-stop              fail never pass
 test-amd64-amd64-xl-qemut-win7-amd64 17 guest-stop             fail never pass
 test-armhf-armhf-xl-rtds     13 migrate-support-check        fail   never pass
 test-armhf-armhf-xl-rtds     14 saverestore-support-check    fail   never pass
 test-armhf-armhf-xl-multivcpu 13 migrate-support-check        fail  never pass
 test-armhf-armhf-xl-multivcpu 14 saverestore-support-check    fail  never pass
 test-armhf-armhf-xl-credit2  13 migrate-support-check        fail   never pass
 test-armhf-armhf-xl-credit2  14 saverestore-support-check    fail   never pass
 test-armhf-armhf-xl          13 migrate-support-check        fail   never pass
 test-armhf-armhf-xl          14 saverestore-support-check    fail   never pass
 test-armhf-armhf-xl-cubietruck 13 migrate-support-check        fail never pass
 test-armhf-armhf-xl-cubietruck 14 saverestore-support-check    fail never pass
 test-armhf-armhf-xl-credit1  13 migrate-support-check        fail   never pass
 test-armhf-armhf-xl-credit1  14 saverestore-support-check    fail   never pass
 test-armhf-armhf-libvirt     13 migrate-support-check        fail   never pass
 test-armhf-armhf-libvirt     14 saverestore-support-check    fail   never pass
 test-amd64-amd64-xl-qemuu-ws16-amd64 17 guest-stop             fail never pass
 test-amd64-amd64-xl-qemut-ws16-amd64 17 guest-stop             fail never pass
 test-amd64-i386-xl-qemut-ws16-amd64 17 guest-stop              fail never pass
 test-armhf-armhf-xl-vhd      12 migrate-support-check        fail   never pass
 test-armhf-armhf-xl-vhd      13 saverestore-support-check    fail   never pass
 test-armhf-armhf-libvirt-raw 12 migrate-support-check        fail   never pass
 test-armhf-armhf-libvirt-raw 13 saverestore-support-check    fail   never pass
 test-amd64-i386-xl-qemuu-ws16-amd64 17 guest-stop              fail never pass
 test-amd64-amd64-qemuu-nested-amd 17 debian-hvm-install/l1/l2  fail never pass

version targeted for testing:
 linux                e75220890bf6b37c5f7b1dbd81d8292ed6d96643
baseline version:
 linux                4e9688ad3d36e8f73c73e435f53da5ae1cd91a70

Last test of basis   151339  2020-06-24 16:09:27 Z    7 days
Testing same since   151503  2020-07-01 09:18:19 Z    1 days    2 attempts

------------------------------------------------------------
People who touched revisions under test:
  Aaron Plattner <[email protected]>
  Aditya Pakki <[email protected]>
  Al Cooper <[email protected]>
  Al Viro <[email protected]>
  Alan Stern <[email protected]>
  Alex Deucher <[email protected]>
  Alexander Lobakin <[email protected]>
  Alexei Starovoitov <[email protected]>
  Andrew Morton <[email protected]>
  Anna Schumaker <[email protected]>
  Anton Eidelman <[email protected]>
  Ard Biesheuvel <[email protected]>
  Ariel Elior <[email protected]>
  Bernard Zhao <[email protected]>
  Borislav Petkov <[email protected]>
  Charles Keepax <[email protected]>
  Chihhao Chen <[email protected]>
  Christian Brauner <[email protected]>
  Christoph Hellwig <[email protected]>
  Chuck Lever <[email protected]>
  Chuhong Yuan <[email protected]>
  Claudiu Manoil <[email protected]>
  Corey Minyard <[email protected]>
  Dan Carpenter <[email protected]>
  Daniel Borkmann <[email protected]>
  Daniel Gomez <[email protected]>
  Daniel Wagner <[email protected]>
  Darrick J. Wong <[email protected]>
  David Christensen <[email protected]>
  David Howells <[email protected]>
  David S. Miller <[email protected]>
  David Sterba <[email protected]>
  Denis Efremov <[email protected]>
  Denis Kirjanov <[email protected]>
  Denis Kirjanov <[email protected]>
  Dennis Dalessandro <[email protected]>
  Dinghao Liu <[email protected]>
  Dmitry Baryshkov <[email protected]>
  Doug Berger <[email protected]>
  Drew Fustini <[email protected]>
  Eddie James <[email protected]>
  Eric Dumazet <[email protected]>
  Fabian Vogt <[email protected]>
  Fan Guo <[email protected]>
  Felipe Balbi <[email protected]>
  Felix Kuehling <[email protected]>
  Fenghua Yu <[email protected]>
  Filipe Manana <[email protected]>
  Florian Fainelli <[email protected]>
  Gao Xiang <[email protected]>
  Gaurav Singh <[email protected]>
  Greg Kroah-Hartman <[email protected]>
  guodeqing <[email protected]>
  Hangbin Liu <[email protected]>
  Heiko Carstens <[email protected]>
  Herbert Xu <[email protected]>
  Huaisheng Ye <[email protected]>
  Huy Nguyen <[email protected]>
  Igor Russkikh <[email protected]>
  Ilya Ponetayev <[email protected]>
  Ingo Molnar <[email protected]>
  Jan Kara <[email protected]>
  Jason A. Donenfeld <[email protected]>
  Jason Gunthorpe <[email protected]>
  Jason Gunthorpe <[email protected]>
  Jens Axboe <[email protected]>
  Jeremy Kerr <[email protected]>
  Jesper Dangaard Brouer <[email protected]>
  Jiping Ma <[email protected]>
  Joakim Tjernlund <[email protected]>
  Joel Stanley <[email protected]>
  Joerg Roedel <[email protected]>
  John Fastabend <[email protected]>
  John Stultz <[email protected]>
  Jozsef Kadlecsik <[email protected]>
  Julian Wiedmann <[email protected]>
  Junxiao Bi <[email protected]>
  Juri Lelli <[email protected]>
  Kai-Heng Feng <[email protected]>
  Kees Cook <[email protected]>
  Lalithambika Krishnakumar <[email protected]>
  Laurence Tratt <[email protected]>
  Laurent Pinchart <[email protected]>
  Leon Romanovsky <[email protected]>
  Li Jun <[email protected]>
  Linus Torvalds <[email protected]>
  Linus Walleij <[email protected]>
  Longfang Liu <[email protected]>
  Lorenzo Bianconi <[email protected]>
  Lu Baolu <[email protected]>
  Luis Chamberlain <[email protected]>
  Macpaul Lin <[email protected]>
  Manivannan Sadhasivam <[email protected]>
  Mans Rullgard <[email protected]>
  Marcelo Ricardo Leitner <[email protected]>
  Marek Vasut <[email protected]>
  Mark Brown <[email protected]>
  Mark Rutland <[email protected]>
  Mark Zhang <[email protected]>
  Martin K. Petersen <[email protected]>
  Martin Schwidefsky <[email protected]>
  Masahiro Yamada <[email protected]>
  Masami Hiramatsu <[email protected]>
  Mathias Nyman <[email protected]>
  Matt Fleming <[email protected]>
  Matthew Hagan <[email protected]>
  Michal Hocko <[email protected]>
  Michal Kalderon <[email protected]>
  Mike Snitzer <[email protected]>
  Mikulas Patocka <[email protected]>
  Minas Harutyunyan <[email protected]>
  Minas Harutyunyan <[email protected]>
  Muchun Song <[email protected]>
  Nathan Chancellor <[email protected]>
  Nathan Huckleberry <[email protected]>
  Navid Emamdoost <[email protected]>
  Neal Cardwell <[email protected]>
  Nikolay Aleksandrov <[email protected]>
  Olga Kornievskaia <[email protected]>
  Olga Kornievskaia <[email protected]>
  Oliver Neukum <[email protected]>
  Pablo Neira Ayuso <[email protected]>
  Palmer Dabbelt <[email protected]>
  Paolo Bonzini <[email protected]>
  Peter Chen <[email protected]>
  Peter Zijlstra (Intel) <[email protected]>
  Qiushi Wu <[email protected]>
  Rafael J. Wysocki <[email protected]>
  Rahul Lakkireddy <[email protected]>
  Reinette Chatre <[email protected]>
  Ren Xudong <[email protected]>
  Robert Nelson <[email protected]>
  Robin Gong <[email protected]>
  Roman Bolshakov <[email protected]>
  Roman Gushchin <[email protected]>
  Russell King <[email protected]>
  Sabrina Dubroca <[email protected]>
  Sagi Grimberg <[email protected]>
  Sami Tolvanen <[email protected]>
  Sasha Levin <[email protected]>
  Sean Christopherson <[email protected]>
  SeongJae Park <[email protected]>
  Shawn Guo <[email protected]>
  Shay Drory <[email protected]>
  Shengjiu Wang <[email protected]>
  Soheil Hassas Yeganeh <[email protected]>
  Srinivas Kandagatla <[email protected]>
  Stanislav Fomichev <[email protected]>
  Steffen Klassert <[email protected]>
  Steffen Maier <[email protected]>
  Steve French <[email protected]>
  Steven Rostedt (VMware) <[email protected]>
  Sven Auhagen <[email protected]>
  Sven Schnelle <[email protected]>
  Taehee Yoo <[email protected]>
  Takashi Iwai <[email protected]>
  Tang Bin <[email protected]>
  Tariq Toukan <[email protected]>
  Thierry Reding <[email protected]>
  Thomas Falcon <[email protected]>
  Thomas Gleixner <[email protected]>
  Thomas Martitz <[email protected]>
  Todd Kjos <[email protected]>
  Toke Høiland-Jørgensen <[email protected]>
  Tom Seewald <[email protected]>
  Tomasz Meresiński <[email protected]>
  Tony Lindgren <[email protected]>
  Trond Myklebust <[email protected]>
  Valentin Longchamp <[email protected]>
  Vasily Averin <[email protected]>
  Vasily Gorbik <[email protected]>
  Vidya Sagar <[email protected]>
  Vincent Chen <[email protected]>
  Vincenzo Frascino <[email protected]>
  Waiman Long <[email protected]>
  Wang Hai <[email protected]>
  Weiping Zhang <[email protected]>
  Wenhui Sheng <[email protected]>
  Will Deacon <[email protected]>
  Willem de Bruijn <[email protected]>
  Wolfram Sang <[email protected]>
  Xiaoyao Li <[email protected]>
  Xin Tan <[email protected]>
  Xiyu Yang <[email protected]>
  Yang Yingliang <[email protected]>
  Yash Shah <[email protected]>
  Ye Bin <[email protected]>
  Yick W. Tse <[email protected]>
  Yonghong Song <[email protected]>
  Yoshihiro Shimoda <[email protected]>
  yu kuai <[email protected]>
  Zekun Shen <[email protected]>
  Zhang Shengju <[email protected]>
  Zhang Xiaoxu <[email protected]>
  Zheng Bin <[email protected]>

jobs:
 build-amd64-xsm                                              pass    
 build-arm64-xsm                                              pass    
 build-i386-xsm                                               pass    
 build-amd64                                                  pass    
 build-arm64                                                  pass    
 build-armhf                                                  pass    
 build-i386                                                   pass    
 build-amd64-libvirt                                          pass    
 build-arm64-libvirt                                          pass    
 build-armhf-libvirt                                          pass    
 build-i386-libvirt                                           pass    
 build-amd64-pvops                                            pass    
 build-arm64-pvops                                            pass    
 build-armhf-pvops                                            pass    
 build-i386-pvops                                             pass    
 test-amd64-amd64-xl                                          pass    
 test-amd64-coresched-amd64-xl                                pass    
 test-arm64-arm64-xl                                          pass    
 test-armhf-armhf-xl                                          pass    
 test-amd64-i386-xl                                           pass    
 test-amd64-coresched-i386-xl                                 pass    
 test-amd64-amd64-libvirt-qemuu-debianhvm-amd64-xsm           pass    
 test-amd64-i386-libvirt-qemuu-debianhvm-amd64-xsm            pass    
 test-amd64-amd64-xl-qemut-stubdom-debianhvm-amd64-xsm        pass    
 test-amd64-i386-xl-qemut-stubdom-debianhvm-amd64-xsm         pass    
 test-amd64-amd64-xl-qemut-debianhvm-i386-xsm                 pass    
 test-amd64-i386-xl-qemut-debianhvm-i386-xsm                  pass    
 test-amd64-amd64-xl-qemuu-debianhvm-i386-xsm                 pass    
 test-amd64-i386-xl-qemuu-debianhvm-i386-xsm                  pass    
 test-amd64-amd64-libvirt-xsm                                 pass    
 test-arm64-arm64-libvirt-xsm                                 pass    
 test-amd64-i386-libvirt-xsm                                  pass    
 test-amd64-amd64-xl-xsm                                      pass    
 test-arm64-arm64-xl-xsm                                      pass    
 test-amd64-i386-xl-xsm                                       pass    
 test-amd64-amd64-qemuu-nested-amd                            fail    
 test-amd64-amd64-xl-pvhv2-amd                                pass    
 test-amd64-i386-qemut-rhel6hvm-amd                           pass    
 test-amd64-i386-qemuu-rhel6hvm-amd                           pass    
 test-amd64-amd64-xl-qemut-debianhvm-amd64                    pass    
 test-amd64-i386-xl-qemut-debianhvm-amd64                     pass    
 test-amd64-amd64-xl-qemuu-debianhvm-amd64                    pass    
 test-amd64-i386-xl-qemuu-debianhvm-amd64                     pass    
 test-amd64-i386-freebsd10-amd64                              pass    
 test-amd64-amd64-xl-qemuu-ovmf-amd64                         pass    
 test-amd64-i386-xl-qemuu-ovmf-amd64                          pass    
 test-amd64-amd64-xl-qemut-win7-amd64                         fail    
 test-amd64-i386-xl-qemut-win7-amd64                          fail    
 test-amd64-amd64-xl-qemuu-win7-amd64                         fail    
 test-amd64-i386-xl-qemuu-win7-amd64                          fail    
 test-amd64-amd64-xl-qemut-ws16-amd64                         fail    
 test-amd64-i386-xl-qemut-ws16-amd64                          fail    
 test-amd64-amd64-xl-qemuu-ws16-amd64                         fail    
 test-amd64-i386-xl-qemuu-ws16-amd64                          fail    
 test-armhf-armhf-xl-arndale                                  pass    
 test-amd64-amd64-xl-credit1                                  pass    
 test-arm64-arm64-xl-credit1                                  pass    
 test-armhf-armhf-xl-credit1                                  pass    
 test-amd64-amd64-xl-credit2                                  pass    
 test-arm64-arm64-xl-credit2                                  pass    
 test-armhf-armhf-xl-credit2                                  pass    
 test-armhf-armhf-xl-cubietruck                               pass    
 test-amd64-amd64-xl-qemuu-dmrestrict-amd64-dmrestrict        pass    
 test-amd64-i386-xl-qemuu-dmrestrict-amd64-dmrestrict         pass    
 test-amd64-amd64-examine                                     pass    
 test-arm64-arm64-examine                                     pass    
 test-armhf-armhf-examine                                     pass    
 test-amd64-i386-examine                                      pass    
 test-amd64-i386-freebsd10-i386                               pass    
 test-amd64-amd64-qemuu-nested-intel                          pass    
 test-amd64-amd64-xl-pvhv2-intel                              pass    
 test-amd64-i386-qemut-rhel6hvm-intel                         pass    
 test-amd64-i386-qemuu-rhel6hvm-intel                         pass    
 test-amd64-amd64-libvirt                                     pass    
 test-armhf-armhf-libvirt                                     pass    
 test-amd64-i386-libvirt                                      pass    
 test-amd64-amd64-xl-multivcpu                                pass    
 test-armhf-armhf-xl-multivcpu                                pass    
 test-amd64-amd64-pair                                        pass    
 test-amd64-i386-pair                                         pass    
 test-amd64-amd64-libvirt-pair                                pass    
 test-amd64-i386-libvirt-pair                                 pass    
 test-amd64-amd64-amd64-pvgrub                                pass    
 test-amd64-amd64-i386-pvgrub                                 pass    
 test-amd64-amd64-xl-pvshim                                   pass    
 test-amd64-i386-xl-pvshim                                    fail    
 test-amd64-amd64-pygrub                                      pass    
 test-amd64-amd64-xl-qcow2                                    pass    
 test-armhf-armhf-libvirt-raw                                 pass    
 test-amd64-i386-xl-raw                                       pass    
 test-amd64-amd64-xl-rtds                                     pass    
 test-armhf-armhf-xl-rtds                                     pass    
 test-arm64-arm64-xl-seattle                                  pass    
 test-amd64-amd64-xl-qemuu-debianhvm-amd64-shadow             pass    
 test-amd64-i386-xl-qemuu-debianhvm-amd64-shadow              pass    
 test-amd64-amd64-xl-shadow                                   pass    
 test-amd64-i386-xl-shadow                                    pass    
 test-arm64-arm64-xl-thunderx                                 pass    
 test-amd64-amd64-libvirt-vhd                                 pass    
 test-armhf-armhf-xl-vhd                                      pass    


------------------------------------------------------------
sg-report-flight on osstest.test-lab.xenproject.org
logs: /home/logs/logs
images: /home/logs/images

Logs, config files, etc. are available at
    http://logs.test-lab.xenproject.org/osstest/logs

Explanation of these reports, and of osstest in general, is at
    http://xenbits.xen.org/gitweb/?p=osstest.git;a=blob;f=README.email;hb=master
    http://xenbits.xen.org/gitweb/?p=osstest.git;a=blob;f=README;hb=master

Test harness code can be found at
    http://xenbits.xen.org/gitweb?p=osstest.git;a=summary


Pushing revision :

hint: The 'hooks/update' hook was ignored because it's not set as executable.
hint: You can disable this warning with `git config advice.ignoredHook false`.
hint: The 'hooks/post-receive' hook was ignored because it's not set as 
executable.
hint: You can disable this warning with `git config advice.ignoredHook false`.
hint: The 'hooks/post-update' hook was ignored because it's not set as 
executable.
hint: You can disable this warning with `git config advice.ignoredHook false`.
To xenbits.xen.org:/home/xen/git/linux-pvops.git
   4e9688ad3d36..e75220890bf6  e75220890bf6b37c5f7b1dbd81d8292ed6d96643 -> 
tested/linux-5.4

Reply via email to