flight 151200 linux-5.4 real [real]
http://logs.test-lab.xenproject.org/osstest/logs/151200/

Regressions :-(

Tests which did not succeed and are blocking,
including tests which could not be run:
 test-amd64-amd64-libvirt-vhd 17 guest-start/debian.repeat fail REGR. vs. 151022
 test-amd64-amd64-xl-qemut-debianhvm-i386-xsm 10 debian-hvm-install fail REGR. 
vs. 151022

Tests which did not succeed, but are not blocking:
 test-amd64-i386-xl-pvshim    12 guest-start                  fail   never pass
 test-amd64-i386-libvirt-xsm  13 migrate-support-check        fail   never pass
 test-amd64-i386-libvirt      13 migrate-support-check        fail   never pass
 test-arm64-arm64-xl-seattle  13 migrate-support-check        fail   never pass
 test-arm64-arm64-xl-seattle  14 saverestore-support-check    fail   never pass
 test-amd64-amd64-libvirt-xsm 13 migrate-support-check        fail   never pass
 test-amd64-amd64-libvirt     13 migrate-support-check        fail   never pass
 test-amd64-amd64-libvirt-qemuu-debianhvm-amd64-xsm 11 migrate-support-check 
fail never pass
 test-amd64-i386-libvirt-qemuu-debianhvm-amd64-xsm 11 migrate-support-check 
fail never pass
 test-arm64-arm64-xl          13 migrate-support-check        fail   never pass
 test-arm64-arm64-xl          14 saverestore-support-check    fail   never pass
 test-arm64-arm64-xl-credit1  13 migrate-support-check        fail   never pass
 test-arm64-arm64-xl-credit1  14 saverestore-support-check    fail   never pass
 test-arm64-arm64-xl-credit2  13 migrate-support-check        fail   never pass
 test-arm64-arm64-xl-credit2  14 saverestore-support-check    fail   never pass
 test-arm64-arm64-xl-thunderx 13 migrate-support-check        fail   never pass
 test-arm64-arm64-xl-thunderx 14 saverestore-support-check    fail   never pass
 test-arm64-arm64-xl-xsm      13 migrate-support-check        fail   never pass
 test-arm64-arm64-xl-xsm      14 saverestore-support-check    fail   never pass
 test-armhf-armhf-xl-arndale  13 migrate-support-check        fail   never pass
 test-armhf-armhf-xl-arndale  14 saverestore-support-check    fail   never pass
 test-amd64-amd64-libvirt-vhd 12 migrate-support-check        fail   never pass
 test-amd64-amd64-xl-qemuu-win7-amd64 17 guest-stop             fail never pass
 test-amd64-i386-xl-qemuu-win7-amd64 17 guest-stop              fail never pass
 test-amd64-i386-xl-qemut-win7-amd64 17 guest-stop              fail never pass
 test-amd64-amd64-xl-qemut-win7-amd64 17 guest-stop             fail never pass
 test-armhf-armhf-xl-credit2  13 migrate-support-check        fail   never pass
 test-armhf-armhf-xl-credit2  14 saverestore-support-check    fail   never pass
 test-armhf-armhf-xl          13 migrate-support-check        fail   never pass
 test-armhf-armhf-xl          14 saverestore-support-check    fail   never pass
 test-armhf-armhf-xl-credit1  13 migrate-support-check        fail   never pass
 test-armhf-armhf-xl-credit1  14 saverestore-support-check    fail   never pass
 test-armhf-armhf-libvirt     13 migrate-support-check        fail   never pass
 test-armhf-armhf-libvirt     14 saverestore-support-check    fail   never pass
 test-armhf-armhf-xl-cubietruck 13 migrate-support-check        fail never pass
 test-armhf-armhf-xl-cubietruck 14 saverestore-support-check    fail never pass
 test-armhf-armhf-xl-multivcpu 13 migrate-support-check        fail  never pass
 test-armhf-armhf-xl-multivcpu 14 saverestore-support-check    fail  never pass
 test-amd64-amd64-xl-qemuu-ws16-amd64 17 guest-stop             fail never pass
 test-amd64-amd64-xl-qemut-ws16-amd64 17 guest-stop             fail never pass
 test-arm64-arm64-libvirt-xsm 13 migrate-support-check        fail   never pass
 test-arm64-arm64-libvirt-xsm 14 saverestore-support-check    fail   never pass
 test-amd64-i386-xl-qemut-ws16-amd64 17 guest-stop              fail never pass
 test-armhf-armhf-xl-vhd      12 migrate-support-check        fail   never pass
 test-armhf-armhf-xl-vhd      13 saverestore-support-check    fail   never pass
 test-armhf-armhf-xl-rtds     13 migrate-support-check        fail   never pass
 test-armhf-armhf-xl-rtds     14 saverestore-support-check    fail   never pass
 test-armhf-armhf-libvirt-raw 12 migrate-support-check        fail   never pass
 test-armhf-armhf-libvirt-raw 13 saverestore-support-check    fail   never pass
 test-amd64-i386-xl-qemuu-ws16-amd64 17 guest-stop              fail never pass
 test-amd64-amd64-qemuu-nested-amd 17 debian-hvm-install/l1/l2  fail never pass

version targeted for testing:
 linux                fd8cd8ac940c8b45b75474415291a3b941c865ab
baseline version:
 linux                5e3c511539228fa03c8d00d61b5b5f32333ed0b0

Last test of basis   151022  2020-06-10 18:39:22 Z    8 days
Testing same since   151200  2020-06-17 16:10:55 Z    1 days    1 attempts

------------------------------------------------------------
People who touched revisions under test:
  "Eric W. Biederman" <[email protected]>
  Alexander Potapenko <[email protected]>
  Alexandre Belloni <[email protected]>
  Alla Segal <[email protected]>
  Amir Goldstein <[email protected]>
  Andi Shyti <[email protected]>
  Andreas Gruenbacher <[email protected]>
  Andrew Morton <[email protected]>
  Andrii Nakryiko <[email protected]>
  Anson Huang <[email protected]>
  Anthony Steinhauser <[email protected]>
  Ard Biesheuvel <[email protected]>
  Aristeu Rozanski <[email protected]>
  Arnaldo Carvalho de Melo <[email protected]>
  Arnaud Pouliquen <[email protected]>
  Arnd Bergmann <[email protected]>
  Barret Rhoden <[email protected]>
  Bartlomiej Zolnierkiewicz <[email protected]>
  Bjorn Andersson <[email protected]>
  Bjorn Helgaas <[email protected]>
  Bob Haarman <[email protected]>
  Boris Ostrovsky <[email protected]>
  Borislav Petkov <[email protected]>
  Breno Lima <[email protected]>
  Casey Schaufler <[email protected]>
  Chandrakanth Patil <[email protected]>
  Chris Wilson <[email protected]>
  Christoph Hellwig <[email protected]>
  Christophe JAILLET <[email protected]>
  Christophe Leroy <[email protected]>
  Chuhong Yuan <[email protected]>
  Cédric Le Goater <[email protected]>
  Daniel Borkmann <[email protected]>
  Daniel Jordan <[email protected]>
  Dave Rodgman <[email protected]>
  David Howells <[email protected]>
  David S. Miller <[email protected]>
  Denis Efremov <[email protected]>
  Dennis Kadioglu <[email protected]>
  Dick Kennedy <[email protected]>
  Dmitry Torokhov <[email protected]>
  Eiichi Tsukata <[email protected]>
  Eric Biggers <[email protected]>
  Eric W. Biederman <[email protected]>
  Ezequiel Garcia <[email protected]>
  Fabio Estevam <[email protected]>
  Fangrui Song <[email protected]>
  Felipe Franciosi <[email protected]>
  Florian Fainelli <[email protected]>
  Franck LENORMAND <[email protected]>
  Fredrik Strupe <[email protected]>
  Geert Uytterhoeven <[email protected]>
  Giuseppe Scrivano <[email protected]>
  Gonglei <[email protected]>
  Greg Kroah-Hartman <[email protected]>
  Guenter Roeck <[email protected]>
  Guo Ren <[email protected]>
  Hangbin Liu <[email protected]>
  Hans de Goede <[email protected]>
  Herbert Xu <[email protected]>
  Hill Ma <[email protected]>
  Huacai Chen <[email protected]>
  Hui Wang <[email protected]>
  Ido Schimmel <[email protected]>
  Ingo Molnar <[email protected]>
  James Morse <[email protected]>
  James Smart <[email protected]>
  Jan Kara <[email protected]>
  Jason Gunthorpe <[email protected]>
  Jens Axboe <[email protected]>
  Jiri Kosina <[email protected]>
  Jue Wang <[email protected]>
  Juergen Gross <[email protected]>
  Justin Chen <[email protected]>
  Kai-Heng Feng <[email protected]>
  Kalle Valo <[email protected]>
  Kamal Dasu <[email protected]>
  Kan Liang <[email protected]>
  Kim Phillips <[email protected]>
  Kirill Shutemov <[email protected]>
  Leonard Crestez <[email protected]>
  Libor Pechacek <[email protected]>
  Linus Torvalds <[email protected]>
  Linus Walleij <[email protected]>
  Longpeng(Mike) <[email protected]>
  Lorenzo Pieralisi <[email protected]>
  Luca Coelho <[email protected]>
  Ludovic Barre <[email protected]>
  Ludovic Desroches <[email protected]>
  Lukas Wunner <[email protected]>
  Marc Zyngier <[email protected]>
  Marcelo Ricardo Leitner <[email protected]>
  Marcelo Ricardo Leitner <[email protected]>
  Maria Teguiani <[email protected]>
  Mark Brown <[email protected]>
  Martin K. Petersen <[email protected]>
  Masahiro Yamada <[email protected]>
  Masami Hiramatsu <[email protected]>
  Masashi Honma <[email protected]>
  Matthias Maennich <[email protected]>
  Maxim Mikityanskiy <[email protected]>
  Michael Ellerman <[email protected]>
  Michael Ellerman <[email protected]> (powerpc)
  Michael S. Tsirkin <[email protected]>
  Michał Mirosław <[email protected]>
  Miklos Szeredi <[email protected]>
  Namjae Jeon <[email protected]>
  Nick Desaulniers <[email protected]>
  Nikolay Aleksandrov <[email protected]>
  OGAWA Hirofumi <[email protected]>
  Oleg Nesterov <[email protected]>
  Paolo Bonzini <[email protected]>
  Pavel Dobias <[email protected]>
  Peng Fan <[email protected]>
  Petar Penkov <[email protected]>
  Peter Zijlstra (Intel) <[email protected]>
  Peter Zijlstra <[email protected]>
  Petr Tesarik <[email protected]>
  Qian Cai <[email protected]>
  Qiujun Huang <[email protected]>
  Qiushi Wu <[email protected]>
  Qiuxu Zhuo <[email protected]>
  Rafael J. Wysocki <[email protected]>
  Rodrigo Siqueira <[email protected]>
  Russell King <[email protected]>
  Ryusuke Konishi <[email protected]>
  Saeed Mahameed <[email protected]>
  Sam Ravnborg <[email protected]>
  Sasha Levin <[email protected]>
  Sean Christopherson <[email protected]>
  Sedat Dilek <[email protected]> # build+boot on
  Serge Semin <[email protected]>
  Shawn Guo <[email protected]>
  Shay Drory <[email protected]>
  Shuah Khan <[email protected]>
  Stanislav Fomichev <[email protected]>
  Stephan Gerhold <[email protected]>
  Steve French <[email protected]>
  Suman Anna <[email protected]>
  Sumit Saxena <[email protected]>
  Takashi Iwai <[email protected]>
  Takashi Sakamoto <[email protected]>
  Tanner Love <[email protected]>
  tannerlove <[email protected]>
  Tero Kristo <[email protected]>
  Thomas Falcon <[email protected]>
  Thomas Gleixner <[email protected]>
  Tony Luck <[email protected]>
  Ulf Hansson <[email protected]>
  Vadim Pasternak <[email protected]>
  Vasily Averin <[email protected]>
  Vasily Gorbik <[email protected]>
  Veerabhadrarao Badiganti <[email protected]>
  Viresh Kumar <[email protected]>
  Vlad Buslov <[email protected]>
  Waiman Long <[email protected]>
  Wang Hai <[email protected]>
  Wei Yongjun <[email protected]>
  Will Deacon <[email protected]>
  Willem de Bruijn <[email protected]>
  Wim Van Sebroeck <[email protected]>
  Wolfram Sang <[email protected]>
  Xiaochun Lee <[email protected]>
  Xin Long <[email protected]>
  Xing Li <[email protected]>
  [email protected]
  Yuxuan Shui <[email protected]>

jobs:
 build-amd64-xsm                                              pass    
 build-arm64-xsm                                              pass    
 build-i386-xsm                                               pass    
 build-amd64                                                  pass    
 build-arm64                                                  pass    
 build-armhf                                                  pass    
 build-i386                                                   pass    
 build-amd64-libvirt                                          pass    
 build-arm64-libvirt                                          pass    
 build-armhf-libvirt                                          pass    
 build-i386-libvirt                                           pass    
 build-amd64-pvops                                            pass    
 build-arm64-pvops                                            pass    
 build-armhf-pvops                                            pass    
 build-i386-pvops                                             pass    
 test-amd64-amd64-xl                                          pass    
 test-amd64-coresched-amd64-xl                                pass    
 test-arm64-arm64-xl                                          pass    
 test-armhf-armhf-xl                                          pass    
 test-amd64-i386-xl                                           pass    
 test-amd64-coresched-i386-xl                                 pass    
 test-amd64-amd64-libvirt-qemuu-debianhvm-amd64-xsm           pass    
 test-amd64-i386-libvirt-qemuu-debianhvm-amd64-xsm            pass    
 test-amd64-amd64-xl-qemut-stubdom-debianhvm-amd64-xsm        pass    
 test-amd64-i386-xl-qemut-stubdom-debianhvm-amd64-xsm         pass    
 test-amd64-amd64-xl-qemut-debianhvm-i386-xsm                 fail    
 test-amd64-i386-xl-qemut-debianhvm-i386-xsm                  pass    
 test-amd64-amd64-xl-qemuu-debianhvm-i386-xsm                 pass    
 test-amd64-i386-xl-qemuu-debianhvm-i386-xsm                  pass    
 test-amd64-amd64-libvirt-xsm                                 pass    
 test-arm64-arm64-libvirt-xsm                                 pass    
 test-amd64-i386-libvirt-xsm                                  pass    
 test-amd64-amd64-xl-xsm                                      pass    
 test-arm64-arm64-xl-xsm                                      pass    
 test-amd64-i386-xl-xsm                                       pass    
 test-amd64-amd64-qemuu-nested-amd                            fail    
 test-amd64-amd64-xl-pvhv2-amd                                pass    
 test-amd64-i386-qemut-rhel6hvm-amd                           pass    
 test-amd64-i386-qemuu-rhel6hvm-amd                           pass    
 test-amd64-amd64-xl-qemut-debianhvm-amd64                    pass    
 test-amd64-i386-xl-qemut-debianhvm-amd64                     pass    
 test-amd64-amd64-xl-qemuu-debianhvm-amd64                    pass    
 test-amd64-i386-xl-qemuu-debianhvm-amd64                     pass    
 test-amd64-i386-freebsd10-amd64                              pass    
 test-amd64-amd64-xl-qemuu-ovmf-amd64                         pass    
 test-amd64-i386-xl-qemuu-ovmf-amd64                          pass    
 test-amd64-amd64-xl-qemut-win7-amd64                         fail    
 test-amd64-i386-xl-qemut-win7-amd64                          fail    
 test-amd64-amd64-xl-qemuu-win7-amd64                         fail    
 test-amd64-i386-xl-qemuu-win7-amd64                          fail    
 test-amd64-amd64-xl-qemut-ws16-amd64                         fail    
 test-amd64-i386-xl-qemut-ws16-amd64                          fail    
 test-amd64-amd64-xl-qemuu-ws16-amd64                         fail    
 test-amd64-i386-xl-qemuu-ws16-amd64                          fail    
 test-armhf-armhf-xl-arndale                                  pass    
 test-amd64-amd64-xl-credit1                                  pass    
 test-arm64-arm64-xl-credit1                                  pass    
 test-armhf-armhf-xl-credit1                                  pass    
 test-amd64-amd64-xl-credit2                                  pass    
 test-arm64-arm64-xl-credit2                                  pass    
 test-armhf-armhf-xl-credit2                                  pass    
 test-armhf-armhf-xl-cubietruck                               pass    
 test-amd64-amd64-xl-qemuu-dmrestrict-amd64-dmrestrict        pass    
 test-amd64-i386-xl-qemuu-dmrestrict-amd64-dmrestrict         pass    
 test-amd64-amd64-examine                                     pass    
 test-arm64-arm64-examine                                     pass    
 test-armhf-armhf-examine                                     pass    
 test-amd64-i386-examine                                      pass    
 test-amd64-i386-freebsd10-i386                               pass    
 test-amd64-amd64-qemuu-nested-intel                          pass    
 test-amd64-amd64-xl-pvhv2-intel                              pass    
 test-amd64-i386-qemut-rhel6hvm-intel                         pass    
 test-amd64-i386-qemuu-rhel6hvm-intel                         pass    
 test-amd64-amd64-libvirt                                     pass    
 test-armhf-armhf-libvirt                                     pass    
 test-amd64-i386-libvirt                                      pass    
 test-amd64-amd64-xl-multivcpu                                pass    
 test-armhf-armhf-xl-multivcpu                                pass    
 test-amd64-amd64-pair                                        pass    
 test-amd64-i386-pair                                         pass    
 test-amd64-amd64-libvirt-pair                                pass    
 test-amd64-i386-libvirt-pair                                 pass    
 test-amd64-amd64-amd64-pvgrub                                pass    
 test-amd64-amd64-i386-pvgrub                                 pass    
 test-amd64-amd64-xl-pvshim                                   pass    
 test-amd64-i386-xl-pvshim                                    fail    
 test-amd64-amd64-pygrub                                      pass    
 test-amd64-amd64-xl-qcow2                                    pass    
 test-armhf-armhf-libvirt-raw                                 pass    
 test-amd64-i386-xl-raw                                       pass    
 test-amd64-amd64-xl-rtds                                     pass    
 test-armhf-armhf-xl-rtds                                     pass    
 test-arm64-arm64-xl-seattle                                  pass    
 test-amd64-amd64-xl-qemuu-debianhvm-amd64-shadow             pass    
 test-amd64-i386-xl-qemuu-debianhvm-amd64-shadow              pass    
 test-amd64-amd64-xl-shadow                                   pass    
 test-amd64-i386-xl-shadow                                    pass    
 test-arm64-arm64-xl-thunderx                                 pass    
 test-amd64-amd64-libvirt-vhd                                 fail    
 test-armhf-armhf-xl-vhd                                      pass    


------------------------------------------------------------
sg-report-flight on osstest.test-lab.xenproject.org
logs: /home/logs/logs
images: /home/logs/images

Logs, config files, etc. are available at
    http://logs.test-lab.xenproject.org/osstest/logs

Explanation of these reports, and of osstest in general, is at
    http://xenbits.xen.org/gitweb/?p=osstest.git;a=blob;f=README.email;hb=master
    http://xenbits.xen.org/gitweb/?p=osstest.git;a=blob;f=README;hb=master

Test harness code can be found at
    http://xenbits.xen.org/gitweb?p=osstest.git;a=summary


Not pushing.

(No revision log; it would be 4147 lines long.)

Reply via email to