flight 150643 xen-unstable-smoke real [real]
http://logs.test-lab.xenproject.org/osstest/logs/150643/

Regressions :-(

Tests which did not succeed and are blocking,
including tests which could not be run:
 test-amd64-amd64-libvirt     12 guest-start              fail REGR. vs. 150438

Tests which did not succeed, but are not blocking:
 test-arm64-arm64-xl-xsm      13 migrate-support-check        fail   never pass
 test-arm64-arm64-xl-xsm      14 saverestore-support-check    fail   never pass
 test-armhf-armhf-xl          13 migrate-support-check        fail   never pass
 test-armhf-armhf-xl          14 saverestore-support-check    fail   never pass

version targeted for testing:
 xen                  99a76a88d5e7f4693bb6b286e366006e1da1c954
baseline version:
 xen                  1497e78068421d83956f8e82fb6e1bf1fc3b1199

Last test of basis   150438  2020-05-28 14:01:19 Z    5 days
Failing since        150465  2020-05-29 09:02:14 Z    5 days   37 attempts
Testing same since   150629  2020-06-02 21:00:40 Z    0 days    4 attempts

------------------------------------------------------------
People who touched revisions under test:
  Andrew Cooper <[email protected]>
  Andrew Cooper <[email protected]>
  Anthony PERARD <[email protected]>
  Dario Faggioli <[email protected]>
  Ian Jackson <[email protected]>
  Jan Beulich <[email protected]>
  Jason Andryuk <[email protected]>
  Juergen Gross <[email protected]>
  Julien Grall <[email protected]>
  Olaf Hering <[email protected]>
  Paul Durrant <[email protected]>
  Paul Durrant <[email protected]>
  Roger Pau MonnĂ© <[email protected]>
  Tamas K Lengyel <[email protected]>
  Wei Liu <[email protected]>

jobs:
 build-arm64-xsm                                              pass    
 build-amd64                                                  pass    
 build-armhf                                                  pass    
 build-amd64-libvirt                                          pass    
 test-armhf-armhf-xl                                          pass    
 test-arm64-arm64-xl-xsm                                      pass    
 test-amd64-amd64-xl-qemuu-debianhvm-amd64                    pass    
 test-amd64-amd64-libvirt                                     fail    


------------------------------------------------------------
sg-report-flight on osstest.test-lab.xenproject.org
logs: /home/logs/logs
images: /home/logs/images

Logs, config files, etc. are available at
    http://logs.test-lab.xenproject.org/osstest/logs

Explanation of these reports, and of osstest in general, is at
    http://xenbits.xen.org/gitweb/?p=osstest.git;a=blob;f=README.email;hb=master
    http://xenbits.xen.org/gitweb/?p=osstest.git;a=blob;f=README;hb=master

Test harness code can be found at
    http://xenbits.xen.org/gitweb?p=osstest.git;a=summary


Not pushing.

(No revision log; it would be 1494 lines long.)

Reply via email to