flight 150627 linux-linus real [real]
http://logs.test-lab.xenproject.org/osstest/logs/150627/

Regressions :-(

Tests which did not succeed and are blocking,
including tests which could not be run:
 test-arm64-arm64-libvirt-xsm 16 guest-start/debian.repeat fail REGR. vs. 150606
 build-arm64-pvops             6 kernel-build   fail in 150613 REGR. vs. 150606

Tests which are failing intermittently (not blocking):
 test-armhf-armhf-xl-rtds     12 guest-start                fail pass in 150613
 test-armhf-armhf-xl-vhd      18 leak-check/check           fail pass in 150613

Tests which did not succeed, but are not blocking:
 test-arm64-arm64-xl-thunderx  1 build-check(1)           blocked in 150613 n/a
 test-arm64-arm64-xl-xsm       1 build-check(1)           blocked in 150613 n/a
 test-arm64-arm64-examine      1 build-check(1)           blocked in 150613 n/a
 test-arm64-arm64-xl-seattle   1 build-check(1)           blocked in 150613 n/a
 test-arm64-arm64-xl-credit1   1 build-check(1)           blocked in 150613 n/a
 test-arm64-arm64-xl-credit2   1 build-check(1)           blocked in 150613 n/a
 test-arm64-arm64-xl           1 build-check(1)           blocked in 150613 n/a
 test-arm64-arm64-libvirt-xsm  1 build-check(1)           blocked in 150613 n/a
 test-amd64-amd64-xl-rtds     16 guest-localmigrate      fail blocked in 150606
 test-amd64-amd64-xl-rtds     15 guest-saverestore   fail in 150613 like 150606
 test-armhf-armhf-xl-rtds 16 guest-start/debian.repeat fail in 150613 like 
150606
 test-armhf-armhf-xl-rtds    13 migrate-support-check fail in 150613 never pass
 test-armhf-armhf-xl-rtds 14 saverestore-support-check fail in 150613 never pass
 test-amd64-amd64-xl-qemut-win7-amd64 17 guest-stop            fail like 150606
 test-amd64-amd64-xl-qemuu-win7-amd64 17 guest-stop            fail like 150606
 test-amd64-amd64-xl-qemut-ws16-amd64 17 guest-stop            fail like 150606
 test-amd64-i386-xl-qemuu-win7-amd64 17 guest-stop             fail like 150606
 test-armhf-armhf-libvirt-raw 13 saverestore-support-check    fail  like 150606
 test-armhf-armhf-libvirt     14 saverestore-support-check    fail  like 150606
 test-amd64-i386-xl-qemut-win7-amd64 17 guest-stop             fail like 150606
 test-amd64-amd64-xl-qemuu-ws16-amd64 17 guest-stop            fail like 150606
 test-amd64-i386-xl-pvshim    12 guest-start                  fail   never pass
 test-amd64-amd64-libvirt     13 migrate-support-check        fail   never pass
 test-amd64-amd64-libvirt-xsm 13 migrate-support-check        fail   never pass
 test-amd64-i386-libvirt      13 migrate-support-check        fail   never pass
 test-amd64-i386-libvirt-xsm  13 migrate-support-check        fail   never pass
 test-amd64-amd64-libvirt-qemuu-debianhvm-amd64-xsm 11 migrate-support-check 
fail never pass
 test-amd64-i386-libvirt-qemuu-debianhvm-amd64-xsm 11 migrate-support-check 
fail never pass
 test-amd64-amd64-qemuu-nested-amd 17 debian-hvm-install/l1/l2  fail never pass
 test-arm64-arm64-xl-credit1  13 migrate-support-check        fail   never pass
 test-arm64-arm64-xl-credit1  14 saverestore-support-check    fail   never pass
 test-arm64-arm64-xl-credit2  13 migrate-support-check        fail   never pass
 test-arm64-arm64-xl-credit2  14 saverestore-support-check    fail   never pass
 test-arm64-arm64-xl          13 migrate-support-check        fail   never pass
 test-arm64-arm64-xl          14 saverestore-support-check    fail   never pass
 test-arm64-arm64-libvirt-xsm 13 migrate-support-check        fail   never pass
 test-arm64-arm64-libvirt-xsm 14 saverestore-support-check    fail   never pass
 test-arm64-arm64-xl-thunderx 13 migrate-support-check        fail   never pass
 test-arm64-arm64-xl-thunderx 14 saverestore-support-check    fail   never pass
 test-amd64-amd64-libvirt-vhd 12 migrate-support-check        fail   never pass
 test-armhf-armhf-xl-arndale  13 migrate-support-check        fail   never pass
 test-armhf-armhf-xl-arndale  14 saverestore-support-check    fail   never pass
 test-armhf-armhf-xl-credit1  13 migrate-support-check        fail   never pass
 test-armhf-armhf-xl-credit1  14 saverestore-support-check    fail   never pass
 test-armhf-armhf-xl-credit2  13 migrate-support-check        fail   never pass
 test-armhf-armhf-xl-credit2  14 saverestore-support-check    fail   never pass
 test-armhf-armhf-xl-cubietruck 13 migrate-support-check        fail never pass
 test-armhf-armhf-xl-cubietruck 14 saverestore-support-check    fail never pass
 test-amd64-i386-xl-qemuu-ws16-amd64 17 guest-stop              fail never pass
 test-arm64-arm64-xl-seattle  13 migrate-support-check        fail   never pass
 test-arm64-arm64-xl-seattle  14 saverestore-support-check    fail   never pass
 test-arm64-arm64-xl-xsm      13 migrate-support-check        fail   never pass
 test-arm64-arm64-xl-xsm      14 saverestore-support-check    fail   never pass
 test-armhf-armhf-libvirt-raw 12 migrate-support-check        fail   never pass
 test-amd64-i386-xl-qemut-ws16-amd64 17 guest-stop              fail never pass
 test-armhf-armhf-xl-vhd      12 migrate-support-check        fail   never pass
 test-armhf-armhf-xl-vhd      13 saverestore-support-check    fail   never pass
 test-armhf-armhf-xl-multivcpu 13 migrate-support-check        fail  never pass
 test-armhf-armhf-xl-multivcpu 14 saverestore-support-check    fail  never pass
 test-armhf-armhf-xl          13 migrate-support-check        fail   never pass
 test-armhf-armhf-xl          14 saverestore-support-check    fail   never pass
 test-armhf-armhf-libvirt     13 migrate-support-check        fail   never pass
 test-amd64-i386-xl-qemut-win7-amd64  2 hosts-allocate    starved in 150613 n/a

version targeted for testing:
 linux                f359287765c04711ff54fbd11645271d8e5ff763
baseline version:
 linux                9bf9511e3d9f328c03f6f79bfb741c3d18f2f2c0

Last test of basis   150606  2020-06-01 19:40:10 Z    1 days
Testing same since   150613  2020-06-02 05:14:57 Z    1 days    2 attempts

------------------------------------------------------------
People who touched revisions under test:
  "Eric W. Biederman" <[email protected]>
  "Paul E. McKenney" <[email protected]>
  Adrian Freund <[email protected]>
  Adrian Hunter <[email protected]>
  Al Viro <[email protected]>
  Alessia Mantegazza <[email protected]>
  Alex Shi <[email protected]>
  Alex Shi <[email protected]> # translations/zh_CN
  Alexander Stein <[email protected]>
  Alexandre Chartre <[email protected]>
  Alexey Budankov <[email protected]>
  Amit Daniel Kachhap <[email protected]>
  Andreas Gerstmayr <[email protected]>
  Andrei Vagin <[email protected]>
  Andrew Donnellan <[email protected]>
  Andrew Morton <[email protected]>
  Andrew Scull <[email protected]>
  Andy Lutomirski <[email protected]>
  Andy Shevchenko <[email protected]>
  Anju T Sudhakar <[email protected]>
  Anshuman Khandual <[email protected]>
  Ard Biesheuvel <[email protected]>
  Arnaldo Carvalho de Melo <[email protected]>
  Arnd Bergmann <[email protected]
  Arnd Bergmann <[email protected]>
  Arvind Sankar <[email protected]>
  Atish Patra <[email protected]>
  Babu Moger <[email protected]>
  Barret Rhoden <[email protected]>
  Bartlomiej Zolnierkiewicz <[email protected]>
  Benjamin Thiel <[email protected]>
  Bjorn Helgaas <[email protected]>
  Björn Töpel <[email protected]>
  Borislav Petkov <[email protected]>
  Borislav Petkov <[email protected]>
  Bumsik Kim <[email protected]>
  Bumsik Kim <[email protected]>
  Casey Schaufler <[email protected]>
  Catalin Marinas <[email protected]>
  Christian Brauner <[email protected]>
  Christoph Hellwig <[email protected]>
  Christophe Leroy <[email protected]>
  Chucheng Luo <[email protected]>
  CodyYao-oc <[email protected]>
  Corentin Labbe <[email protected]>
  Cristian Souza <[email protected]>
  Dan Williams <[email protected]>
  Daniel Borkmann <[email protected]>
  Daniel Kiss <[email protected]>
  Daniel Thompson <[email protected]>
  Dave Hansen <[email protected]>
  Dave Hansen <[email protected]>
  Dave Martin <[email protected]>
  David Howells <[email protected]>
  David Sterba <[email protected]> # fs/affs/Kconfig
  Dimitri Sivanich <[email protected]>
  Dmitry Safonov <[email protected]>
  Doug Berger <[email protected]>
  Douglas Anderson <[email protected]>
  Eric W. Biederman <[email protected]>
  Ethon Paul <[email protected]>
  Etienne Carriere <[email protected]>
  Fangrui Song <[email protected]>
  Federico Vaga <[email protected]>
  Federico Vaga <[email protected]> # translations/it_IT
  Fenghua Yu <[email protected]>
  Finn Thain <[email protected]>
  Flavio Suligoi <[email protected]>
  Florian Fainelli <[email protected]>
  Frederic Weisbecker <[email protected]>
  Gal Pressman <[email protected]>
  Gavin Shan <[email protected]>
  Geert Uytterhoeven <[email protected]>
  Geert Uytterhoeven <[email protected]>
  George Spelvin <[email protected]>
  Giuseppe Scrivano <[email protected]>
  Gregory Fong <[email protected]>
  Guixiong Wei <[email protected]>
  Gustavo A. R. Silva <[email protected]>
  Gustavo A. R. Silva <[email protected]>
  Hanjun Guo <[email protected]>
  Hans Verkuil <[email protected]>
  He Zhe <[email protected]>
  Helge Deller <[email protected]>
  Ian Rogers <[email protected]>
  Ingo Molnar <[email protected]>
  Jagadeesh Pagadala <[email protected]>
  James Morris <[email protected]>
  James Morse <[email protected]>
  Jan Kara <[email protected]>
  Jason Wang <[email protected]>
  Jason Yan <[email protected]>
  Jean-Philippe Brucker <[email protected]>
  Jeremy Kerr <[email protected]>
  Jessica Yu <[email protected]>
  Jian Cai <[email protected]>
  Jimmy Assarsson <[email protected]>
  Jin Yao <[email protected]>
  Jiri Olsa <[email protected]>
  Jiri Olsa <[email protected]>
  Jiri Slaby <[email protected]>
  Joe Perches <[email protected]>
  Joel Fernandes (Google) <[email protected]>
  Joerg Roedel <[email protected]>
  Johan Hovold <[email protected]>
  Jonathan Corbet <[email protected]>
  Jonathan Neuschäfer <[email protected]>
  Josh Poimboeuf <[email protected]>
  Joshua Abraham <[email protected]>
  Joshua Abraham <[email protected]>
  Juan Manuel Méndez Rey <[email protected]>
  Jules Irenge <[email protected]>
  Julia Cartwright <[email protected]>
  Julien Thierry <[email protected]>
  Kairui Song <[email protected]>
  Kaitao Cheng <[email protected]>
  Kajol Jain <[email protected]>
  Kan Liang <[email protected]>
  Kees Cook <[email protected]>
  Kevin Cernekee <[email protected]>
  Kevin Hao <[email protected]>
  Kim Phillips <[email protected]>
  Konstantin Kharlamov <[email protected]>
  Konstantin Khlebnikov <[email protected]>
  Lai Jiangshan <[email protected]>
  Leo Yan <[email protected]>
  Leonardo Bras <[email protected]>
  Linus Torvalds <[email protected]>
  Linus Walleij <[email protected]>
  Lionel Landwerlin <[email protected]>
  Lorenzo Pieralisi <[email protected]>
  Luke Nelson <[email protected]>
  Luke Nelson <[email protected]>
  Marc Zyngier <[email protected]>
  Marc Zyngier <[email protected]> # kvm/arm64
  Mark Brown <[email protected]>
  Mark Gross <[email protected]>
  Mark Rutland <[email protected]>
  Masahiro Yamada <[email protected]>
  Masami Hiramatsu <[email protected]>
  Matt Helsley <[email protected]>
  Matthew Wilcox (Oracle) <[email protected]>
  Mauro Carvalho Chehab <[email protected]>
  Michael Ellerman <[email protected]>
  Michael S. Tsirkin <[email protected]>
  Michal Hocko <[email protected]>
  Michal Suchanek <[email protected]>
  Michel Lespinasse <[email protected]>
  Mike Galbraith <[email protected]>
  Mike Leach <[email protected]>
  Mike Rapoport <[email protected]>
  Mike Rapoport <[email protected]>
  Miklos Szeredi <[email protected]>
  Miroslav Benes <[email protected]>
  Muchun Song <[email protected]>
  Namhyung Kim <[email protected]>
  Nick Desaulniers <[email protected]>
  Oded Gabbay <[email protected]>
  Paul E. McKenney <[email protected]>
  Paul Gortmaker <[email protected]>
  Peter Zijlstra (Intel) <[email protected]>
  Peter Zijlstra <[email protected]>
  Petr Mladek <[email protected]>
  Qais Yousef <[email protected]>
  Qi Liu <[email protected]>
  Qi Zheng <[email protected]>
  Randy Dunlap <[email protected]>
  Raphael Gault <[email protected]>
  Ricardo Cañuelo <[email protected]>
  Ricardo Ribalda <[email protected]>
  Ricardo Ribalda Delgado <[email protected]>
  Rikard Falkeborn <[email protected]>
  Rob Herring <[email protected]>
  Ronald G. Minnich <[email protected]>
  Russell King <[email protected]>
  Sai Prakash Ranjan <[email protected]>
  Sam Ravnborg <[email protected]>
  Sami Tolvanen <[email protected]>
  Sandipan Das <[email protected]>
  Sebastian Andrzej Siewior <[email protected]>
  Sedat Dilek <[email protected]>
  Serge E. Hallyn <[email protected]>
  Shaokun Zhang <[email protected]>
  Song Liu <[email protected]>
  Stan Johnson <[email protected]>
  Stefan Richter <[email protected]>
  Stephane Eranian <[email protected]>
  Stephen Boyd <[email protected]>
  Stephen Kitt <[email protected]>
  Stephen Smalley <[email protected]>
  Steve Wahl <[email protected]>
  Steven Rostedt (VMware) <[email protected]>
  Sudeep Holla <[email protected]>
  Sumanth Korikkar <[email protected]>
  Suzuki K Poulose <[email protected]>
  Tamas Zsoldos <[email protected]>
  Tang Bin <[email protected]>
  Thomas Backlund <[email protected]>
  Thomas Gleixner <[email protected]>
  Thomas Richter <[email protected]>
  Tom Zanussi <[email protected]>
  Tommi Rantala <[email protected]>
  Tuan Phan <[email protected]>
  Uros Bizjak <[email protected]>
  Vamshi K Sthambamkadi <[email protected]>
  Vincent Whitchurch <[email protected]>
  Vincenzo Frascino <[email protected]>
  Vitor Massaru Iha <[email protected]>
  Vlastimil Babka <[email protected]>
  Waiman Long <[email protected]>
  Wang Wenhu <[email protected]>
  Will Deacon <[email protected]>
  Wolfram Sang <[email protected]>
  Wolfram Sang <[email protected]>
  Wolfram Sang <[email protected]>
  Xi Wang <[email protected]>
  Yu-cheng Yu <[email protected]>
  YueHaibing <[email protected]>
  Yunfeng Ye <[email protected]>
  Zenghui Yu <[email protected]>
  Zhaolong Zhang <[email protected]>
  Zhou Wang <[email protected]>
  Zou Wei <[email protected]>
  Łukasz Stelmach <[email protected]>

jobs:
 build-amd64-xsm                                              pass    
 build-arm64-xsm                                              pass    
 build-i386-xsm                                               pass    
 build-amd64                                                  pass    
 build-arm64                                                  pass    
 build-armhf                                                  pass    
 build-i386                                                   pass    
 build-amd64-libvirt                                          pass    
 build-arm64-libvirt                                          pass    
 build-armhf-libvirt                                          pass    
 build-i386-libvirt                                           pass    
 build-amd64-pvops                                            pass    
 build-arm64-pvops                                            pass    
 build-armhf-pvops                                            pass    
 build-i386-pvops                                             pass    
 test-amd64-amd64-xl                                          pass    
 test-amd64-coresched-amd64-xl                                pass    
 test-arm64-arm64-xl                                          pass    
 test-armhf-armhf-xl                                          pass    
 test-amd64-i386-xl                                           pass    
 test-amd64-coresched-i386-xl                                 pass    
 test-amd64-amd64-libvirt-qemuu-debianhvm-amd64-xsm           pass    
 test-amd64-i386-libvirt-qemuu-debianhvm-amd64-xsm            pass    
 test-amd64-amd64-xl-qemut-stubdom-debianhvm-amd64-xsm        pass    
 test-amd64-i386-xl-qemut-stubdom-debianhvm-amd64-xsm         pass    
 test-amd64-amd64-xl-qemut-debianhvm-i386-xsm                 pass    
 test-amd64-i386-xl-qemut-debianhvm-i386-xsm                  pass    
 test-amd64-amd64-xl-qemuu-debianhvm-i386-xsm                 pass    
 test-amd64-i386-xl-qemuu-debianhvm-i386-xsm                  pass    
 test-amd64-amd64-libvirt-xsm                                 pass    
 test-arm64-arm64-libvirt-xsm                                 fail    
 test-amd64-i386-libvirt-xsm                                  pass    
 test-amd64-amd64-xl-xsm                                      pass    
 test-arm64-arm64-xl-xsm                                      pass    
 test-amd64-i386-xl-xsm                                       pass    
 test-amd64-amd64-qemuu-nested-amd                            fail    
 test-amd64-amd64-xl-pvhv2-amd                                pass    
 test-amd64-i386-qemut-rhel6hvm-amd                           pass    
 test-amd64-i386-qemuu-rhel6hvm-amd                           pass    
 test-amd64-amd64-xl-qemut-debianhvm-amd64                    pass    
 test-amd64-i386-xl-qemut-debianhvm-amd64                     pass    
 test-amd64-amd64-xl-qemuu-debianhvm-amd64                    pass    
 test-amd64-i386-xl-qemuu-debianhvm-amd64                     pass    
 test-amd64-i386-freebsd10-amd64                              pass    
 test-amd64-amd64-xl-qemuu-ovmf-amd64                         pass    
 test-amd64-i386-xl-qemuu-ovmf-amd64                          pass    
 test-amd64-amd64-xl-qemut-win7-amd64                         fail    
 test-amd64-i386-xl-qemut-win7-amd64                          fail    
 test-amd64-amd64-xl-qemuu-win7-amd64                         fail    
 test-amd64-i386-xl-qemuu-win7-amd64                          fail    
 test-amd64-amd64-xl-qemut-ws16-amd64                         fail    
 test-amd64-i386-xl-qemut-ws16-amd64                          fail    
 test-amd64-amd64-xl-qemuu-ws16-amd64                         fail    
 test-amd64-i386-xl-qemuu-ws16-amd64                          fail    
 test-armhf-armhf-xl-arndale                                  pass    
 test-amd64-amd64-xl-credit1                                  pass    
 test-arm64-arm64-xl-credit1                                  pass    
 test-armhf-armhf-xl-credit1                                  pass    
 test-amd64-amd64-xl-credit2                                  pass    
 test-arm64-arm64-xl-credit2                                  pass    
 test-armhf-armhf-xl-credit2                                  pass    
 test-armhf-armhf-xl-cubietruck                               pass    
 test-amd64-amd64-xl-qemuu-dmrestrict-amd64-dmrestrict        pass    
 test-amd64-i386-xl-qemuu-dmrestrict-amd64-dmrestrict         pass    
 test-amd64-amd64-examine                                     pass    
 test-arm64-arm64-examine                                     pass    
 test-armhf-armhf-examine                                     pass    
 test-amd64-i386-examine                                      pass    
 test-amd64-i386-freebsd10-i386                               pass    
 test-amd64-amd64-qemuu-nested-intel                          pass    
 test-amd64-amd64-xl-pvhv2-intel                              pass    
 test-amd64-i386-qemut-rhel6hvm-intel                         pass    
 test-amd64-i386-qemuu-rhel6hvm-intel                         pass    
 test-amd64-amd64-libvirt                                     pass    
 test-armhf-armhf-libvirt                                     pass    
 test-amd64-i386-libvirt                                      pass    
 test-amd64-amd64-xl-multivcpu                                pass    
 test-armhf-armhf-xl-multivcpu                                pass    
 test-amd64-amd64-pair                                        pass    
 test-amd64-i386-pair                                         pass    
 test-amd64-amd64-libvirt-pair                                pass    
 test-amd64-i386-libvirt-pair                                 pass    
 test-amd64-amd64-amd64-pvgrub                                pass    
 test-amd64-amd64-i386-pvgrub                                 pass    
 test-amd64-amd64-xl-pvshim                                   pass    
 test-amd64-i386-xl-pvshim                                    fail    
 test-amd64-amd64-pygrub                                      pass    
 test-amd64-amd64-xl-qcow2                                    pass    
 test-armhf-armhf-libvirt-raw                                 pass    
 test-amd64-i386-xl-raw                                       pass    
 test-amd64-amd64-xl-rtds                                     fail    
 test-armhf-armhf-xl-rtds                                     fail    
 test-arm64-arm64-xl-seattle                                  pass    
 test-amd64-amd64-xl-qemuu-debianhvm-amd64-shadow             pass    
 test-amd64-i386-xl-qemuu-debianhvm-amd64-shadow              pass    
 test-amd64-amd64-xl-shadow                                   pass    
 test-amd64-i386-xl-shadow                                    pass    
 test-arm64-arm64-xl-thunderx                                 pass    
 test-amd64-amd64-libvirt-vhd                                 pass    
 test-armhf-armhf-xl-vhd                                      fail    


------------------------------------------------------------
sg-report-flight on osstest.test-lab.xenproject.org
logs: /home/logs/logs
images: /home/logs/images

Logs, config files, etc. are available at
    http://logs.test-lab.xenproject.org/osstest/logs

Explanation of these reports, and of osstest in general, is at
    http://xenbits.xen.org/gitweb/?p=osstest.git;a=blob;f=README.email;hb=master
    http://xenbits.xen.org/gitweb/?p=osstest.git;a=blob;f=README;hb=master

Test harness code can be found at
    http://xenbits.xen.org/gitweb?p=osstest.git;a=summary


Not pushing.

(No revision log; it would be 20159 lines long.)

Reply via email to