flight 149703 linux-linus real [real] http://logs.test-lab.xenproject.org/osstest/logs/149703/
Failures :-/ but no regressions. Tests which are failing intermittently (not blocking): test-amd64-amd64-examine 4 memdisk-try-append fail in 149697 pass in 149703 test-amd64-i386-libvirt-qemuu-debianhvm-amd64-xsm 10 debian-hvm-install fail pass in 149697 Regressions which are regarded as allowable (not blocking): test-amd64-amd64-xl-rtds 16 guest-localmigrate fail REGR. vs. 149693 Tests which did not succeed, but are not blocking: test-amd64-i386-libvirt-qemuu-debianhvm-amd64-xsm 11 migrate-support-check fail in 149697 never pass test-amd64-amd64-xl-qemut-win7-amd64 17 guest-stop fail like 149693 test-amd64-amd64-xl-qemuu-win7-amd64 17 guest-stop fail like 149693 test-amd64-amd64-xl-qemut-ws16-amd64 17 guest-stop fail like 149693 test-armhf-armhf-libvirt-raw 13 saverestore-support-check fail like 149693 test-amd64-i386-xl-qemuu-win7-amd64 17 guest-stop fail like 149693 test-armhf-armhf-libvirt 14 saverestore-support-check fail like 149693 test-amd64-i386-xl-qemut-win7-amd64 17 guest-stop fail like 149693 test-amd64-amd64-xl-qemuu-ws16-amd64 17 guest-stop fail like 149693 test-amd64-i386-xl-pvshim 12 guest-start fail never pass test-amd64-i386-libvirt 13 migrate-support-check fail never pass test-amd64-i386-libvirt-xsm 13 migrate-support-check fail never pass test-arm64-arm64-xl-seattle 13 migrate-support-check fail never pass test-arm64-arm64-xl-seattle 14 saverestore-support-check fail never pass test-amd64-amd64-libvirt 13 migrate-support-check fail never pass test-amd64-amd64-libvirt-xsm 13 migrate-support-check fail never pass test-amd64-amd64-libvirt-qemuu-debianhvm-amd64-xsm 11 migrate-support-check fail never pass test-arm64-arm64-xl-xsm 13 migrate-support-check fail never pass test-arm64-arm64-xl-xsm 14 saverestore-support-check fail never pass test-arm64-arm64-xl 13 migrate-support-check fail never pass test-arm64-arm64-xl 14 saverestore-support-check fail never pass test-arm64-arm64-xl-thunderx 13 migrate-support-check fail never pass test-arm64-arm64-xl-thunderx 14 saverestore-support-check fail never pass test-armhf-armhf-xl-arndale 13 migrate-support-check fail never pass test-armhf-armhf-xl-arndale 14 saverestore-support-check fail never pass test-arm64-arm64-xl-credit2 13 migrate-support-check fail never pass test-arm64-arm64-xl-credit2 14 saverestore-support-check fail never pass test-amd64-amd64-qemuu-nested-amd 17 debian-hvm-install/l1/l2 fail never pass test-amd64-amd64-libvirt-vhd 12 migrate-support-check fail never pass test-arm64-arm64-xl-credit1 13 migrate-support-check fail never pass test-arm64-arm64-xl-credit1 14 saverestore-support-check fail never pass test-armhf-armhf-xl 13 migrate-support-check fail never pass test-armhf-armhf-xl 14 saverestore-support-check fail never pass test-armhf-armhf-xl-credit2 13 migrate-support-check fail never pass test-armhf-armhf-xl-credit2 14 saverestore-support-check fail never pass test-armhf-armhf-xl-credit1 13 migrate-support-check fail never pass test-armhf-armhf-xl-credit1 14 saverestore-support-check fail never pass test-armhf-armhf-xl-rtds 13 migrate-support-check fail never pass test-armhf-armhf-xl-rtds 14 saverestore-support-check fail never pass test-armhf-armhf-xl-cubietruck 13 migrate-support-check fail never pass test-armhf-armhf-xl-cubietruck 14 saverestore-support-check fail never pass test-amd64-i386-xl-qemuu-ws16-amd64 17 guest-stop fail never pass test-armhf-armhf-libvirt-raw 12 migrate-support-check fail never pass test-arm64-arm64-libvirt-xsm 13 migrate-support-check fail never pass test-arm64-arm64-libvirt-xsm 14 saverestore-support-check fail never pass test-armhf-armhf-xl-multivcpu 13 migrate-support-check fail never pass test-armhf-armhf-xl-multivcpu 14 saverestore-support-check fail never pass test-armhf-armhf-libvirt 13 migrate-support-check fail never pass test-armhf-armhf-xl-vhd 12 migrate-support-check fail never pass test-armhf-armhf-xl-vhd 13 saverestore-support-check fail never pass test-amd64-i386-xl-qemut-ws16-amd64 17 guest-stop fail never pass version targeted for testing: linux 7a56db0299f9d43b4fe076838150c5cc293df131 baseline version: linux 9786cab674574239b04df638f825ee0e7d76a48c Last test of basis 149693 2020-04-16 19:59:31 Z 1 days Testing same since 149697 2020-04-17 07:30:41 Z 1 days 2 attempts ------------------------------------------------------------ People who touched revisions under test: Alexei Starovoitov <[email protected]> Amol Grover <[email protected]> Andrew Lunn <[email protected]> Andrey Ignatov <[email protected]> Andrii Nakryiko <[email protected]> Arnd Bergmann <[email protected]> Atsushi Nemoto <[email protected]> Björn Töpel <[email protected]> Björn Töpel <[email protected]> Cambda Zhu <[email protected]> Chen-Yu Tsai <[email protected]> Christophe JAILLET <[email protected]> Clemens Gruber <[email protected]> Colin Ian King <[email protected]> Dan Carpenter <[email protected]> Daniel Borkmann <[email protected]> Daniel T. Lee <[email protected]> David Ahern <[email protected]> David Howells <[email protected]> David S. Miller <[email protected]> DENG Qingfang <[email protected]> Dmytro Linkin <[email protected]> Eli Cohen <[email protected]> Enric Balletbo i Serra <[email protected]> Eran Ben Elisha <[email protected]> Eric Dumazet <[email protected]> Florian Fainelli <[email protected]> Florian Westphal <[email protected]> Frank Wunderlich <[email protected]> Fugang Duan <[email protected]> Gilberto Bertin <[email protected]> Jakub Kicinski <[email protected]> Jakub Sitnicki <[email protected]> Jason Gunthorpe <[email protected]> Jason Yan <[email protected]> Jeremy Cline <[email protected]> Joe Stringer <[email protected]> Johan Jonker <[email protected]> Johannes Berg <[email protected]> Jon Maloy <[email protected]> Jonathan Lemon <[email protected]> Ka-Cheong Poon <[email protected]> Kalle Valo <[email protected]> Konstantin Khlebnikov <[email protected]> KP Singh <[email protected]> Li RongQing <[email protected]> Linus Torvalds <[email protected]> Lothar Rubusch <[email protected]> Luke Nelson <[email protected]> Luke Nelson <[email protected]> Maciej Żenczykowski <[email protected]> Magnus Karlsson <[email protected]> Martin Fuzzey <[email protected]> Martin KaFai Lau <[email protected]> Matteo Croce <[email protected]> Michael Weiß <[email protected]> Moshe Shemesh <[email protected]> Pablo Neira Ayuso <[email protected]> Parav Pandit <[email protected]> Paul Blakey <[email protected]> Qiujun Huang <[email protected]> Rafał Miłecki <[email protected]> Randy Dunlap <[email protected]> René van Dorst <[email protected]> Rob Herring <[email protected]> Roi Dayan <[email protected]> Roman Mashak <[email protected]> Russell King <[email protected]> Saeed Mahameed <[email protected]> Santosh Shilimkar <[email protected]> Sean Wang <[email protected]> Sebastian Andrzej Siewior <[email protected]> Shannon Nelson <[email protected]> Slava Bacherikov <[email protected]> Song Liu <[email protected]> Stefano Brivio <[email protected]> Sumit Garg <[email protected]> Taehee Yoo <[email protected]> Tamizh chelvam <[email protected]> Taras Chornyi <[email protected]> Tim Stallard <[email protected]> Toke Høiland-Jørgensen <[email protected]> Tom Lendacky <[email protected]> Trond Myklebust <[email protected]> Tuomas Tynkkynen <[email protected]> Tuong Lien <[email protected]> Vadym Kochan <[email protected]> Vladimir Oltean <[email protected]> Wang Wenhu <[email protected]> Xi Wang <[email protected]> YueHaibing <[email protected]> Zou Wei <[email protected]> jobs: build-amd64-xsm pass build-arm64-xsm pass build-i386-xsm pass build-amd64 pass build-arm64 pass build-armhf pass build-i386 pass build-amd64-libvirt pass build-arm64-libvirt pass build-armhf-libvirt pass build-i386-libvirt pass build-amd64-pvops pass build-arm64-pvops pass build-armhf-pvops pass build-i386-pvops pass test-amd64-amd64-xl pass test-arm64-arm64-xl pass test-armhf-armhf-xl pass test-amd64-i386-xl pass test-amd64-amd64-libvirt-qemuu-debianhvm-amd64-xsm pass test-amd64-i386-libvirt-qemuu-debianhvm-amd64-xsm fail test-amd64-amd64-xl-qemut-stubdom-debianhvm-amd64-xsm pass test-amd64-i386-xl-qemut-stubdom-debianhvm-amd64-xsm pass test-amd64-amd64-xl-qemut-debianhvm-i386-xsm pass test-amd64-i386-xl-qemut-debianhvm-i386-xsm pass test-amd64-amd64-xl-qemuu-debianhvm-i386-xsm pass test-amd64-i386-xl-qemuu-debianhvm-i386-xsm pass test-amd64-amd64-libvirt-xsm pass test-arm64-arm64-libvirt-xsm pass test-amd64-i386-libvirt-xsm pass test-amd64-amd64-xl-xsm pass test-arm64-arm64-xl-xsm pass test-amd64-i386-xl-xsm pass test-amd64-amd64-qemuu-nested-amd fail test-amd64-amd64-xl-pvhv2-amd pass test-amd64-i386-qemut-rhel6hvm-amd pass test-amd64-i386-qemuu-rhel6hvm-amd pass test-amd64-amd64-xl-qemut-debianhvm-amd64 pass test-amd64-i386-xl-qemut-debianhvm-amd64 pass test-amd64-amd64-xl-qemuu-debianhvm-amd64 pass test-amd64-i386-xl-qemuu-debianhvm-amd64 pass test-amd64-i386-freebsd10-amd64 pass test-amd64-amd64-xl-qemuu-ovmf-amd64 pass test-amd64-i386-xl-qemuu-ovmf-amd64 pass test-amd64-amd64-xl-qemut-win7-amd64 fail test-amd64-i386-xl-qemut-win7-amd64 fail test-amd64-amd64-xl-qemuu-win7-amd64 fail test-amd64-i386-xl-qemuu-win7-amd64 fail test-amd64-amd64-xl-qemut-ws16-amd64 fail test-amd64-i386-xl-qemut-ws16-amd64 fail test-amd64-amd64-xl-qemuu-ws16-amd64 fail test-amd64-i386-xl-qemuu-ws16-amd64 fail test-armhf-armhf-xl-arndale pass test-amd64-amd64-xl-credit1 pass test-arm64-arm64-xl-credit1 pass test-armhf-armhf-xl-credit1 pass test-amd64-amd64-xl-credit2 pass test-arm64-arm64-xl-credit2 pass test-armhf-armhf-xl-credit2 pass test-armhf-armhf-xl-cubietruck pass test-amd64-amd64-xl-qemuu-dmrestrict-amd64-dmrestrict pass test-amd64-i386-xl-qemuu-dmrestrict-amd64-dmrestrict pass test-amd64-amd64-examine pass test-arm64-arm64-examine pass test-armhf-armhf-examine pass test-amd64-i386-examine pass test-amd64-i386-freebsd10-i386 pass test-amd64-amd64-qemuu-nested-intel pass test-amd64-amd64-xl-pvhv2-intel pass test-amd64-i386-qemut-rhel6hvm-intel pass test-amd64-i386-qemuu-rhel6hvm-intel pass test-amd64-amd64-libvirt pass test-armhf-armhf-libvirt pass test-amd64-i386-libvirt pass test-amd64-amd64-xl-multivcpu pass test-armhf-armhf-xl-multivcpu pass test-amd64-amd64-pair pass test-amd64-i386-pair pass test-amd64-amd64-libvirt-pair pass test-amd64-i386-libvirt-pair pass test-amd64-amd64-amd64-pvgrub pass test-amd64-amd64-i386-pvgrub pass test-amd64-amd64-xl-pvshim pass test-amd64-i386-xl-pvshim fail test-amd64-amd64-pygrub pass test-amd64-amd64-xl-qcow2 pass test-armhf-armhf-libvirt-raw pass test-amd64-i386-xl-raw pass test-amd64-amd64-xl-rtds fail test-armhf-armhf-xl-rtds pass test-arm64-arm64-xl-seattle pass test-amd64-amd64-xl-qemuu-debianhvm-amd64-shadow pass test-amd64-i386-xl-qemuu-debianhvm-amd64-shadow pass test-amd64-amd64-xl-shadow pass test-amd64-i386-xl-shadow pass test-arm64-arm64-xl-thunderx pass test-amd64-amd64-libvirt-vhd pass test-armhf-armhf-xl-vhd pass ------------------------------------------------------------ sg-report-flight on osstest.test-lab.xenproject.org logs: /home/logs/logs images: /home/logs/images Logs, config files, etc. are available at http://logs.test-lab.xenproject.org/osstest/logs Explanation of these reports, and of osstest in general, is at http://xenbits.xen.org/gitweb/?p=osstest.git;a=blob;f=README.email;hb=master http://xenbits.xen.org/gitweb/?p=osstest.git;a=blob;f=README;hb=master Test harness code can be found at http://xenbits.xen.org/gitweb?p=osstest.git;a=summary Pushing revision : To xenbits.xen.org:/home/xen/git/linux-pvops.git 9786cab67457..7a56db0299f9 7a56db0299f9d43b4fe076838150c5cc293df131 -> tested/linux-linus
