flight 149700 linux-5.4 real [real]
http://logs.test-lab.xenproject.org/osstest/logs/149700/

Regressions :-(

Tests which did not succeed and are blocking,
including tests which could not be run:
 test-amd64-amd64-examine      4 memdisk-try-append       fail REGR. vs. 149637

Tests which did not succeed, but are not blocking:
 test-amd64-amd64-xl-rtds     18 guest-localmigrate/x10  fail blocked in 149637
 test-amd64-i386-xl-pvshim    12 guest-start                  fail   never pass
 test-amd64-i386-libvirt      13 migrate-support-check        fail   never pass
 test-amd64-amd64-libvirt     13 migrate-support-check        fail   never pass
 test-amd64-i386-libvirt-xsm  13 migrate-support-check        fail   never pass
 test-arm64-arm64-xl-seattle  13 migrate-support-check        fail   never pass
 test-arm64-arm64-xl-seattle  14 saverestore-support-check    fail   never pass
 test-amd64-amd64-libvirt-qemuu-debianhvm-amd64-xsm 11 migrate-support-check 
fail never pass
 test-amd64-amd64-libvirt-xsm 13 migrate-support-check        fail   never pass
 test-amd64-i386-libvirt-qemuu-debianhvm-amd64-xsm 11 migrate-support-check 
fail never pass
 test-arm64-arm64-xl-credit1  13 migrate-support-check        fail   never pass
 test-arm64-arm64-xl-credit1  14 saverestore-support-check    fail   never pass
 test-amd64-amd64-qemuu-nested-amd 17 debian-hvm-install/l1/l2  fail never pass
 test-arm64-arm64-xl          13 migrate-support-check        fail   never pass
 test-arm64-arm64-xl          14 saverestore-support-check    fail   never pass
 test-arm64-arm64-xl-thunderx 13 migrate-support-check        fail   never pass
 test-arm64-arm64-xl-thunderx 14 saverestore-support-check    fail   never pass
 test-arm64-arm64-libvirt-xsm 13 migrate-support-check        fail   never pass
 test-armhf-armhf-xl-arndale  13 migrate-support-check        fail   never pass
 test-armhf-armhf-xl-arndale  14 saverestore-support-check    fail   never pass
 test-arm64-arm64-libvirt-xsm 14 saverestore-support-check    fail   never pass
 test-arm64-arm64-xl-xsm      13 migrate-support-check        fail   never pass
 test-arm64-arm64-xl-xsm      14 saverestore-support-check    fail   never pass
 test-armhf-armhf-xl-multivcpu 13 migrate-support-check        fail  never pass
 test-armhf-armhf-xl-multivcpu 14 saverestore-support-check    fail  never pass
 test-amd64-amd64-libvirt-vhd 12 migrate-support-check        fail   never pass
 test-amd64-amd64-xl-qemuu-win7-amd64 17 guest-stop             fail never pass
 test-amd64-i386-xl-qemuu-win7-amd64 17 guest-stop              fail never pass
 test-amd64-i386-xl-qemut-win7-amd64 17 guest-stop              fail never pass
 test-amd64-amd64-xl-qemut-win7-amd64 17 guest-stop             fail never pass
 test-armhf-armhf-xl-credit1  13 migrate-support-check        fail   never pass
 test-armhf-armhf-xl-credit1  14 saverestore-support-check    fail   never pass
 test-armhf-armhf-xl-credit2  13 migrate-support-check        fail   never pass
 test-armhf-armhf-xl-credit2  14 saverestore-support-check    fail   never pass
 test-armhf-armhf-xl-cubietruck 13 migrate-support-check        fail never pass
 test-armhf-armhf-xl-cubietruck 14 saverestore-support-check    fail never pass
 test-armhf-armhf-xl-rtds     13 migrate-support-check        fail   never pass
 test-armhf-armhf-xl-rtds     14 saverestore-support-check    fail   never pass
 test-armhf-armhf-xl          13 migrate-support-check        fail   never pass
 test-armhf-armhf-xl          14 saverestore-support-check    fail   never pass
 test-amd64-amd64-xl-qemuu-ws16-amd64 17 guest-stop             fail never pass
 test-armhf-armhf-libvirt     13 migrate-support-check        fail   never pass
 test-armhf-armhf-libvirt     14 saverestore-support-check    fail   never pass
 test-amd64-amd64-xl-qemut-ws16-amd64 17 guest-stop             fail never pass
 test-armhf-armhf-libvirt-raw 12 migrate-support-check        fail   never pass
 test-armhf-armhf-libvirt-raw 13 saverestore-support-check    fail   never pass
 test-arm64-arm64-xl-credit2  13 migrate-support-check        fail   never pass
 test-arm64-arm64-xl-credit2  14 saverestore-support-check    fail   never pass
 test-amd64-i386-xl-qemut-ws16-amd64 17 guest-stop              fail never pass
 test-armhf-armhf-xl-vhd      12 migrate-support-check        fail   never pass
 test-armhf-armhf-xl-vhd      13 saverestore-support-check    fail   never pass
 test-amd64-i386-xl-qemuu-ws16-amd64 17 guest-stop              fail never pass

version targeted for testing:
 linux                dc4059d21d87e87054714d51a5325984f91c04b3
baseline version:
 linux                bc844d58f697dff3ded4b410094ee89f5cedc04c

Last test of basis   149637  2020-04-13 09:10:52 Z    4 days
Testing same since   149700  2020-04-17 09:09:37 Z    0 days    1 attempts

------------------------------------------------------------
People who touched revisions under test:
  "Eric W. Biederman" <[email protected]>
  Aaron Liu <[email protected]>
  Adrian Hunter <[email protected]>
  Ahmed S. Darwish <[email protected]>
  Ajay Singh <[email protected]>
  Alain Volmat <[email protected]>
  Alan Maguire <[email protected]>
  Alex Deucher <[email protected]>
  Alex Williamson <[email protected]>
  Alexander Sverdlin <[email protected]>
  Alexei Starovoitov <[email protected]>
  Alexey Dobriyan (SK hynix) <[email protected]>
  Alexey Dobriyan <[email protected]>
  Andre Przywara <[email protected]>
  Andrei Botila <[email protected]>
  Andrew Morton <[email protected]>
  Andrzej Pietrasiewicz <[email protected]>
  Andy Lutomirski <[email protected]>
  Andy Shevchenko <[email protected]>
  Aneesh Kumar K.V <[email protected]>
  Anssi Hannula <[email protected]>
  Ard Biesheuvel <[email protected]>
  Arnaldo Carvalho de Melo <[email protected]>
  Arvind Sankar <[email protected]>
  Bart Van Assche <[email protected]>
  Benoit Parrot <[email protected]>
  Bjorn Andersson <[email protected]>
  Bjorn Helgaas <[email protected]>
  Bob Liu <[email protected]>
  Bob Peterson <[email protected]>
  Boqun Feng <[email protected]>
  Borislav Petkov <[email protected]>
  Catalin Marinas <[email protected]>
  Changwei Ge <[email protected]>
  Chen-Yu Tsai <[email protected]>
  chenqiwu <[email protected]>
  Chris Down <[email protected]>
  Chris Packham <[email protected]>
  Chris Wilson <[email protected]>
  Christian Borntraeger <[email protected]>
  Christian Gmeiner <[email protected]>
  Christoph Hellwig <[email protected]>
  Christoph Niedermaier <[email protected]>
  Christophe Leroy <[email protected]>
  Chuck Lever <[email protected]>
  [email protected]
  Clement Courbet <[email protected]>
  Corey Minyard <[email protected]>
  Cédric Le Goater <[email protected]>
  Dan Carpenter <[email protected]>
  Daniel Axtens <[email protected]>
  Daniel Borkmann <[email protected]>
  Daniel Lezcano <[email protected]>
  Dave Gerlach <[email protected]>
  David Gibson <[email protected]>
  David Hildenbrand <[email protected]>
  David Howells <[email protected]>
  David S. Miller <[email protected]>
  David Sterba <[email protected]>
  Dick Kennedy <[email protected]>
  Dietmar Eggemann <[email protected]>
  Dmitry Torokhov <[email protected]>
  Dongchun Zhu <[email protected]>
  Eric Auger <[email protected]>
  Eric Biggers <[email protected]>
  Eric W. Biederman <[email protected]>
  Ezequiel Garcia <[email protected]>
  Faiz Abbas <[email protected]>
  Feilong Lin <[email protected]>
  Felipe Balbi <[email protected]>
  Filipe Manana <[email protected]>
  Fredrik Strupe <[email protected]>
  Frieder Schrempf <[email protected]>
  Gao Xiang <[email protected]>
  Gary Lin <[email protected]>
  Geert Uytterhoeven <[email protected]>
  Gilad Ben-Yossef <[email protected]>
  Greg Kroah-Hartman <[email protected]>
  Grigore Popescu <[email protected]>
  Guoqing Jiang <[email protected]>
  Gustavo A. R. Silva <[email protected]>
  Gyeongtaek Lee <[email protected]>
  Hans de Goede <[email protected]>
  Hans Verkuil <[email protected]>
  Harshini Shetty <[email protected]>
  He Zhe <[email protected]>
  Herbert Xu <[email protected]>
  Horia Geantă <[email protected]>
  Huacai Chen <[email protected]>
  Huang Rui <[email protected]>
  Hui Wang <[email protected]>
  Ilan Peer <[email protected]>
  Imre Deak <[email protected]>
  Ingo Molnar <[email protected]>
  J. Bruce Fields <[email protected]>
  Jakub Kicinski <[email protected]>
  James Morse <[email protected]>
  James Smart <[email protected]>
  Jan Engelhardt <[email protected]>
  Jann Horn <[email protected]>
  Janosch Frank <[email protected]>
  Jarkko Sakkinen <[email protected]>
  Jeff Mahoney <[email protected]>
  Jens Axboe <[email protected]>
  Jiri Olsa <[email protected]>
  Johannes Berg <[email protected]>
  John Garry <[email protected]>
  Josef Bacik <[email protected]>
  Juergen Gross <[email protected]>
  Julia Lawall <[email protected]>
  Junyong Sun <[email protected]>
  Junyong Sun <[email protected]>
  Kai-Heng Feng <[email protected]>
  Kalle Valo <[email protected]>
  Kar Hin Ong <[email protected]>
  Kees Cook <[email protected]>
  Keith Busch <[email protected]>
  Kishon Vijay Abraham I <[email protected]>
  Konstantin Khlebnikov <[email protected]>
  Kristian Klausen <[email protected]>
  Krzysztof Kozlowski <[email protected]>
  Laurent Pinchart <[email protected]>
  Laurentiu Tudor <[email protected]>
  Lee Jones <[email protected]>
  Li Yang <[email protected]>
  Libor Pechacek <[email protected]>
  Linus Torvalds <[email protected]>
  Linus Walleij <[email protected]>
  Logan Gunthorpe <[email protected]>
  Lorenzo Pieralisi <[email protected]>
  Luca Coelho <[email protected]>
  Lucas Stach <[email protected]>
  Luis Chamberlain <[email protected]>
  Lukas Wunner <[email protected]>
  Luo bin <[email protected]>
  Lyude Paul <[email protected]>
  Marc Zyngier <[email protected]>
  Marek Szyprowski <[email protected]>
  Mark Brown <[email protected]>
  Markus Fuchs <[email protected]>
  Martin Blumenstingl <[email protected]>
  Martin K. Petersen <[email protected]>
  Masami Hiramatsu <[email protected]>
  Mathias Nyman <[email protected]>
  Matt Ranostay <[email protected]>
  Matthew Garrett <[email protected]>
  Matthew Wilcox (Oracle) <[email protected]>
  Mauro Carvalho Chehab <[email protected]>
  Maxime Ripard <[email protected]>
  Mengbing Wang <[email protected]>
  Michael Ellerman <[email protected]>
  Michael Mueller <[email protected]>
  Michael Tretter <[email protected]>
  Michael Walle <[email protected]>
  Michael Wang <[email protected]>
  Michal Hocko <[email protected]>
  Michal Suchanek <[email protected]>
  Mike Snitzer <[email protected]>
  Mikulas Patocka <[email protected]>
  Miquel Raynal <[email protected]>
  Mohammad Rasim <[email protected]>
  Nathan Chancellor <[email protected]>
  Neeraj Upadhyay <[email protected]>
  Neil Armstrong <[email protected]>
  Neil Horman <[email protected]>
  Nick Reitemeyer <[email protected]>
  Nikita Shubin <[email protected]>
  Nikos Tsironis <[email protected]>
  Oliver O'Halloran <[email protected]>
  Olivier Moysan <[email protected]>
  Ondrej Jirman <[email protected]>
  Ondřej Caletka <[email protected]>
  Paolo Bonzini <[email protected]>
  Paolo Valente <[email protected]>
  Paul Cercueil <[email protected]>
  Pei Huang <[email protected]>
  Peng Fan <[email protected]>
  Peter Zijlstra (Intel) <[email protected]>
  Pradeep P V K <[email protected]>
  Prike Liang <[email protected]>
  Qian Cai <[email protected]>
  Qu Wenruo <[email protected]>
  Rafael Aquini <[email protected]>
  Rafael J. Wysocki <[email protected]>
  Raju Rangoju <[email protected]>
  Remi Pommarel <[email protected]>
  Robbie Ko <[email protected]>
  Rodrigo Vivi <[email protected]>
  Roger Pau Monné <[email protected]>
  Roger Quadros <[email protected]>
  Ronnie Sahlberg <[email protected]>
  Rosioru Dragos <[email protected]>
  Sagi Grimberg <[email protected]>
  Sahitya Tummala <[email protected]>
  Sakari Ailus <[email protected]>
  Sam Lunt <[email protected]>
  Sam Lunt <[email protected]>
  Sasha Levin <[email protected]>
  Scott Wood <[email protected]>
  Scott Wood <[email protected]>
  Sean Christopherson <[email protected]>
  Sean Tranchetti <[email protected]>
  Sean V Kelley <[email protected]>
  Sean Young <[email protected]>
  Shetty, Harshini X (EXT-Sony Mobile) <[email protected]>
  Sibi Sankar <[email protected]>
  Simon Gander <[email protected]>
  Song Liu <[email protected]>
  Sreekanth Reddy <[email protected]>
  Sriharsha Allenki <[email protected]>
  Stanimir Varbanov <[email protected]>
  Stanimir Varbanov <[email protected]>
  Stanley Chu <[email protected]>
  Steffen Maier <[email protected]>
  Stephan Gerhold <[email protected]>
  Stephen Boyd <[email protected]>
  Steve French <[email protected]>
  Steven Rostedt (VMware) <[email protected]>
  Subash Abhinov Kasiviswanathan <[email protected]>
  Sungbo Eo <[email protected]>
  Sven Schnelle <[email protected]>
  Taehee Yoo <[email protected]>
  Takashi Iwai <[email protected]>
  Tero Kristo <[email protected]>
  Theodore Ts'o <[email protected]>
  Thinh Nguyen <[email protected]>
  Thinh Nguyen <[email protected]>
  Thomas Bogendoerfer <[email protected]>
  Thomas Gleixner <[email protected]>
  Thomas Hebb <[email protected]>
  Thomas Hellstrom <[email protected]>
  Thomas Zimmermann <[email protected]>
  Tom Lendacky <[email protected]>
  Tomasz Figa <[email protected]>
  Tony Lindgren <[email protected]>
  Trond Myklebust <[email protected]>
  Ulf Hansson <[email protected]>
  Valentin Ciocoi Radulescu <[email protected]>
  Vasily Averin <[email protected]>
  Vasily Gorbik <[email protected]>
  Vincent Guittot <[email protected]>
  Viresh Kumar <[email protected]>
  Vitaly Kuznetsov <[email protected]>
  Vladimir Oltean <[email protected]>
  Wen Yang <[email protected]>
  Wolfram Sang <[email protected]>
  Xu Wang <[email protected]>
  Yang Xu <[email protected]>
  Yangbo Lu <[email protected]>
  Yicong Yang <[email protected]>
  Yilu Lin <[email protected]>
  Yintian Tao <[email protected]>
  Yonghong Song <[email protected]>
  YueHaibing <[email protected]>
  Yuxian Dai <[email protected]>
  Zheng Wei <[email protected]>
  Zhiqiang Liu <[email protected]>
  이경택 <[email protected]>

jobs:
 build-amd64-xsm                                              pass    
 build-arm64-xsm                                              pass    
 build-i386-xsm                                               pass    
 build-amd64                                                  pass    
 build-arm64                                                  pass    
 build-armhf                                                  pass    
 build-i386                                                   pass    
 build-amd64-libvirt                                          pass    
 build-arm64-libvirt                                          pass    
 build-armhf-libvirt                                          pass    
 build-i386-libvirt                                           pass    
 build-amd64-pvops                                            pass    
 build-arm64-pvops                                            pass    
 build-armhf-pvops                                            pass    
 build-i386-pvops                                             pass    
 test-amd64-amd64-xl                                          pass    
 test-arm64-arm64-xl                                          pass    
 test-armhf-armhf-xl                                          pass    
 test-amd64-i386-xl                                           pass    
 test-amd64-amd64-libvirt-qemuu-debianhvm-amd64-xsm           pass    
 test-amd64-i386-libvirt-qemuu-debianhvm-amd64-xsm            pass    
 test-amd64-amd64-xl-qemut-stubdom-debianhvm-amd64-xsm        pass    
 test-amd64-i386-xl-qemut-stubdom-debianhvm-amd64-xsm         pass    
 test-amd64-amd64-xl-qemut-debianhvm-i386-xsm                 pass    
 test-amd64-i386-xl-qemut-debianhvm-i386-xsm                  pass    
 test-amd64-amd64-xl-qemuu-debianhvm-i386-xsm                 pass    
 test-amd64-i386-xl-qemuu-debianhvm-i386-xsm                  pass    
 test-amd64-amd64-libvirt-xsm                                 pass    
 test-arm64-arm64-libvirt-xsm                                 pass    
 test-amd64-i386-libvirt-xsm                                  pass    
 test-amd64-amd64-xl-xsm                                      pass    
 test-arm64-arm64-xl-xsm                                      pass    
 test-amd64-i386-xl-xsm                                       pass    
 test-amd64-amd64-qemuu-nested-amd                            fail    
 test-amd64-amd64-xl-pvhv2-amd                                pass    
 test-amd64-i386-qemut-rhel6hvm-amd                           pass    
 test-amd64-i386-qemuu-rhel6hvm-amd                           pass    
 test-amd64-amd64-xl-qemut-debianhvm-amd64                    pass    
 test-amd64-i386-xl-qemut-debianhvm-amd64                     pass    
 test-amd64-amd64-xl-qemuu-debianhvm-amd64                    pass    
 test-amd64-i386-xl-qemuu-debianhvm-amd64                     pass    
 test-amd64-i386-freebsd10-amd64                              pass    
 test-amd64-amd64-xl-qemuu-ovmf-amd64                         pass    
 test-amd64-i386-xl-qemuu-ovmf-amd64                          pass    
 test-amd64-amd64-xl-qemut-win7-amd64                         fail    
 test-amd64-i386-xl-qemut-win7-amd64                          fail    
 test-amd64-amd64-xl-qemuu-win7-amd64                         fail    
 test-amd64-i386-xl-qemuu-win7-amd64                          fail    
 test-amd64-amd64-xl-qemut-ws16-amd64                         fail    
 test-amd64-i386-xl-qemut-ws16-amd64                          fail    
 test-amd64-amd64-xl-qemuu-ws16-amd64                         fail    
 test-amd64-i386-xl-qemuu-ws16-amd64                          fail    
 test-armhf-armhf-xl-arndale                                  pass    
 test-amd64-amd64-xl-credit1                                  pass    
 test-arm64-arm64-xl-credit1                                  pass    
 test-armhf-armhf-xl-credit1                                  pass    
 test-amd64-amd64-xl-credit2                                  pass    
 test-arm64-arm64-xl-credit2                                  pass    
 test-armhf-armhf-xl-credit2                                  pass    
 test-armhf-armhf-xl-cubietruck                               pass    
 test-amd64-amd64-xl-qemuu-dmrestrict-amd64-dmrestrict        pass    
 test-amd64-i386-xl-qemuu-dmrestrict-amd64-dmrestrict         pass    
 test-amd64-amd64-examine                                     pass    
 test-arm64-arm64-examine                                     pass    
 test-armhf-armhf-examine                                     pass    
 test-amd64-i386-examine                                      pass    
 test-amd64-i386-freebsd10-i386                               pass    
 test-amd64-amd64-qemuu-nested-intel                          pass    
 test-amd64-amd64-xl-pvhv2-intel                              pass    
 test-amd64-i386-qemut-rhel6hvm-intel                         pass    
 test-amd64-i386-qemuu-rhel6hvm-intel                         pass    
 test-amd64-amd64-libvirt                                     pass    
 test-armhf-armhf-libvirt                                     pass    
 test-amd64-i386-libvirt                                      pass    
 test-amd64-amd64-xl-multivcpu                                pass    
 test-armhf-armhf-xl-multivcpu                                pass    
 test-amd64-amd64-pair                                        pass    
 test-amd64-i386-pair                                         pass    
 test-amd64-amd64-libvirt-pair                                pass    
 test-amd64-i386-libvirt-pair                                 pass    
 test-amd64-amd64-amd64-pvgrub                                pass    
 test-amd64-amd64-i386-pvgrub                                 pass    
 test-amd64-amd64-xl-pvshim                                   pass    
 test-amd64-i386-xl-pvshim                                    fail    
 test-amd64-amd64-pygrub                                      pass    
 test-amd64-amd64-xl-qcow2                                    pass    
 test-armhf-armhf-libvirt-raw                                 pass    
 test-amd64-i386-xl-raw                                       pass    
 test-amd64-amd64-xl-rtds                                     fail    
 test-armhf-armhf-xl-rtds                                     pass    
 test-arm64-arm64-xl-seattle                                  pass    
 test-amd64-amd64-xl-qemuu-debianhvm-amd64-shadow             pass    
 test-amd64-i386-xl-qemuu-debianhvm-amd64-shadow              pass    
 test-amd64-amd64-xl-shadow                                   pass    
 test-amd64-i386-xl-shadow                                    pass    
 test-arm64-arm64-xl-thunderx                                 pass    
 test-amd64-amd64-libvirt-vhd                                 pass    
 test-armhf-armhf-xl-vhd                                      pass    


------------------------------------------------------------
sg-report-flight on osstest.test-lab.xenproject.org
logs: /home/logs/logs
images: /home/logs/images

Logs, config files, etc. are available at
    http://logs.test-lab.xenproject.org/osstest/logs

Explanation of these reports, and of osstest in general, is at
    http://xenbits.xen.org/gitweb/?p=osstest.git;a=blob;f=README.email;hb=master
    http://xenbits.xen.org/gitweb/?p=osstest.git;a=blob;f=README;hb=master

Test harness code can be found at
    http://xenbits.xen.org/gitweb?p=osstest.git;a=summary


Not pushing.

(No revision log; it would be 8200 lines long.)

Reply via email to