flight 149508 libvirt real [real] http://logs.test-lab.xenproject.org/osstest/logs/149508/
Regressions :-( Tests which did not succeed and are blocking, including tests which could not be run: build-amd64-libvirt 6 libvirt-build fail REGR. vs. 146182 build-i386-libvirt 6 libvirt-build fail REGR. vs. 146182 build-arm64-libvirt 6 libvirt-build fail REGR. vs. 146182 build-armhf-libvirt 6 libvirt-build fail REGR. vs. 146182 Tests which did not succeed, but are not blocking: test-amd64-i386-libvirt 1 build-check(1) blocked n/a test-amd64-i386-libvirt-pair 1 build-check(1) blocked n/a test-armhf-armhf-libvirt-raw 1 build-check(1) blocked n/a test-amd64-i386-libvirt-qemuu-debianhvm-amd64-xsm 1 build-check(1) blocked n/a test-amd64-amd64-libvirt-vhd 1 build-check(1) blocked n/a test-arm64-arm64-libvirt-qcow2 1 build-check(1) blocked n/a test-amd64-amd64-libvirt 1 build-check(1) blocked n/a test-arm64-arm64-libvirt-xsm 1 build-check(1) blocked n/a test-amd64-amd64-libvirt-pair 1 build-check(1) blocked n/a test-arm64-arm64-libvirt 1 build-check(1) blocked n/a test-amd64-i386-libvirt-xsm 1 build-check(1) blocked n/a test-amd64-amd64-libvirt-qemuu-debianhvm-amd64-xsm 1 build-check(1) blocked n/a test-armhf-armhf-libvirt 1 build-check(1) blocked n/a test-amd64-amd64-libvirt-xsm 1 build-check(1) blocked n/a version targeted for testing: libvirt 24b7ac78173517b37bb2cf06b2bcac4305411f0a baseline version: libvirt a1cd25b919509be2645dbe6f952d5263e0d4e4e5 Last test of basis 146182 2020-01-17 06:00:23 Z 82 days Failing since 146211 2020-01-18 04:18:52 Z 81 days 78 attempts Testing same since 149508 2020-04-08 04:19:29 Z 0 days 1 attempts ------------------------------------------------------------ People who touched revisions under test: Andrea Bolognani <[email protected]> Arnaud Patard <[email protected]> Boris Fiuczynski <[email protected]> Christian Ehrhardt <[email protected]> Christian Schoenebeck <[email protected]> Collin Walling <[email protected]> Daniel Henrique Barboza <[email protected]> Daniel P. Berrangé <[email protected]> Daniel Veillard <[email protected]> Dario Faggioli <[email protected]> Erik Skultety <[email protected]> Gaurav Agrawal <[email protected]> Han Han <[email protected]> Jim Fehlig <[email protected]> Jiri Denemark <[email protected]> Jonathon Jongsma <[email protected]> Julio Faracco <[email protected]> Ján Tomko <[email protected]> Laine Stump <[email protected]> Lin Ma <[email protected]> Marc-André Lureau <[email protected]> Marek Marczykowski-Górecki <[email protected]> Mauro S. M. Rodrigues <[email protected]> Michal Privoznik <[email protected]> Nikolay Shirokovskiy <[email protected]> Pavel Hrdina <[email protected]> Pavel Mores <[email protected]> Peter Krempa <[email protected]> Pino Toscano <[email protected]> Prathamesh Chavan <[email protected]> Rafael Fonseca <[email protected]> Richard W.M. Jones <[email protected]> Rikard Falkeborn <[email protected]> Ryan Moeller <[email protected]> Sahid Orentino Ferdjaoui <[email protected]> Sebastian Mitterle <[email protected]> Seeteena Thoufeek <[email protected]> Stefan Berger <[email protected]> Stefan Berger <[email protected]> Stefan Hajnoczi <[email protected]> Thomas Huth <[email protected]> Wu Qingliang <[email protected]> Your Name <[email protected]> Zhang Bo <[email protected]> zhenwei pi <[email protected]> Zhimin Feng <[email protected]> jobs: build-amd64-xsm pass build-arm64-xsm pass build-i386-xsm pass build-amd64 pass build-arm64 pass build-armhf pass build-i386 pass build-amd64-libvirt fail build-arm64-libvirt fail build-armhf-libvirt fail build-i386-libvirt fail build-amd64-pvops pass build-arm64-pvops pass build-armhf-pvops pass build-i386-pvops pass test-amd64-amd64-libvirt-qemuu-debianhvm-amd64-xsm blocked test-amd64-i386-libvirt-qemuu-debianhvm-amd64-xsm blocked test-amd64-amd64-libvirt-xsm blocked test-arm64-arm64-libvirt-xsm blocked test-amd64-i386-libvirt-xsm blocked test-amd64-amd64-libvirt blocked test-arm64-arm64-libvirt blocked test-armhf-armhf-libvirt blocked test-amd64-i386-libvirt blocked test-amd64-amd64-libvirt-pair blocked test-amd64-i386-libvirt-pair blocked test-arm64-arm64-libvirt-qcow2 blocked test-armhf-armhf-libvirt-raw blocked test-amd64-amd64-libvirt-vhd blocked ------------------------------------------------------------ sg-report-flight on osstest.test-lab.xenproject.org logs: /home/logs/logs images: /home/logs/images Logs, config files, etc. are available at http://logs.test-lab.xenproject.org/osstest/logs Explanation of these reports, and of osstest in general, is at http://xenbits.xen.org/gitweb/?p=osstest.git;a=blob;f=README.email;hb=master http://xenbits.xen.org/gitweb/?p=osstest.git;a=blob;f=README;hb=master Test harness code can be found at http://xenbits.xen.org/gitweb?p=osstest.git;a=summary Not pushing. (No revision log; it would be 13495 lines long.)
