flight 149039 qemu-mainline real [real]
http://logs.test-lab.xenproject.org/osstest/logs/149039/

Regressions :-(

Tests which did not succeed and are blocking,
including tests which could not be run:
 test-amd64-amd64-xl-qemuu-dmrestrict-amd64-dmrestrict 10 debian-hvm-install 
fail REGR. vs. 144861
 test-amd64-amd64-xl-qemuu-win7-amd64 10 windows-install  fail REGR. vs. 144861
 test-amd64-amd64-xl-qemuu-ovmf-amd64 10 debian-hvm-install fail REGR. vs. 
144861
 test-amd64-i386-xl-qemuu-debianhvm-amd64 10 debian-hvm-install fail REGR. vs. 
144861
 test-amd64-amd64-qemuu-nested-amd 10 debian-hvm-install  fail REGR. vs. 144861
 test-amd64-i386-freebsd10-i386 11 guest-start            fail REGR. vs. 144861
 test-amd64-i386-xl-qemuu-dmrestrict-amd64-dmrestrict 10 debian-hvm-install 
fail REGR. vs. 144861
 test-amd64-i386-qemuu-rhel6hvm-intel 10 redhat-install   fail REGR. vs. 144861
 test-amd64-i386-libvirt-qemuu-debianhvm-amd64-xsm 10 debian-hvm-install fail 
REGR. vs. 144861
 test-amd64-amd64-libvirt-qemuu-debianhvm-amd64-xsm 10 debian-hvm-install fail 
REGR. vs. 144861
 test-amd64-i386-xl-qemuu-debianhvm-i386-xsm 10 debian-hvm-install fail REGR. 
vs. 144861
 test-amd64-amd64-xl-qemuu-debianhvm-i386-xsm 10 debian-hvm-install fail REGR. 
vs. 144861
 test-amd64-amd64-xl-qemuu-ws16-amd64 10 windows-install  fail REGR. vs. 144861
 test-amd64-amd64-xl-qemuu-debianhvm-amd64 10 debian-hvm-install fail REGR. vs. 
144861
 test-amd64-i386-xl-qemuu-ws16-amd64 10 windows-install   fail REGR. vs. 144861
 test-amd64-i386-qemuu-rhel6hvm-amd 10 redhat-install     fail REGR. vs. 144861
 test-amd64-i386-libvirt-pair 21 guest-start/debian       fail REGR. vs. 144861
 test-amd64-amd64-libvirt     12 guest-start              fail REGR. vs. 144861
 test-amd64-i386-xl-qemuu-win7-amd64 10 windows-install   fail REGR. vs. 144861
 test-amd64-amd64-libvirt-xsm 12 guest-start              fail REGR. vs. 144861
 test-amd64-i386-xl-qemuu-debianhvm-amd64-shadow 10 debian-hvm-install fail 
REGR. vs. 144861
 test-amd64-amd64-libvirt-pair 21 guest-start/debian      fail REGR. vs. 144861
 test-amd64-amd64-xl-qemuu-debianhvm-amd64-shadow 10 debian-hvm-install fail 
REGR. vs. 144861
 test-amd64-amd64-qemuu-nested-intel 10 debian-hvm-install fail REGR. vs. 144861
 test-amd64-i386-xl-qemuu-ovmf-amd64 10 debian-hvm-install fail REGR. vs. 144861
 test-amd64-i386-libvirt      12 guest-start              fail REGR. vs. 144861
 test-amd64-i386-freebsd10-amd64 11 guest-start           fail REGR. vs. 144861
 test-amd64-i386-libvirt-xsm  12 guest-start              fail REGR. vs. 144861
 test-arm64-arm64-libvirt-xsm 12 guest-start              fail REGR. vs. 144861
 test-armhf-armhf-libvirt     12 guest-start              fail REGR. vs. 144861
 test-amd64-amd64-libvirt-vhd 10 debian-di-install        fail REGR. vs. 144861
 test-amd64-amd64-xl-qcow2    10 debian-di-install        fail REGR. vs. 144861
 test-armhf-armhf-xl-vhd      10 debian-di-install        fail REGR. vs. 144861
 test-armhf-armhf-libvirt-raw 10 debian-di-install        fail REGR. vs. 144861

Tests which are failing intermittently (not blocking):
 test-armhf-armhf-xl-rtds 16 guest-start/debian.repeat fail in 148987 pass in 
149039
 test-armhf-armhf-xl-credit1  16 guest-start/debian.repeat  fail pass in 148987

Tests which did not succeed, but are not blocking:
 test-amd64-amd64-dom0pvh-xl-intel 16 guest-localmigrate fail baseline untested
 test-amd64-amd64-dom0pvh-xl-intel 17 guest-saverestore.2 fail in 148987 
baseline untested
 test-amd64-i386-xl-pvshim    12 guest-start                  fail   never pass
 test-arm64-arm64-xl-seattle  13 migrate-support-check        fail   never pass
 test-arm64-arm64-xl-seattle  14 saverestore-support-check    fail   never pass
 test-arm64-arm64-xl-xsm      13 migrate-support-check        fail   never pass
 test-arm64-arm64-xl-xsm      14 saverestore-support-check    fail   never pass
 test-arm64-arm64-xl-credit1  13 migrate-support-check        fail   never pass
 test-arm64-arm64-xl-credit1  14 saverestore-support-check    fail   never pass
 test-arm64-arm64-xl          13 migrate-support-check        fail   never pass
 test-arm64-arm64-xl          14 saverestore-support-check    fail   never pass
 test-arm64-arm64-xl-credit2  13 migrate-support-check        fail   never pass
 test-arm64-arm64-xl-credit2  14 saverestore-support-check    fail   never pass
 test-armhf-armhf-xl-arndale  13 migrate-support-check        fail   never pass
 test-armhf-armhf-xl-arndale  14 saverestore-support-check    fail   never pass
 test-arm64-arm64-xl-thunderx 13 migrate-support-check        fail   never pass
 test-arm64-arm64-xl-thunderx 14 saverestore-support-check    fail   never pass
 test-armhf-armhf-xl-multivcpu 13 migrate-support-check        fail  never pass
 test-armhf-armhf-xl-multivcpu 14 saverestore-support-check    fail  never pass
 test-armhf-armhf-xl-credit2  13 migrate-support-check        fail   never pass
 test-armhf-armhf-xl-credit2  14 saverestore-support-check    fail   never pass
 test-armhf-armhf-xl          13 migrate-support-check        fail   never pass
 test-armhf-armhf-xl          14 saverestore-support-check    fail   never pass
 test-armhf-armhf-xl-rtds     13 migrate-support-check        fail   never pass
 test-armhf-armhf-xl-rtds     14 saverestore-support-check    fail   never pass
 test-armhf-armhf-xl-cubietruck 13 migrate-support-check        fail never pass
 test-armhf-armhf-xl-cubietruck 14 saverestore-support-check    fail never pass
 test-armhf-armhf-xl-credit1  13 migrate-support-check        fail   never pass
 test-armhf-armhf-xl-credit1  14 saverestore-support-check    fail   never pass
 test-amd64-amd64-dom0pvh-xl-amd  2 hosts-allocate               starved  n/a

version targeted for testing:
 qemuu                736cf607e40674776d752acc201f565723e86045
baseline version:
 qemuu                7697ac55fcc6178fd8fd8aa22baed13a0c8ca942

Last test of basis   144861  2019-12-16 13:06:24 Z  101 days
Failing since        144880  2019-12-16 20:07:08 Z  101 days  310 attempts
Testing same since   148987  2020-03-24 21:08:54 Z    2 days    2 attempts

------------------------------------------------------------
People who touched revisions under test:
  "Michael S. Tsirkin" <[email protected]>
  Aarushi Mehta <[email protected]>
  Adrian Moreno <[email protected]>
  Adrien GRASSEIN <[email protected]>
  Alberto Garcia <[email protected]>
  Aleksandar Markovic <[email protected]>
  Aleksandar Markovic <[email protected]>
  Alex Bennée <[email protected]>
  Alex Richardson <[email protected]>
  Alex Williamson <[email protected]>
  Alexander Bulekov <[email protected]>
  Alexander Popov <[email protected]>
  Alexey Kardashevskiy <[email protected]>
  Alexey Romko <[email protected]>
  Alistair Francis <[email protected]>
  Alistair Francis <[email protected]>
  Andrea Bolognani <[email protected]>
  Andreas Schwab <[email protected]>
  Andrew Jeffery <[email protected]>
  Andrew Jones <[email protected]>
  Andrey Shinkevich <[email protected]>
  Anthony PERARD <[email protected]>
  Anton V. Boyarshinov <[email protected]>
  Anup Patel <[email protected]>
  Aravinda Prasad <[email protected]>
  Ard Biesheuvel <[email protected]>
  Atish Patra <[email protected]>
  Aurelien Jarno <[email protected]>
  Babu Moger <[email protected]>
  BALATON Zoltan <[email protected]>
  Basil Salman <[email protected]>
  bauerchen <[email protected]>
  Beata Michalska <[email protected]>
  Benjamin Herrenschmidt <[email protected]>
  Bharata B Rao <[email protected]>
  Bin Meng <[email protected]>
  Cameron Esfahani <[email protected]>
  Carlos Santos <[email protected]>
  Cathy Zhang <[email protected]>
  Changbin Du <[email protected]>
  Chen Qun <[email protected]>
  Christian Borntraeger <[email protected]>
  Christian Ehrhardt <[email protected]>
  Christian Schoenebeck <[email protected]>
  Christophe de Dinechin <[email protected]>
  Christophe Lyon <[email protected]>
  Cleber Rosa <[email protected]>
  Clement Deschamps <[email protected]>
  Cole Robinson <[email protected]>
  Colin Xu <[email protected]>
  Corey Minyard <[email protected]>
  Cornelia Huck <[email protected]>
  Cornelia Huck <[email protected]> #s390x
  Cédric Le Goater <[email protected]>
  Cédric Le Goater <[email protected]>
  Damien Hedde <[email protected]>
  Daniel Henrique Barboza <[email protected]>
  Daniel P. Berrangé <[email protected]>
  David Edmondson <[email protected]>
  David Gibson <[email protected]>
  David Gibson <[email protected]> (ppc parts)
  David Hildenbrand <[email protected]>
  David Vrabel <[email protected]>
  Denis Plotnikov <[email protected]>
  Dmitry Fleytman <[email protected]>
  Dr. David Alan Gilbert <[email protected]>
  Edgar E. Iglesias <[email protected]>
  Eduardo Habkost <[email protected]>
  Eiichi Tsukata <[email protected]>
  Emilio G. Cota <[email protected]>
  Eric Auger <[email protected]>
  Eric Blake <[email protected]>
  Eric Ren <[email protected]>
  Eryu Guan <[email protected]>
  Fabiano Rosas <[email protected]>
  Fangrui Song <[email protected]>
  Felipe Franciosi <[email protected]>
  Filip Bozuta <[email protected]>
  Finn Thain <[email protected]>
  Florian Florensa <[email protected]>
  Francisco Iglesias <[email protected]>
  Francisco Iglesias <[email protected]>
  Ganesh Goudar <[email protected]>
  Ganesh Maharaj Mahalingam <[email protected]>
  Gavin Shan <[email protected]>
  Gerd Hoffmann <[email protected]>
  Greg Kurz <[email protected]>
  Guenter Roeck <[email protected]>
  Guoyi Tu <[email protected]>
  Halil Pasic <[email protected]>
  Han Han <[email protected]>
  Helge Deller <[email protected]>
  Hervé Poussineau <[email protected]>
  Heyi Guo <[email protected]>
  Hikaru Nishida <[email protected]>
  Howard Spoelstra <[email protected]>
  Igor Mammedov <[email protected]>
  Jae Hyun Yoo <[email protected]>
  Jafar Abdi <[email protected]>
  Jaijun Chen <[email protected]>
  James Clarke <[email protected]>
  James Hogan <[email protected]>
  Jan Kiszka <[email protected]>
  Jan Kiszka <[email protected]>
  Janosch Frank <[email protected]>
  Jason A. Donenfeld <[email protected]>
  Jason Andryuk <[email protected]>
  Jason Wang <[email protected]>
  Jean-Philippe Brucker <[email protected]>
  Jeff Kubascik <[email protected]>
  Jens Freimann <[email protected]>
  Jiahui Cen <[email protected]>
  Jiajun Chen <[email protected]>
  Jiufei Xue <[email protected]>
  Joe Richey <[email protected]>
  Joel Stanley <[email protected]>
  Johannes Berg <[email protected]>
  John Arbuckle <[email protected]>
  John Snow <[email protected]>
  Josh Kunz <[email protected]>
  Juan Quintela <[email protected]>
  Julia Suvorova <[email protected]>
  Julio Faracco <[email protected]>
  Jun Piao <[email protected]>
  Kashyap Chamarthy <[email protected]>
  Keith Packard <[email protected]>
  Keqian Zhu <[email protected]>
  Kevin Wolf <[email protected]>
  KONRAD Frederic <[email protected]>
  Kővágó, Zoltán <[email protected]>
  Laszlo Ersek <[email protected]>
  Laurent Vivier <[email protected]>
  Laurent Vivier <[email protected]>
  Leif Lindholm <[email protected]>
  Leonardo Bras <[email protected]>
  Leonardo Bras <[email protected]>
  Li Hangjing <[email protected]>
  Liam Merwick <[email protected]>
  Liang Yan <[email protected]>
  Lirong Yuan <[email protected]>
  Liu Bo <[email protected]>
  Liu Jingqi <[email protected]>
  Liu Yi L <[email protected]>
  Longpeng <[email protected]>
  Luc Michel <[email protected]>
  Lukas Straub <[email protected]>
  Lukáš Doktor <[email protected]>
  Mahesh Salgaonkar <[email protected]>
  Marc Hartmayer <[email protected]>
  Marc Zyngier <[email protected]>
  Marc-André Lureau <[email protected]>
  Marcel Apfelbaum <[email protected]>
  Marek Dolata <[email protected]>
  Mark Cave-Ayland <[email protected]>
  Markus Armbruster <[email protected]>
  Martin Kaiser <[email protected]>
  Masahiro Yamada <[email protected]>
  Masayoshi Mizuma <[email protected]>
  Matt Borgerson <[email protected]>
  Matthew Rosato <[email protected]>
  Matthias Lüscher <[email protected]>
  Max Filippov <[email protected]>
  Max Reitz <[email protected]>
  Maxim Levitsky <[email protected]>
  Michael Ellerman <[email protected]>
  Michael Rolnik <[email protected]>
  Michael Roth <[email protected]>
  Michael S. Tsirkin <[email protected]>
  Michal Privoznik <[email protected]>
  Micky Yun Chan (michiboo) <[email protected]>
  Micky Yun Chan <[email protected]>
  Miklos Szeredi <[email protected]>
  Miroslav Rezanina <[email protected]>
  Misono Tomohiro <[email protected]>
  [email protected] <[email protected]>
  Moger, Babu <[email protected]>
  Nicholas Piggin <[email protected]>
  Nick Erdmann <[email protected]>
  Niek Linnenbank <[email protected]>
  Nikola Pavlica <[email protected]>
  Oksana Vohchana <[email protected]>
  Palmer Dabbelt <[email protected]>
  Palmer Dabbelt <[email protected]>
  Pan Nengyuan <[email protected]>
  PanNengyuan <[email protected]>
  Paolo Bonzini <[email protected]>
  Paul Durrant <[email protected]>
  Paul Durrant <[email protected]>
  Pavel Dovgalyuk <[email protected]>
  Pavel Dovgalyuk <[email protected]>
  Peng Tao <[email protected]>
  Peter Krempa <[email protected]>
  Peter Maydell <[email protected]>
  Peter Turschmid <[email protected]>
  Peter Wu <[email protected]>
  Peter Xu <[email protected]>
  Philippe Mathieu-Daudé <[email protected]>
  Philippe Mathieu-Daudé <[email protected]>
  piaojun <[email protected]>
  Rajnesh Kanwal <[email protected]>
  Raphael Norwitz <[email protected]>
  Rene Stange <[email protected]>
  Richard Henderson <[email protected]>
  Richard Henderson <[email protected]>
  Robert Foley <[email protected]>
  Robert Hoo <[email protected]>
  Roman Kapl <[email protected]>
  Sai Pavan Boddu <[email protected]>
  Salvador Fandino <[email protected]>
  Sameeh Jubran <[email protected]>
  Samuel Thibault <[email protected]>
  Scott Cheloha <[email protected]>
  Sergio Lopez <[email protected]>
  Shameer Kolothum <[email protected]>
  ShihPo Hung <[email protected]>
  Shivaprasad G Bhat <[email protected]>
  Simon Veith <[email protected]>
  Stafford Horne <[email protected]>
  Stefan Berger <[email protected]>
  Stefan Berger <[email protected]>
  Stefan Hajnoczi <[email protected]>
  Stefan Weil <[email protected]>
  Stefano Garzarella <[email protected]>
  Stefano Stabellini <[email protected]>
  Sunil Muthuswamy <[email protected]>
  Suraj Jitindar Singh <[email protected]>
  Sven Schnelle <[email protected]>
  Tao Xu <[email protected]>
  Taylor Simpson <[email protected]>
  Thomas Huth <[email protected]>
  Tianjia Zhang <[email protected]>
  Tobias Koch <[email protected]>
  Tuguoyi <[email protected]>
  Vincent DEHORS <[email protected]>
  Vincent Fazio <[email protected]>
  Vitaly Chikunov <[email protected]>
  Vivek Goyal <[email protected]>
  Vladimir Sementsov-Ogievskiy <[email protected]>
  Volker Rümelin <[email protected]>
  Wainer dos Santos Moschetta <[email protected]>
  wangyong <[email protected]>
  Wei Yang <[email protected]>
  Willian Rampazzo <[email protected]>
  Willian Rampazzo <[email protected]>
  Xiang Zheng <[email protected]>
  Xiao Yang <[email protected]>
  Xiaoyao Li <[email protected]>
  Xinyu Li <[email protected]>
  Yi Sun <[email protected]>
  Ying Fang <[email protected]>
  Yiting Wang <[email protected]>
  Yongbok Kim <[email protected]>
  Yoshinori Sato <[email protected]>
  Yu-Chen Lin <[email protected]>
  Yu-Chen Lin <[email protected]>
  Yuri Benditovich <[email protected]>
  Yury Kotov <[email protected]>
  Yuval Shaia <[email protected]>
  Yuval Shaia <[email protected]>
  Zenghui Yu <[email protected]>
  zhanghailiang <[email protected]>
  zhenwei pi <[email protected]>
  Zhimin Feng <[email protected]>

jobs:
 build-amd64-xsm                                              pass    
 build-arm64-xsm                                              pass    
 build-i386-xsm                                               pass    
 build-amd64                                                  pass    
 build-arm64                                                  pass    
 build-armhf                                                  pass    
 build-i386                                                   pass    
 build-amd64-libvirt                                          pass    
 build-arm64-libvirt                                          pass    
 build-armhf-libvirt                                          pass    
 build-i386-libvirt                                           pass    
 build-amd64-pvops                                            pass    
 build-arm64-pvops                                            pass    
 build-armhf-pvops                                            pass    
 build-i386-pvops                                             pass    
 test-amd64-amd64-xl                                          pass    
 test-arm64-arm64-xl                                          pass    
 test-armhf-armhf-xl                                          pass    
 test-amd64-i386-xl                                           pass    
 test-amd64-amd64-libvirt-qemuu-debianhvm-amd64-xsm           fail    
 test-amd64-i386-libvirt-qemuu-debianhvm-amd64-xsm            fail    
 test-amd64-amd64-xl-qemuu-debianhvm-i386-xsm                 fail    
 test-amd64-i386-xl-qemuu-debianhvm-i386-xsm                  fail    
 test-amd64-amd64-libvirt-xsm                                 fail    
 test-arm64-arm64-libvirt-xsm                                 fail    
 test-amd64-i386-libvirt-xsm                                  fail    
 test-amd64-amd64-xl-xsm                                      pass    
 test-arm64-arm64-xl-xsm                                      pass    
 test-amd64-i386-xl-xsm                                       pass    
 test-amd64-amd64-qemuu-nested-amd                            fail    
 test-amd64-amd64-xl-pvhv2-amd                                pass    
 test-amd64-i386-qemuu-rhel6hvm-amd                           fail    
 test-amd64-amd64-dom0pvh-xl-amd                              starved 
 test-amd64-amd64-xl-qemuu-debianhvm-amd64                    fail    
 test-amd64-i386-xl-qemuu-debianhvm-amd64                     fail    
 test-amd64-i386-freebsd10-amd64                              fail    
 test-amd64-amd64-xl-qemuu-ovmf-amd64                         fail    
 test-amd64-i386-xl-qemuu-ovmf-amd64                          fail    
 test-amd64-amd64-xl-qemuu-win7-amd64                         fail    
 test-amd64-i386-xl-qemuu-win7-amd64                          fail    
 test-amd64-amd64-xl-qemuu-ws16-amd64                         fail    
 test-amd64-i386-xl-qemuu-ws16-amd64                          fail    
 test-armhf-armhf-xl-arndale                                  pass    
 test-amd64-amd64-xl-credit1                                  pass    
 test-arm64-arm64-xl-credit1                                  pass    
 test-armhf-armhf-xl-credit1                                  fail    
 test-amd64-amd64-xl-credit2                                  pass    
 test-arm64-arm64-xl-credit2                                  pass    
 test-armhf-armhf-xl-credit2                                  pass    
 test-armhf-armhf-xl-cubietruck                               pass    
 test-amd64-amd64-xl-qemuu-dmrestrict-amd64-dmrestrict        fail    
 test-amd64-i386-xl-qemuu-dmrestrict-amd64-dmrestrict         fail    
 test-amd64-i386-freebsd10-i386                               fail    
 test-amd64-amd64-qemuu-nested-intel                          fail    
 test-amd64-amd64-xl-pvhv2-intel                              pass    
 test-amd64-i386-qemuu-rhel6hvm-intel                         fail    
 test-amd64-amd64-dom0pvh-xl-intel                            fail    
 test-amd64-amd64-libvirt                                     fail    
 test-armhf-armhf-libvirt                                     fail    
 test-amd64-i386-libvirt                                      fail    
 test-amd64-amd64-xl-multivcpu                                pass    
 test-armhf-armhf-xl-multivcpu                                pass    
 test-amd64-amd64-pair                                        pass    
 test-amd64-i386-pair                                         pass    
 test-amd64-amd64-libvirt-pair                                fail    
 test-amd64-i386-libvirt-pair                                 fail    
 test-amd64-amd64-amd64-pvgrub                                pass    
 test-amd64-amd64-i386-pvgrub                                 pass    
 test-amd64-amd64-xl-pvshim                                   pass    
 test-amd64-i386-xl-pvshim                                    fail    
 test-amd64-amd64-pygrub                                      pass    
 test-amd64-amd64-xl-qcow2                                    fail    
 test-armhf-armhf-libvirt-raw                                 fail    
 test-amd64-i386-xl-raw                                       pass    
 test-amd64-amd64-xl-rtds                                     pass    
 test-armhf-armhf-xl-rtds                                     pass    
 test-arm64-arm64-xl-seattle                                  pass    
 test-amd64-amd64-xl-qemuu-debianhvm-amd64-shadow             fail    
 test-amd64-i386-xl-qemuu-debianhvm-amd64-shadow              fail    
 test-amd64-amd64-xl-shadow                                   pass    
 test-amd64-i386-xl-shadow                                    pass    
 test-arm64-arm64-xl-thunderx                                 pass    
 test-amd64-amd64-libvirt-vhd                                 fail    
 test-armhf-armhf-xl-vhd                                      fail    


------------------------------------------------------------
sg-report-flight on osstest.test-lab.xenproject.org
logs: /home/logs/logs
images: /home/logs/images

Logs, config files, etc. are available at
    http://logs.test-lab.xenproject.org/osstest/logs

Explanation of these reports, and of osstest in general, is at
    http://xenbits.xen.org/gitweb/?p=osstest.git;a=blob;f=README.email;hb=master
    http://xenbits.xen.org/gitweb/?p=osstest.git;a=blob;f=README;hb=master

Test harness code can be found at
    http://xenbits.xen.org/gitweb?p=osstest.git;a=summary


Not pushing.

(No revision log; it would be 53901 lines long.)

Reply via email to