flight 145664 qemu-mainline real [real]
http://logs.test-lab.xenproject.org/osstest/logs/145664/

Regressions :-(

Tests which did not succeed and are blocking,
including tests which could not be run:
 test-amd64-i386-freebsd10-i386 14 guest-saverestore      fail REGR. vs. 144861
 test-amd64-i386-freebsd10-amd64 14 guest-saverestore     fail REGR. vs. 144861
 test-amd64-i386-xl-qemuu-debianhvm-amd64 13 guest-saverestore fail REGR. vs. 
144861
 test-amd64-i386-libvirt-qemuu-debianhvm-amd64-xsm 13 guest-saverestore fail 
REGR. vs. 144861
 test-amd64-amd64-xl-qemuu-ovmf-amd64 13 guest-saverestore fail REGR. vs. 144861
 test-amd64-i386-xl-qemuu-debianhvm-amd64-shadow 13 guest-saverestore fail 
REGR. vs. 144861
 test-amd64-amd64-xl-qemuu-debianhvm-amd64 13 guest-saverestore fail REGR. vs. 
144861
 test-amd64-amd64-libvirt-qemuu-debianhvm-amd64-xsm 13 guest-saverestore fail 
REGR. vs. 144861
 test-amd64-amd64-xl-qemuu-win7-amd64 13 guest-saverestore fail REGR. vs. 144861
 test-amd64-i386-xl-qemuu-debianhvm-i386-xsm 13 guest-saverestore fail REGR. 
vs. 144861
 test-amd64-amd64-xl-qemuu-debianhvm-i386-xsm 13 guest-saverestore fail REGR. 
vs. 144861
 test-amd64-amd64-xl-qemuu-debianhvm-amd64-shadow 13 guest-saverestore fail 
REGR. vs. 144861
 test-amd64-i386-xl-qemuu-ovmf-amd64 13 guest-saverestore fail REGR. vs. 144861
 test-amd64-i386-xl-qemuu-win7-amd64 13 guest-saverestore fail REGR. vs. 144861
 test-amd64-amd64-xl-qemuu-ws16-amd64 13 guest-saverestore fail REGR. vs. 144861
 test-amd64-i386-xl-qemuu-ws16-amd64 13 guest-saverestore fail REGR. vs. 144861
 test-amd64-amd64-qemuu-nested-intel 17 debian-hvm-install/l1/l2 fail REGR. vs. 
144861
 test-armhf-armhf-xl-vhd     15 guest-start/debian.repeat fail REGR. vs. 144861

Regressions which are regarded as allowable (not blocking):
 test-armhf-armhf-xl-rtds    16 guest-start/debian.repeat fail REGR. vs. 144861

Tests which did not succeed, but are not blocking:
 test-amd64-amd64-xl-rtds     18 guest-localmigrate/x10       fail  like 144861
 test-armhf-armhf-libvirt     14 saverestore-support-check    fail  like 144861
 test-armhf-armhf-libvirt-raw 13 saverestore-support-check    fail  like 144861
 test-arm64-arm64-xl-seattle  13 migrate-support-check        fail   never pass
 test-arm64-arm64-xl-seattle  14 saverestore-support-check    fail   never pass
 test-amd64-i386-libvirt-qemuu-debianhvm-amd64-xsm 11 migrate-support-check 
fail never pass
 test-amd64-amd64-libvirt-xsm 13 migrate-support-check        fail   never pass
 test-amd64-amd64-libvirt     13 migrate-support-check        fail   never pass
 test-amd64-i386-libvirt      13 migrate-support-check        fail   never pass
 test-amd64-i386-xl-pvshim    12 guest-start                  fail   never pass
 test-amd64-i386-libvirt-xsm  13 migrate-support-check        fail   never pass
 test-amd64-amd64-libvirt-qemuu-debianhvm-amd64-xsm 11 migrate-support-check 
fail never pass
 test-amd64-amd64-qemuu-nested-amd 17 debian-hvm-install/l1/l2  fail never pass
 test-arm64-arm64-xl          13 migrate-support-check        fail   never pass
 test-arm64-arm64-xl          14 saverestore-support-check    fail   never pass
 test-arm64-arm64-xl-credit1  13 migrate-support-check        fail   never pass
 test-arm64-arm64-xl-credit1  14 saverestore-support-check    fail   never pass
 test-arm64-arm64-xl-xsm      13 migrate-support-check        fail   never pass
 test-arm64-arm64-xl-xsm      14 saverestore-support-check    fail   never pass
 test-armhf-armhf-xl-arndale  13 migrate-support-check        fail   never pass
 test-armhf-armhf-xl-arndale  14 saverestore-support-check    fail   never pass
 test-arm64-arm64-xl-thunderx 13 migrate-support-check        fail   never pass
 test-arm64-arm64-xl-thunderx 14 saverestore-support-check    fail   never pass
 test-amd64-amd64-libvirt-vhd 12 migrate-support-check        fail   never pass
 test-armhf-armhf-xl-credit2  13 migrate-support-check        fail   never pass
 test-armhf-armhf-xl-credit2  14 saverestore-support-check    fail   never pass
 test-armhf-armhf-xl-multivcpu 13 migrate-support-check        fail  never pass
 test-armhf-armhf-xl-multivcpu 14 saverestore-support-check    fail  never pass
 test-armhf-armhf-xl          13 migrate-support-check        fail   never pass
 test-armhf-armhf-xl          14 saverestore-support-check    fail   never pass
 test-armhf-armhf-libvirt     13 migrate-support-check        fail   never pass
 test-armhf-armhf-xl-rtds     13 migrate-support-check        fail   never pass
 test-armhf-armhf-xl-credit1  13 migrate-support-check        fail   never pass
 test-armhf-armhf-xl-rtds     14 saverestore-support-check    fail   never pass
 test-armhf-armhf-xl-credit1  14 saverestore-support-check    fail   never pass
 test-armhf-armhf-xl-cubietruck 13 migrate-support-check        fail never pass
 test-armhf-armhf-xl-cubietruck 14 saverestore-support-check    fail never pass
 test-arm64-arm64-xl-credit2  13 migrate-support-check        fail   never pass
 test-arm64-arm64-xl-credit2  14 saverestore-support-check    fail   never pass
 test-arm64-arm64-libvirt-xsm 13 migrate-support-check        fail   never pass
 test-arm64-arm64-libvirt-xsm 14 saverestore-support-check    fail   never pass
 test-armhf-armhf-libvirt-raw 12 migrate-support-check        fail   never pass
 test-armhf-armhf-xl-vhd      12 migrate-support-check        fail   never pass
 test-armhf-armhf-xl-vhd      13 saverestore-support-check    fail   never pass

version targeted for testing:
 qemuu                f17783e706ab9c7b3a2b69cf48e4f0ba40664f54
baseline version:
 qemuu                7697ac55fcc6178fd8fd8aa22baed13a0c8ca942

Last test of basis   144861  2019-12-16 13:06:24 Z   21 days
Failing since        144880  2019-12-16 20:07:08 Z   20 days   47 attempts
Testing same since   145664  2020-01-06 10:48:07 Z    0 days    1 attempts

------------------------------------------------------------
People who touched revisions under test:
  Alberto Garcia <[email protected]>
  Aleksandar Markovic <[email protected]>
  Alex Bennée <[email protected]>
  Alexey Kardashevskiy <[email protected]>
  Andrew Jeffery <[email protected]>
  Aurelien Jarno <[email protected]>
  Beata Michalska <[email protected]>
  Cameron Esfahani <[email protected]>
  Cathy Zhang <[email protected]>
  Christian Borntraeger <[email protected]>
  Christophe Lyon <[email protected]>
  Cleber Rosa <[email protected]>
  Cole Robinson <[email protected]>
  Corey Minyard <[email protected]>
  Cornelia Huck <[email protected]>
  Cornelia Huck <[email protected]> #s390x
  Cédric Le Goater <[email protected]>
  Cédric Le Goater <[email protected]>
  Daniel P. Berrangé <[email protected]>
  David Gibson <[email protected]>
  Dr. David Alan Gilbert <[email protected]>
  Eduardo Habkost <[email protected]>
  Eiichi Tsukata <[email protected]>
  Eric Auger <[email protected]>
  Filip Bozuta <[email protected]>
  Gerd Hoffmann <[email protected]>
  Greg Kurz <[email protected]>
  Guoyi Tu <[email protected]>
  Halil Pasic <[email protected]>
  Han Han <[email protected]>
  Heyi Guo <[email protected]>
  Jae Hyun Yoo <[email protected]>
  Janosch Frank <[email protected]>
  Joel Stanley <[email protected]>
  Juan Quintela <[email protected]>
  Kevin Wolf <[email protected]>
  Laurent Vivier <[email protected]>
  Laurent Vivier <[email protected]>
  Li Hangjing <[email protected]>
  Marc Zyngier <[email protected]>
  Marc-André Lureau <[email protected]>
  Markus Armbruster <[email protected]>
  Max Reitz <[email protected]>
  Niek Linnenbank <[email protected]>
  PanNengyuan <[email protected]>
  Paolo Bonzini <[email protected]>
  Paul Durrant <[email protected]>
  Peter Maydell <[email protected]>
  Philippe Mathieu-Daudé <[email protected]>
  Philippe Mathieu-Daudé <[email protected]>
  Richard Henderson <[email protected]>
  Robert Foley <[email protected]>
  Samuel Thibault <[email protected]>
  Simon Veith <[email protected]>
  Stefan Hajnoczi <[email protected]>
  Stefan Weil <[email protected]>
  Sunil Muthuswamy <[email protected]>
  Suraj Jitindar Singh <[email protected]>
  Thomas Huth <[email protected]>
  Tuguoyi <[email protected]>
  Vladimir Sementsov-Ogievskiy <[email protected]>
  Wainer dos Santos Moschetta <[email protected]>
  Wei Yang <[email protected]>
  Willian Rampazzo <[email protected]>
  Yury Kotov <[email protected]>

jobs:
 build-amd64-xsm                                              pass    
 build-arm64-xsm                                              pass    
 build-i386-xsm                                               pass    
 build-amd64                                                  pass    
 build-arm64                                                  pass    
 build-armhf                                                  pass    
 build-i386                                                   pass    
 build-amd64-libvirt                                          pass    
 build-arm64-libvirt                                          pass    
 build-armhf-libvirt                                          pass    
 build-i386-libvirt                                           pass    
 build-amd64-pvops                                            pass    
 build-arm64-pvops                                            pass    
 build-armhf-pvops                                            pass    
 build-i386-pvops                                             pass    
 test-amd64-amd64-xl                                          pass    
 test-arm64-arm64-xl                                          pass    
 test-armhf-armhf-xl                                          pass    
 test-amd64-i386-xl                                           pass    
 test-amd64-amd64-libvirt-qemuu-debianhvm-amd64-xsm           fail    
 test-amd64-i386-libvirt-qemuu-debianhvm-amd64-xsm            fail    
 test-amd64-amd64-xl-qemuu-debianhvm-i386-xsm                 fail    
 test-amd64-i386-xl-qemuu-debianhvm-i386-xsm                  fail    
 test-amd64-amd64-libvirt-xsm                                 pass    
 test-arm64-arm64-libvirt-xsm                                 pass    
 test-amd64-i386-libvirt-xsm                                  pass    
 test-amd64-amd64-xl-xsm                                      pass    
 test-arm64-arm64-xl-xsm                                      pass    
 test-amd64-i386-xl-xsm                                       pass    
 test-amd64-amd64-qemuu-nested-amd                            fail    
 test-amd64-amd64-xl-pvhv2-amd                                pass    
 test-amd64-i386-qemuu-rhel6hvm-amd                           pass    
 test-amd64-amd64-xl-qemuu-debianhvm-amd64                    fail    
 test-amd64-i386-xl-qemuu-debianhvm-amd64                     fail    
 test-amd64-i386-freebsd10-amd64                              fail    
 test-amd64-amd64-xl-qemuu-ovmf-amd64                         fail    
 test-amd64-i386-xl-qemuu-ovmf-amd64                          fail    
 test-amd64-amd64-xl-qemuu-win7-amd64                         fail    
 test-amd64-i386-xl-qemuu-win7-amd64                          fail    
 test-amd64-amd64-xl-qemuu-ws16-amd64                         fail    
 test-amd64-i386-xl-qemuu-ws16-amd64                          fail    
 test-armhf-armhf-xl-arndale                                  pass    
 test-amd64-amd64-xl-credit1                                  pass    
 test-arm64-arm64-xl-credit1                                  pass    
 test-armhf-armhf-xl-credit1                                  pass    
 test-amd64-amd64-xl-credit2                                  pass    
 test-arm64-arm64-xl-credit2                                  pass    
 test-armhf-armhf-xl-credit2                                  pass    
 test-armhf-armhf-xl-cubietruck                               pass    
 test-amd64-amd64-xl-qemuu-dmrestrict-amd64-dmrestrict        pass    
 test-amd64-i386-xl-qemuu-dmrestrict-amd64-dmrestrict         pass    
 test-amd64-i386-freebsd10-i386                               fail    
 test-amd64-amd64-qemuu-nested-intel                          fail    
 test-amd64-amd64-xl-pvhv2-intel                              pass    
 test-amd64-i386-qemuu-rhel6hvm-intel                         pass    
 test-amd64-amd64-libvirt                                     pass    
 test-armhf-armhf-libvirt                                     pass    
 test-amd64-i386-libvirt                                      pass    
 test-amd64-amd64-xl-multivcpu                                pass    
 test-armhf-armhf-xl-multivcpu                                pass    
 test-amd64-amd64-pair                                        pass    
 test-amd64-i386-pair                                         pass    
 test-amd64-amd64-libvirt-pair                                pass    
 test-amd64-i386-libvirt-pair                                 pass    
 test-amd64-amd64-amd64-pvgrub                                pass    
 test-amd64-amd64-i386-pvgrub                                 pass    
 test-amd64-amd64-xl-pvshim                                   pass    
 test-amd64-i386-xl-pvshim                                    fail    
 test-amd64-amd64-pygrub                                      pass    
 test-amd64-amd64-xl-qcow2                                    pass    
 test-armhf-armhf-libvirt-raw                                 pass    
 test-amd64-i386-xl-raw                                       pass    
 test-amd64-amd64-xl-rtds                                     fail    
 test-armhf-armhf-xl-rtds                                     fail    
 test-arm64-arm64-xl-seattle                                  pass    
 test-amd64-amd64-xl-qemuu-debianhvm-amd64-shadow             fail    
 test-amd64-i386-xl-qemuu-debianhvm-amd64-shadow              fail    
 test-amd64-amd64-xl-shadow                                   pass    
 test-amd64-i386-xl-shadow                                    pass    
 test-arm64-arm64-xl-thunderx                                 pass    
 test-amd64-amd64-libvirt-vhd                                 pass    
 test-armhf-armhf-xl-vhd                                      fail    


------------------------------------------------------------
sg-report-flight on osstest.test-lab.xenproject.org
logs: /home/logs/logs
images: /home/logs/images

Logs, config files, etc. are available at
    http://logs.test-lab.xenproject.org/osstest/logs

Explanation of these reports, and of osstest in general, is at
    http://xenbits.xen.org/gitweb/?p=osstest.git;a=blob;f=README.email;hb=master
    http://xenbits.xen.org/gitweb/?p=osstest.git;a=blob;f=README;hb=master

Test harness code can be found at
    http://xenbits.xen.org/gitweb?p=osstest.git;a=summary


Not pushing.

(No revision log; it would be 6841 lines long.)

_______________________________________________
Xen-devel mailing list
[email protected]
https://lists.xenproject.org/mailman/listinfo/xen-devel

Reply via email to