flight 144005 qemu-mainline real [real]
http://logs.test-lab.xenproject.org/osstest/logs/144005/

Regressions :-(

Tests which did not succeed and are blocking,
including tests which could not be run:
 test-amd64-amd64-xl-qcow2   19 guest-start/debian.repeat fail REGR. vs. 142915
 test-amd64-amd64-libvirt-vhd 17 guest-start/debian.repeat fail REGR. vs. 142915
 test-amd64-i386-xl-raw      19 guest-start/debian.repeat fail REGR. vs. 142915
 test-armhf-armhf-libvirt-raw 15 guest-start/debian.repeat fail REGR. vs. 142915
 test-armhf-armhf-xl-vhd     15 guest-start/debian.repeat fail REGR. vs. 142915
 test-amd64-amd64-xl-pvshim 20 guest-start/debian.repeat fail in 143993 REGR. 
vs. 142915

Tests which are failing intermittently (not blocking):
 test-amd64-amd64-xl-rtds    15 guest-saverestore fail in 143993 pass in 144005
 test-armhf-armhf-libvirt     19 leak-check/check fail in 143993 pass in 144005
 test-amd64-amd64-xl-rtds     16 guest-localmigrate         fail pass in 143977
 test-amd64-amd64-xl-pvshim   12 guest-start                fail pass in 143993

Tests which did not succeed, but are not blocking:
 test-amd64-amd64-xl-rtds  18 guest-localmigrate/x10 fail in 143977 like 142915
 test-armhf-armhf-xl-rtds 16 guest-start/debian.repeat fail in 143993 blocked 
in 142915
 test-amd64-amd64-xl-qemuu-win7-amd64 17 guest-stop            fail like 142915
 test-armhf-armhf-libvirt     14 saverestore-support-check    fail  like 142915
 test-amd64-i386-xl-qemuu-win7-amd64 17 guest-stop             fail like 142915
 test-amd64-amd64-xl-qemuu-ws16-amd64 17 guest-stop            fail like 142915
 test-armhf-armhf-libvirt-raw 13 saverestore-support-check    fail  like 142915
 test-amd64-i386-xl-pvshim    12 guest-start                  fail   never pass
 test-arm64-arm64-xl-seattle  13 migrate-support-check        fail   never pass
 test-arm64-arm64-xl-seattle  14 saverestore-support-check    fail   never pass
 test-amd64-amd64-libvirt     13 migrate-support-check        fail   never pass
 test-amd64-amd64-libvirt-xsm 13 migrate-support-check        fail   never pass
 test-amd64-i386-libvirt      13 migrate-support-check        fail   never pass
 test-amd64-i386-libvirt-xsm  13 migrate-support-check        fail   never pass
 test-amd64-amd64-libvirt-vhd 12 migrate-support-check        fail   never pass
 test-amd64-amd64-libvirt-qemuu-debianhvm-amd64-xsm 11 migrate-support-check 
fail never pass
 test-amd64-i386-libvirt-qemuu-debianhvm-amd64-xsm 11 migrate-support-check 
fail never pass
 test-arm64-arm64-xl-xsm      13 migrate-support-check        fail   never pass
 test-arm64-arm64-xl-xsm      14 saverestore-support-check    fail   never pass
 test-amd64-amd64-qemuu-nested-amd 17 debian-hvm-install/l1/l2  fail never pass
 test-arm64-arm64-xl          13 migrate-support-check        fail   never pass
 test-arm64-arm64-xl          14 saverestore-support-check    fail   never pass
 test-arm64-arm64-libvirt-xsm 13 migrate-support-check        fail   never pass
 test-arm64-arm64-xl-thunderx 13 migrate-support-check        fail   never pass
 test-arm64-arm64-libvirt-xsm 14 saverestore-support-check    fail   never pass
 test-arm64-arm64-xl-thunderx 14 saverestore-support-check    fail   never pass
 test-arm64-arm64-xl-credit2  13 migrate-support-check        fail   never pass
 test-arm64-arm64-xl-credit2  14 saverestore-support-check    fail   never pass
 test-armhf-armhf-xl-arndale  13 migrate-support-check        fail   never pass
 test-armhf-armhf-xl-arndale  14 saverestore-support-check    fail   never pass
 test-armhf-armhf-xl-credit2  13 migrate-support-check        fail   never pass
 test-armhf-armhf-xl-credit2  14 saverestore-support-check    fail   never pass
 test-armhf-armhf-xl-multivcpu 13 migrate-support-check        fail  never pass
 test-armhf-armhf-xl-multivcpu 14 saverestore-support-check    fail  never pass
 test-armhf-armhf-libvirt     13 migrate-support-check        fail   never pass
 test-armhf-armhf-xl-rtds     13 migrate-support-check        fail   never pass
 test-armhf-armhf-xl-rtds     14 saverestore-support-check    fail   never pass
 test-armhf-armhf-xl-cubietruck 13 migrate-support-check        fail never pass
 test-armhf-armhf-xl-cubietruck 14 saverestore-support-check    fail never pass
 test-arm64-arm64-xl-credit1  13 migrate-support-check        fail   never pass
 test-arm64-arm64-xl-credit1  14 saverestore-support-check    fail   never pass
 test-armhf-armhf-libvirt-raw 12 migrate-support-check        fail   never pass
 test-armhf-armhf-xl          13 migrate-support-check        fail   never pass
 test-armhf-armhf-xl          14 saverestore-support-check    fail   never pass
 test-armhf-armhf-xl-vhd      12 migrate-support-check        fail   never pass
 test-armhf-armhf-xl-vhd      13 saverestore-support-check    fail   never pass
 test-armhf-armhf-xl-credit1  13 migrate-support-check        fail   never pass
 test-armhf-armhf-xl-credit1  14 saverestore-support-check    fail   never pass
 test-amd64-i386-xl-qemuu-ws16-amd64 17 guest-stop              fail never pass
 test-amd64-amd64-xl-qemuu-win10-i386 10 windows-install        fail never pass
 test-amd64-i386-xl-qemuu-win10-i386 10 windows-install         fail never pass

version targeted for testing:
 qemuu                1cee80fa665d37411f8ad8a930b84840bbab62e5
baseline version:
 qemuu                e9d42461920f6f40f4d847a5ba18e90d095ed0b9

Last test of basis   142915  2019-10-19 14:49:41 Z   23 days
Failing since        143030  2019-10-22 11:08:39 Z   20 days   18 attempts
Testing same since   143950  2019-11-09 10:15:26 Z    2 days    4 attempts

------------------------------------------------------------
People who touched revisions under test:
  Aleksandar Markovic <[email protected]>
  Alex Bennée <[email protected]>
  Alex Williamson <[email protected]>
  Alexander Shopov <[email protected]>
  Alexey Kardashevskiy <[email protected]>
  Alistair Francis <[email protected]>
  Andreas Schwab <[email protected]>
  Andrew Jones <[email protected]>
  Andrey Smirnov <[email protected]>
  Artyom Tarasenko <[email protected]>
  Basil Salman <[email protected]>
  Bin Meng <[email protected]>
  Bishara AbuHattoum <[email protected]>
  Christophe Lyon <[email protected]>
  Cleber Rosa <[email protected]>
  Clement Deschamps <[email protected]>
  Cornelia Huck <[email protected]>
  Cédric Le Goater <[email protected]>
  Daniel P. Berrangé <[email protected]>
  David Gibson <[email protected]>
  David Hildenbrand <[email protected]>
  Dayeol Lee <[email protected]>
  Dietmar Maurer <[email protected]>
  Dr. David Alan Gilbert <[email protected]>
  Edgar E. Iglesias <[email protected]>
  Eduardo Habkost <[email protected]>
  Emanuele Giuseppe Esposito <[email protected]>
  Emilio G. Cota <[email protected]>
  Eric Blake <[email protected]>
  Eugenio Pérez <[email protected]>
  Fan Yang <[email protected]>
  Filip Bozuta <[email protected]>
  Frediano Ziglio <[email protected]>
  Gerd Hoffmann <[email protected]>
  Giuseppe Musacchio <[email protected]>
  Greg Kurz <[email protected]>
  Guenter Roeck <[email protected]>
  Guido Günther <[email protected]>
  Guoyi Tu <[email protected]>
  Han Han <[email protected]>
  Hervé Poussineau <[email protected]>
  Igor Mammedov <[email protected]>
  Jason Wang <[email protected]>
  Jens Freimann <[email protected]>
  Jingqi Liu <[email protected]>
  John Snow <[email protected]>
  Jonathan Behrens <[email protected]>
  Josh Kunz <[email protected]>
  Julia Suvorova <[email protected]>
  Kevin Wolf <[email protected]>
  Klaus Jensen <[email protected]>
  Klaus Jensen <[email protected]>
  Laurent Desnogues <[email protected]>
  Laurent Vivier <[email protected]>
  Laurent Vivier <[email protected]>
  Lluís Vilanova <[email protected]>
  Mao Zhongyi <[email protected]>
  Marcel Apfelbaum <[email protected]>
  Marcelo Tosatti <[email protected]>
  Mario Smarduch <[email protected]>
  Mark Cave-Ayland <[email protected]>
  Markus Armbruster <[email protected]>
  Masayoshi Mizuma <[email protected]>
  Matus Kysel <[email protected]>
  Max Filippov <[email protected]>
  Max Reitz <[email protected]>
  Maxim Levitsky <[email protected]>
  Michael Roth <[email protected]>
  Michael S. Tsirkin <[email protected]>
  Michael Weiser <[email protected]>
  Mikhail Sennikovsky <[email protected]>
  Palmer Dabbelt <[email protected]>
  Palmer Dabbelt <[email protected]>
  Paolo Bonzini <[email protected]>
  Paul A. Clarke  <[email protected]>
  Paul Durrant <[email protected]>
  Pavel Dovgalyuk <[email protected]>
  Pavel Dovgalyuk <[email protected]>
  Peter Krempa <[email protected]>
  Peter Maydell <[email protected]>
  Philippe Mathieu-Daudé <[email protected]>
  Philippe Mathieu-Daudé <[email protected]>
  Richard Henderson <[email protected]>
  Sam Eiderman <[email protected]>
  Sam Eiderman <[email protected]>
  Sergio Lopez <[email protected]>
  Shu-Chun Weng <[email protected]>
  Stefan Brankovic <[email protected]>
  Stefan Hajnoczi <[email protected]>
  Stefan Weil <[email protected]>
  Stefano Garzarella <[email protected]>
  Sven Schnelle <[email protected]>
  Tao Xu <[email protected]>
  Thomas Huth <[email protected]>
  Thomas Huth <[email protected]>
  Tuguoyi <[email protected]>
  Vitaly Kuznetsov <[email protected]>
  Vladimir Sementsov-Ogievskiy <[email protected]>
  Wei Xu <[email protected]>
  Wei Yang <[email protected]>
  Yuval Shaia <[email protected]>

jobs:
 build-amd64-xsm                                              pass    
 build-arm64-xsm                                              pass    
 build-i386-xsm                                               pass    
 build-amd64                                                  pass    
 build-arm64                                                  pass    
 build-armhf                                                  pass    
 build-i386                                                   pass    
 build-amd64-libvirt                                          pass    
 build-arm64-libvirt                                          pass    
 build-armhf-libvirt                                          pass    
 build-i386-libvirt                                           pass    
 build-amd64-pvops                                            pass    
 build-arm64-pvops                                            pass    
 build-armhf-pvops                                            pass    
 build-i386-pvops                                             pass    
 test-amd64-amd64-xl                                          pass    
 test-arm64-arm64-xl                                          pass    
 test-armhf-armhf-xl                                          pass    
 test-amd64-i386-xl                                           pass    
 test-amd64-amd64-libvirt-qemuu-debianhvm-amd64-xsm           pass    
 test-amd64-i386-libvirt-qemuu-debianhvm-amd64-xsm            pass    
 test-amd64-amd64-xl-qemuu-debianhvm-i386-xsm                 pass    
 test-amd64-i386-xl-qemuu-debianhvm-i386-xsm                  pass    
 test-amd64-amd64-libvirt-xsm                                 pass    
 test-arm64-arm64-libvirt-xsm                                 pass    
 test-amd64-i386-libvirt-xsm                                  pass    
 test-amd64-amd64-xl-xsm                                      pass    
 test-arm64-arm64-xl-xsm                                      pass    
 test-amd64-i386-xl-xsm                                       pass    
 test-amd64-amd64-qemuu-nested-amd                            fail    
 test-amd64-amd64-xl-pvhv2-amd                                pass    
 test-amd64-i386-qemuu-rhel6hvm-amd                           pass    
 test-amd64-amd64-xl-qemuu-debianhvm-amd64                    pass    
 test-amd64-i386-xl-qemuu-debianhvm-amd64                     pass    
 test-amd64-i386-freebsd10-amd64                              pass    
 test-amd64-amd64-xl-qemuu-ovmf-amd64                         pass    
 test-amd64-i386-xl-qemuu-ovmf-amd64                          pass    
 test-amd64-amd64-xl-qemuu-win7-amd64                         fail    
 test-amd64-i386-xl-qemuu-win7-amd64                          fail    
 test-amd64-amd64-xl-qemuu-ws16-amd64                         fail    
 test-amd64-i386-xl-qemuu-ws16-amd64                          fail    
 test-armhf-armhf-xl-arndale                                  pass    
 test-amd64-amd64-xl-credit1                                  pass    
 test-arm64-arm64-xl-credit1                                  pass    
 test-armhf-armhf-xl-credit1                                  pass    
 test-amd64-amd64-xl-credit2                                  pass    
 test-arm64-arm64-xl-credit2                                  pass    
 test-armhf-armhf-xl-credit2                                  pass    
 test-armhf-armhf-xl-cubietruck                               pass    
 test-amd64-amd64-xl-qemuu-dmrestrict-amd64-dmrestrict        pass    
 test-amd64-i386-xl-qemuu-dmrestrict-amd64-dmrestrict         pass    
 test-amd64-i386-freebsd10-i386                               pass    
 test-amd64-amd64-xl-qemuu-win10-i386                         fail    
 test-amd64-i386-xl-qemuu-win10-i386                          fail    
 test-amd64-amd64-qemuu-nested-intel                          pass    
 test-amd64-amd64-xl-pvhv2-intel                              pass    
 test-amd64-i386-qemuu-rhel6hvm-intel                         pass    
 test-amd64-amd64-libvirt                                     pass    
 test-armhf-armhf-libvirt                                     pass    
 test-amd64-i386-libvirt                                      pass    
 test-amd64-amd64-xl-multivcpu                                pass    
 test-armhf-armhf-xl-multivcpu                                pass    
 test-amd64-amd64-pair                                        pass    
 test-amd64-i386-pair                                         pass    
 test-amd64-amd64-libvirt-pair                                pass    
 test-amd64-i386-libvirt-pair                                 pass    
 test-amd64-amd64-amd64-pvgrub                                pass    
 test-amd64-amd64-i386-pvgrub                                 pass    
 test-amd64-amd64-xl-pvshim                                   fail    
 test-amd64-i386-xl-pvshim                                    fail    
 test-amd64-amd64-pygrub                                      pass    
 test-amd64-amd64-xl-qcow2                                    fail    
 test-armhf-armhf-libvirt-raw                                 fail    
 test-amd64-i386-xl-raw                                       fail    
 test-amd64-amd64-xl-rtds                                     fail    
 test-armhf-armhf-xl-rtds                                     pass    
 test-arm64-arm64-xl-seattle                                  pass    
 test-amd64-amd64-xl-qemuu-debianhvm-amd64-shadow             pass    
 test-amd64-i386-xl-qemuu-debianhvm-amd64-shadow              pass    
 test-amd64-amd64-xl-shadow                                   pass    
 test-amd64-i386-xl-shadow                                    pass    
 test-arm64-arm64-xl-thunderx                                 pass    
 test-amd64-amd64-libvirt-vhd                                 fail    
 test-armhf-armhf-xl-vhd                                      fail    


------------------------------------------------------------
sg-report-flight on osstest.test-lab.xenproject.org
logs: /home/logs/logs
images: /home/logs/images

Logs, config files, etc. are available at
    http://logs.test-lab.xenproject.org/osstest/logs

Explanation of these reports, and of osstest in general, is at
    http://xenbits.xen.org/gitweb/?p=osstest.git;a=blob;f=README.email;hb=master
    http://xenbits.xen.org/gitweb/?p=osstest.git;a=blob;f=README;hb=master

Test harness code can be found at
    http://xenbits.xen.org/gitweb?p=osstest.git;a=summary


Not pushing.

(No revision log; it would be 11804 lines long.)

_______________________________________________
Xen-devel mailing list
[email protected]
https://lists.xenproject.org/mailman/listinfo/xen-devel

Reply via email to