flight 142990 libvirt real [real] http://logs.test-lab.xenproject.org/osstest/logs/142990/
Regressions :-( Tests which did not succeed and are blocking, including tests which could not be run: build-arm64 <job status> broken build-arm64 4 host-install(4) broken REGR. vs. 142840 build-amd64-libvirt 6 libvirt-build fail REGR. vs. 142840 build-i386-libvirt 6 libvirt-build fail REGR. vs. 142840 build-armhf-libvirt 6 libvirt-build fail REGR. vs. 142840 Tests which did not succeed, but are not blocking: test-armhf-armhf-libvirt-raw 1 build-check(1) blocked n/a test-amd64-i386-libvirt-qemuu-debianhvm-amd64-xsm 1 build-check(1) blocked n/a test-amd64-i386-libvirt-pair 1 build-check(1) blocked n/a test-amd64-amd64-libvirt-xsm 1 build-check(1) blocked n/a build-arm64-libvirt 1 build-check(1) blocked n/a test-arm64-arm64-libvirt-xsm 1 build-check(1) blocked n/a test-amd64-amd64-libvirt-vhd 1 build-check(1) blocked n/a test-amd64-amd64-libvirt-qemuu-debianhvm-amd64-xsm 1 build-check(1) blocked n/a test-amd64-i386-libvirt 1 build-check(1) blocked n/a test-arm64-arm64-libvirt 1 build-check(1) blocked n/a test-amd64-amd64-libvirt 1 build-check(1) blocked n/a test-arm64-arm64-libvirt-qcow2 1 build-check(1) blocked n/a test-amd64-amd64-libvirt-pair 1 build-check(1) blocked n/a test-amd64-i386-libvirt-xsm 1 build-check(1) blocked n/a test-armhf-armhf-libvirt 1 build-check(1) blocked n/a version targeted for testing: libvirt f31bdc7ced695becdd6a090b23ab3e4f57b3a323 baseline version: libvirt b83884d1a0f422e8147a7d1a39ccec0e0cca3285 Last test of basis 142840 2019-10-17 15:43:16 Z 3 days Failing since 142862 2019-10-18 07:07:12 Z 3 days 4 attempts Testing same since 142990 2019-10-21 04:19:44 Z 0 days 1 attempts ------------------------------------------------------------ People who touched revisions under test: Cole Robinson <[email protected]> Daniel Henrique Barboza <[email protected]> Daniel P. Berrangé <[email protected]> Julio Faracco <[email protected]> Ján Tomko <[email protected]> Malina Salina <[email protected]> Michal Privoznik <[email protected]> Peter Krempa <[email protected]> jobs: build-amd64-xsm pass build-arm64-xsm pass build-i386-xsm pass build-amd64 pass build-arm64 broken build-armhf pass build-i386 pass build-amd64-libvirt fail build-arm64-libvirt blocked build-armhf-libvirt fail build-i386-libvirt fail build-amd64-pvops pass build-arm64-pvops pass build-armhf-pvops pass build-i386-pvops pass test-amd64-amd64-libvirt-qemuu-debianhvm-amd64-xsm blocked test-amd64-i386-libvirt-qemuu-debianhvm-amd64-xsm blocked test-amd64-amd64-libvirt-xsm blocked test-arm64-arm64-libvirt-xsm blocked test-amd64-i386-libvirt-xsm blocked test-amd64-amd64-libvirt blocked test-arm64-arm64-libvirt blocked test-armhf-armhf-libvirt blocked test-amd64-i386-libvirt blocked test-amd64-amd64-libvirt-pair blocked test-amd64-i386-libvirt-pair blocked test-arm64-arm64-libvirt-qcow2 blocked test-armhf-armhf-libvirt-raw blocked test-amd64-amd64-libvirt-vhd blocked ------------------------------------------------------------ sg-report-flight on osstest.test-lab.xenproject.org logs: /home/logs/logs images: /home/logs/images Logs, config files, etc. are available at http://logs.test-lab.xenproject.org/osstest/logs Explanation of these reports, and of osstest in general, is at http://xenbits.xen.org/gitweb/?p=osstest.git;a=blob;f=README.email;hb=master http://xenbits.xen.org/gitweb/?p=osstest.git;a=blob;f=README;hb=master Test harness code can be found at http://xenbits.xen.org/gitweb?p=osstest.git;a=summary broken-job build-arm64 broken broken-step build-arm64 host-install(4) Not pushing. (No revision log; it would be 355 lines long.) _______________________________________________ Xen-devel mailing list [email protected] https://lists.xenproject.org/mailman/listinfo/xen-devel
