flight 142739 freebsd-master real [real] http://logs.test-lab.xenproject.org/osstest/logs/142739/
Regressions :-( Tests which did not succeed and are blocking, including tests which could not be run: build-amd64-freebsd 7 freebsd-build fail REGR. vs. 141501 Tests which did not succeed, but are not blocking: build-amd64-freebsd-again 1 build-check(1) blocked n/a build-amd64-xen-freebsd 1 build-check(1) blocked n/a version targeted for testing: freebsd 45f4571813a9798c70a71bc55050d95e746fdb5a baseline version: freebsd 14aef6dfca96006e52b8fb920bde7c612ba58b79 Last test of basis 141501 2019-09-20 09:19:51 Z 24 days Failing since 141701 2019-09-23 09:19:41 Z 21 days 9 attempts Testing same since 142739 2019-10-14 09:23:41 Z 0 days 1 attempts ------------------------------------------------------------ People who touched revisions under test: 0mp <[email protected]> alc <[email protected]> Alek Pinchuk <[email protected]> allanjude <[email protected]> ambrisko <[email protected]> andrew <[email protected]> asomers <[email protected]> avg <[email protected]> bapt <[email protected]> bdragon <[email protected]> br <[email protected]> brooks <[email protected]> cem <[email protected]> cognet <[email protected]> cperciva <[email protected]> cy <[email protected]> dab <[email protected]> daichi <[email protected]> dchagin <[email protected]> dim <[email protected]> dougm <[email protected]> emaste <[email protected]> erj <[email protected]> gallatin <[email protected]> gjb <[email protected]> glebius <[email protected]> gonzo <[email protected]> grembo <[email protected]> hrs <[email protected]> hselasky <[email protected]> ian <[email protected]> imp <[email protected]> jhb <[email protected]> jhibbits <[email protected]> jilles <[email protected]> jkim <[email protected]> jlh <[email protected]> jmg <[email protected]> jtl <[email protected]> kaktus <[email protected]> kan <[email protected]> karels <[email protected]> kevans <[email protected]> kib <[email protected]> kp <[email protected]> lstewart <[email protected]> lwhsu <[email protected]> manu <[email protected]> markj <[email protected]> mav <[email protected]> mckusick <[email protected]> mhorne <[email protected]> mjg <[email protected]> mm <[email protected]> mmacy <[email protected]> olivier <[email protected]> oshogbo <[email protected]> philip <[email protected]> Piotr Pietruszewski <[email protected]> ray <[email protected]> rmacklem <[email protected]> royger <[email protected]> rrs <[email protected]> rstone <[email protected]> samm <[email protected]> schweikh <[email protected]> scottl <[email protected]> sef <[email protected]> sjg <[email protected]> tijl <[email protected]> Tom Caputi <[email protected]> trasz <[email protected]> tsoome <[email protected]> tuexen <[email protected]> vangyzen <[email protected]> vmaffione <[email protected]> yuripv <[email protected]> jobs: build-amd64-freebsd-again blocked build-amd64-freebsd fail build-amd64-xen-freebsd blocked ------------------------------------------------------------ sg-report-flight on osstest.test-lab.xenproject.org logs: /home/logs/logs images: /home/logs/images Logs, config files, etc. are available at http://logs.test-lab.xenproject.org/osstest/logs Explanation of these reports, and of osstest in general, is at http://xenbits.xen.org/gitweb/?p=osstest.git;a=blob;f=README.email;hb=master http://xenbits.xen.org/gitweb/?p=osstest.git;a=blob;f=README;hb=master Test harness code can be found at http://xenbits.xen.org/gitweb?p=osstest.git;a=summary Not pushing. (No revision log; it would be 8505 lines long.) _______________________________________________ Xen-devel mailing list [email protected] https://lists.xenproject.org/mailman/listinfo/xen-devel
