flight 142548 qemu-mainline real [real]
http://logs.test-lab.xenproject.org/osstest/logs/142548/

Regressions :-(

Tests which did not succeed and are blocking,
including tests which could not be run:
 test-amd64-amd64-xl-qemuu-ovmf-amd64 10 debian-hvm-install fail REGR. vs. 
140282
 test-amd64-amd64-xl-qemuu-dmrestrict-amd64-dmrestrict 10 debian-hvm-install 
fail REGR. vs. 140282
 test-amd64-i386-xl-qemuu-debianhvm-amd64 10 debian-hvm-install fail REGR. vs. 
140282
 test-amd64-amd64-xl-qemuu-debianhvm-amd64-shadow 10 debian-hvm-install fail 
REGR. vs. 140282
 test-amd64-amd64-xl-qemuu-win7-amd64 10 windows-install  fail REGR. vs. 140282
 test-amd64-amd64-libvirt-qemuu-debianhvm-amd64-xsm 10 debian-hvm-install fail 
REGR. vs. 140282
 test-amd64-amd64-qemuu-nested-intel 10 debian-hvm-install fail REGR. vs. 140282
 test-amd64-amd64-xl-qemuu-debianhvm-amd64 10 debian-hvm-install fail REGR. vs. 
140282
 test-amd64-amd64-qemuu-nested-amd 10 debian-hvm-install  fail REGR. vs. 140282
 test-amd64-i386-qemuu-rhel6hvm-intel 10 redhat-install   fail REGR. vs. 140282
 test-amd64-amd64-xl-qemuu-ws16-amd64 10 windows-install  fail REGR. vs. 140282
 test-amd64-amd64-xl-qemuu-debianhvm-i386-xsm 10 debian-hvm-install fail REGR. 
vs. 140282
 test-amd64-i386-xl-qemuu-debianhvm-amd64-shadow 10 debian-hvm-install fail 
REGR. vs. 140282
 test-amd64-i386-qemuu-rhel6hvm-amd 10 redhat-install     fail REGR. vs. 140282
 test-amd64-i386-xl-qemuu-dmrestrict-amd64-dmrestrict 10 debian-hvm-install 
fail REGR. vs. 140282
 test-amd64-i386-freebsd10-amd64 11 guest-start           fail REGR. vs. 140282
 test-amd64-i386-xl-qemuu-ws16-amd64 10 windows-install   fail REGR. vs. 140282
 test-amd64-i386-freebsd10-i386 11 guest-start            fail REGR. vs. 140282
 test-amd64-i386-xl-qemuu-win7-amd64 10 windows-install   fail REGR. vs. 140282
 test-amd64-i386-xl-qemuu-debianhvm-i386-xsm 10 debian-hvm-install fail REGR. 
vs. 140282
 test-amd64-i386-libvirt-qemuu-debianhvm-amd64-xsm 10 debian-hvm-install fail 
REGR. vs. 140282
 test-amd64-i386-xl-qemuu-ovmf-amd64 10 debian-hvm-install fail REGR. vs. 140282

Tests which did not succeed, but are not blocking:
 test-armhf-armhf-libvirt     14 saverestore-support-check    fail  like 140282
 test-armhf-armhf-libvirt-raw 13 saverestore-support-check    fail  like 140282
 test-amd64-amd64-xl-qemuu-win10-i386 10 windows-install        fail never pass
 test-amd64-i386-xl-qemuu-win10-i386 10 windows-install         fail never pass
 test-amd64-i386-xl-pvshim    12 guest-start                  fail   never pass
 test-amd64-amd64-libvirt     13 migrate-support-check        fail   never pass
 test-amd64-i386-libvirt      13 migrate-support-check        fail   never pass
 test-amd64-i386-libvirt-xsm  13 migrate-support-check        fail   never pass
 test-arm64-arm64-xl-seattle  13 migrate-support-check        fail   never pass
 test-arm64-arm64-xl-seattle  14 saverestore-support-check    fail   never pass
 test-amd64-amd64-libvirt-xsm 13 migrate-support-check        fail   never pass
 test-arm64-arm64-xl          13 migrate-support-check        fail   never pass
 test-arm64-arm64-xl          14 saverestore-support-check    fail   never pass
 test-arm64-arm64-xl-credit2  13 migrate-support-check        fail   never pass
 test-arm64-arm64-xl-credit2  14 saverestore-support-check    fail   never pass
 test-arm64-arm64-libvirt-xsm 13 migrate-support-check        fail   never pass
 test-arm64-arm64-libvirt-xsm 14 saverestore-support-check    fail   never pass
 test-arm64-arm64-xl-thunderx 13 migrate-support-check        fail   never pass
 test-arm64-arm64-xl-thunderx 14 saverestore-support-check    fail   never pass
 test-arm64-arm64-xl-xsm      13 migrate-support-check        fail   never pass
 test-arm64-arm64-xl-xsm      14 saverestore-support-check    fail   never pass
 test-arm64-arm64-xl-credit1  13 migrate-support-check        fail   never pass
 test-arm64-arm64-xl-credit1  14 saverestore-support-check    fail   never pass
 test-armhf-armhf-xl-arndale  13 migrate-support-check        fail   never pass
 test-armhf-armhf-xl-arndale  14 saverestore-support-check    fail   never pass
 test-amd64-amd64-libvirt-vhd 12 migrate-support-check        fail   never pass
 test-armhf-armhf-xl-cubietruck 13 migrate-support-check        fail never pass
 test-armhf-armhf-xl-cubietruck 14 saverestore-support-check    fail never pass
 test-armhf-armhf-xl-rtds     13 migrate-support-check        fail   never pass
 test-armhf-armhf-xl          13 migrate-support-check        fail   never pass
 test-armhf-armhf-xl-rtds     14 saverestore-support-check    fail   never pass
 test-armhf-armhf-xl          14 saverestore-support-check    fail   never pass
 test-armhf-armhf-xl-credit2  13 migrate-support-check        fail   never pass
 test-armhf-armhf-xl-credit2  14 saverestore-support-check    fail   never pass
 test-armhf-armhf-xl-multivcpu 13 migrate-support-check        fail  never pass
 test-armhf-armhf-xl-multivcpu 14 saverestore-support-check    fail  never pass
 test-armhf-armhf-xl-credit1  13 migrate-support-check        fail   never pass
 test-armhf-armhf-xl-credit1  14 saverestore-support-check    fail   never pass
 test-armhf-armhf-libvirt     13 migrate-support-check        fail   never pass
 test-armhf-armhf-libvirt-raw 12 migrate-support-check        fail   never pass
 test-armhf-armhf-xl-vhd      12 migrate-support-check        fail   never pass
 test-armhf-armhf-xl-vhd      13 saverestore-support-check    fail   never pass

version targeted for testing:
 qemuu                98b2e3c9ab3abfe476a2b02f8f51813edb90e72d
baseline version:
 qemuu                afd760539308a5524accf964107cdb1d54a059e3

Last test of basis   140282  2019-08-18 05:36:51 Z   53 days
Failing since        140361  2019-08-19 11:36:26 Z   52 days   62 attempts
Testing same since   142502  2019-10-09 15:00:31 Z    1 days    2 attempts

------------------------------------------------------------
People who touched revisions under test:
  Alberto Garcia <[email protected]>
  Aleksandar Markovic <[email protected]>
  Alex Bennée <[email protected]>
  Alexey Kardashevskiy <[email protected]>
  Alistair Francis <[email protected]>
  Amit Shah <[email protected]>
  Andrew Jeffery <[email protected]>
  Andrey Shinkevich <[email protected]>
  Anthony PERARD <[email protected]>
  Atish Patra <[email protected]>
  Aurelien Jarno <[email protected]>
  Balamuruhan S <[email protected]>
  BALATON Zoltan <[email protected]>
  Bandan Das <[email protected]>
  Bastian Koppelmann <[email protected]>
  Bin Meng <[email protected]>
  Boris Fiuczynski <[email protected]>
  Carlo Marcelo Arenas Belón <[email protected]>
  Catherine Ho <[email protected]>
  Chen Zhang <[email protected]>
  Christian Borntraeger <[email protected]>
  Christian Svensson <[email protected]>
  Claudio Imbrenda <[email protected]>
  Cleber Rosa <[email protected]>
  Cole Robinson <[email protected]>
  Collin Walling <[email protected]>
  Corey Minyard <[email protected]>
  Cornelia Huck <[email protected]>
  Cédric Le Goater <[email protected]>
  Daniel Black <[email protected]>
  Daniel Henrique Barboza <[email protected]>
  Daniel P. Berrangé <[email protected]>
  David Gibson <[email protected]>
  David Hildenbrand <[email protected]>
  Denis Plotnikov <[email protected]>
  Dmitry Poletaev <[email protected]>
  Dr. David Alan Gilbert <[email protected]>
  Edgar E. Iglesias <[email protected]>
  Eduardo Habkost <[email protected]>
  Emilio G. Cota <[email protected]>
  Eric Auger <[email protected]>
  Eric Blake <[email protected]>
  fangying <[email protected]>
  Gerd Hoffmann <[email protected]>
  Greg Kurz <[email protected]>
  Guenter Roeck <[email protected]>
  Hervé Poussineau <[email protected]>
  Hikaru Nishida <[email protected]>
  Igor Druzhinin <[email protected]>
  Igor Mammedov <[email protected]>
  Ivan Ren <[email protected]>
  James Le Cuirot <[email protected]>
  Jan Kiszka <[email protected]>
  Janosch Frank <[email protected]>
  Jing Liu <[email protected]>
  Joel Stanley <[email protected]>
  Johannes Berg <[email protected]>
  John Snow <[email protected]>
  Josh Kunz <[email protected]>
  Juan Quintela <[email protected]>
  Julia Suvorova <[email protected]>
  Justin Hibbits <[email protected]>
  Kevin Wolf <[email protected]>
  KONRAD Frederic <[email protected]>
  Kővágó, Zoltán <[email protected]>
  Laszlo Ersek <[email protected]>
  Laurent Desnogues <[email protected]>
  Laurent Vivier <[email protected]>
  Laurent Vivier <[email protected]>
  Li Qiang <[email protected]>
  Libo Zhou <[email protected]>
  Luc Michel <[email protected]>
  Marc-André Lureau <[email protected]>
  Marcelo Tosatti <[email protected]>
  Mark Cave-Ayland <[email protected]>
  Mark Syms <[email protected]>
  Markus Armbruster <[email protected]>
  Martin Cerveny <[email protected]>
  Matthew Rosato <[email protected]>
  Max Filippov <[email protected]>
  Max Reitz <[email protected]>
  Maxim Levitsky <[email protected]>
  Maxiwell S. Garcia <[email protected]>
  Michael Roth <[email protected]
  Michael Roth <[email protected]>
  Michael S. Tsirkin <[email protected]>
  Michal Privoznik <[email protected]>
  Nicholas Piggin <[email protected]>
  Niklas Haas <[email protected]>
  Nir Soffer <[email protected]>
  Nir Soffer <[email protected]>
  Palmer Dabbelt <[email protected]>
  Pankaj Gupta <[email protected]>
  Paolo Bonzini <[email protected]>
  Paul A. Clarke <[email protected]>
  Paul Clarke <[email protected]>
  Paul Durrant <[email protected]>
  Paul Mackerras <[email protected]>
  Pavel Dovgalyuk <[email protected]>
  Pavel Dovgalyuk <[email protected]>
  Pavel Dovgalyuk <[email protected]>
  Peter Krempa <[email protected]>
  Peter Lieven <[email protected]>
  Peter Maydell <[email protected]>
  Peter Xu <[email protected]>
  Philippe Mathieu-Daudé <[email protected]>
  Philippe Mathieu-Daudé <[email protected]>
  Prasad J Pandit <[email protected]>
  Ramiro Polla <[email protected]>
  Raphael Norwitz <[email protected]>
  Rashmica Gupta <[email protected]>
  Richard Henderson <[email protected]>
  Roman Kagan <[email protected]>
  Samuel Thibault <[email protected]>
  Sandra Loosemore <[email protected]>
  Satheesh Rajendran <[email protected]>
  Sebastian Andrzej Siewior <[email protected]>
  Sergio Lopez <[email protected]>
  Shivaprasad G Bhat <[email protected]>
  Shu-Chun Weng <[email protected]>
  Stefan Brankovic <[email protected]>
  Stefan Hajnoczi <[email protected]>
  Stefan Weil <[email protected]>
  Stefano Garzarella <[email protected]>
  Suraj Jitindar Singh <[email protected]>
  Sven Schnelle <[email protected]>
  Tao Xu <[email protected]>
  Thomas Huth <[email protected]>
  Thomas Huth <[email protected]>
  Tony Nguyen <[email protected]>
  [email protected] <[email protected]>
  Vladimir Sementsov-Ogievskiy <[email protected]>
  Wanpeng Li <[email protected]>
  Wei Yang <[email protected]>
  Yan Zhao <[email protected]>
  Yifan Luo <[email protected]>
  Ying Fang <[email protected]>
  Yunqiang Su <[email protected]>
  Yury Kotov <[email protected]>

jobs:
 build-amd64-xsm                                              pass    
 build-arm64-xsm                                              pass    
 build-i386-xsm                                               pass    
 build-amd64                                                  pass    
 build-arm64                                                  pass    
 build-armhf                                                  pass    
 build-i386                                                   pass    
 build-amd64-libvirt                                          pass    
 build-arm64-libvirt                                          pass    
 build-armhf-libvirt                                          pass    
 build-i386-libvirt                                           pass    
 build-amd64-pvops                                            pass    
 build-arm64-pvops                                            pass    
 build-armhf-pvops                                            pass    
 build-i386-pvops                                             pass    
 test-amd64-amd64-xl                                          pass    
 test-arm64-arm64-xl                                          pass    
 test-armhf-armhf-xl                                          pass    
 test-amd64-i386-xl                                           pass    
 test-amd64-amd64-libvirt-qemuu-debianhvm-amd64-xsm           fail    
 test-amd64-i386-libvirt-qemuu-debianhvm-amd64-xsm            fail    
 test-amd64-amd64-xl-qemuu-debianhvm-i386-xsm                 fail    
 test-amd64-i386-xl-qemuu-debianhvm-i386-xsm                  fail    
 test-amd64-amd64-libvirt-xsm                                 pass    
 test-arm64-arm64-libvirt-xsm                                 pass    
 test-amd64-i386-libvirt-xsm                                  pass    
 test-amd64-amd64-xl-xsm                                      pass    
 test-arm64-arm64-xl-xsm                                      pass    
 test-amd64-i386-xl-xsm                                       pass    
 test-amd64-amd64-qemuu-nested-amd                            fail    
 test-amd64-amd64-xl-pvhv2-amd                                pass    
 test-amd64-i386-qemuu-rhel6hvm-amd                           fail    
 test-amd64-amd64-xl-qemuu-debianhvm-amd64                    fail    
 test-amd64-i386-xl-qemuu-debianhvm-amd64                     fail    
 test-amd64-i386-freebsd10-amd64                              fail    
 test-amd64-amd64-xl-qemuu-ovmf-amd64                         fail    
 test-amd64-i386-xl-qemuu-ovmf-amd64                          fail    
 test-amd64-amd64-xl-qemuu-win7-amd64                         fail    
 test-amd64-i386-xl-qemuu-win7-amd64                          fail    
 test-amd64-amd64-xl-qemuu-ws16-amd64                         fail    
 test-amd64-i386-xl-qemuu-ws16-amd64                          fail    
 test-armhf-armhf-xl-arndale                                  pass    
 test-amd64-amd64-xl-credit1                                  pass    
 test-arm64-arm64-xl-credit1                                  pass    
 test-armhf-armhf-xl-credit1                                  pass    
 test-amd64-amd64-xl-credit2                                  pass    
 test-arm64-arm64-xl-credit2                                  pass    
 test-armhf-armhf-xl-credit2                                  pass    
 test-armhf-armhf-xl-cubietruck                               pass    
 test-amd64-amd64-xl-qemuu-dmrestrict-amd64-dmrestrict        fail    
 test-amd64-i386-xl-qemuu-dmrestrict-amd64-dmrestrict         fail    
 test-amd64-i386-freebsd10-i386                               fail    
 test-amd64-amd64-xl-qemuu-win10-i386                         fail    
 test-amd64-i386-xl-qemuu-win10-i386                          fail    
 test-amd64-amd64-qemuu-nested-intel                          fail    
 test-amd64-amd64-xl-pvhv2-intel                              pass    
 test-amd64-i386-qemuu-rhel6hvm-intel                         fail    
 test-amd64-amd64-libvirt                                     pass    
 test-armhf-armhf-libvirt                                     pass    
 test-amd64-i386-libvirt                                      pass    
 test-amd64-amd64-xl-multivcpu                                pass    
 test-armhf-armhf-xl-multivcpu                                pass    
 test-amd64-amd64-pair                                        pass    
 test-amd64-i386-pair                                         pass    
 test-amd64-amd64-libvirt-pair                                pass    
 test-amd64-i386-libvirt-pair                                 pass    
 test-amd64-amd64-amd64-pvgrub                                pass    
 test-amd64-amd64-i386-pvgrub                                 pass    
 test-amd64-amd64-xl-pvshim                                   pass    
 test-amd64-i386-xl-pvshim                                    fail    
 test-amd64-amd64-pygrub                                      pass    
 test-amd64-amd64-xl-qcow2                                    pass    
 test-armhf-armhf-libvirt-raw                                 pass    
 test-amd64-i386-xl-raw                                       pass    
 test-amd64-amd64-xl-rtds                                     pass    
 test-armhf-armhf-xl-rtds                                     pass    
 test-arm64-arm64-xl-seattle                                  pass    
 test-amd64-amd64-xl-qemuu-debianhvm-amd64-shadow             fail    
 test-amd64-i386-xl-qemuu-debianhvm-amd64-shadow              fail    
 test-amd64-amd64-xl-shadow                                   pass    
 test-amd64-i386-xl-shadow                                    pass    
 test-arm64-arm64-xl-thunderx                                 pass    
 test-amd64-amd64-libvirt-vhd                                 pass    
 test-armhf-armhf-xl-vhd                                      pass    


------------------------------------------------------------
sg-report-flight on osstest.test-lab.xenproject.org
logs: /home/logs/logs
images: /home/logs/images

Logs, config files, etc. are available at
    http://logs.test-lab.xenproject.org/osstest/logs

Explanation of these reports, and of osstest in general, is at
    http://xenbits.xen.org/gitweb/?p=osstest.git;a=blob;f=README.email;hb=master
    http://xenbits.xen.org/gitweb/?p=osstest.git;a=blob;f=README;hb=master

Test harness code can be found at
    http://xenbits.xen.org/gitweb?p=osstest.git;a=summary


Not pushing.

(No revision log; it would be 23148 lines long.)

_______________________________________________
Xen-devel mailing list
[email protected]
https://lists.xenproject.org/mailman/listinfo/xen-devel

Reply via email to