flight 141221 freebsd-master real [real] http://logs.test-lab.xenproject.org/osstest/logs/141221/
Regressions :-( Tests which did not succeed and are blocking, including tests which could not be run: build-amd64-freebsd 7 freebsd-build fail REGR. vs. 141004 Tests which did not succeed, but are not blocking: build-amd64-freebsd-again 1 build-check(1) blocked n/a build-amd64-xen-freebsd 1 build-check(1) blocked n/a version targeted for testing: freebsd 39803421e203f1f25b6be7d7504eb0d4431b6df2 baseline version: freebsd a3dbacfc31a3c2ef7d9d4d12d4e5108f044c0701 Last test of basis 141004 2019-09-04 09:20:13 Z 7 days Failing since 141086 2019-09-06 09:21:33 Z 5 days 3 attempts Testing same since 141221 2019-09-11 09:19:55 Z 0 days 1 attempts ------------------------------------------------------------ People who touched revisions under test: 0mp <[email protected]> adrian <[email protected]> asomers <[email protected]> avg <[email protected]> bapt <[email protected]> bcran <[email protected]> bdrewery <[email protected]> br <[email protected]> cem <[email protected]> crees <[email protected]> cy <[email protected]> dim <[email protected]> ed <[email protected]> emaste <[email protected]> fabient <[email protected]> glebius <[email protected]> gonzo <[email protected]> hselasky <[email protected]> ian <[email protected]> imp <[email protected]> jeff <[email protected]> jgh <[email protected]> jhibbits <[email protected]> jilles <[email protected]> jkim <[email protected]> johalun <[email protected]> kevans <[email protected]> kib <[email protected]> kp <[email protected]> luporl <[email protected]> lwhsu <[email protected]> manu <[email protected]> markj <[email protected]> mav <[email protected]> mhorne <[email protected]> mjg <[email protected]> oshogbo <[email protected]> pfg <[email protected]> philip <[email protected]> rmacklem <[email protected]> rrs <[email protected]> scottl <[email protected]> scottph <[email protected]> sevan <[email protected]> sjg <[email protected]> stevek <[email protected]> takawata <[email protected]> trasz <[email protected]> tsoome <[email protected]> tuexen <[email protected]> yuripv <[email protected]> jobs: build-amd64-freebsd-again blocked build-amd64-freebsd fail build-amd64-xen-freebsd blocked ------------------------------------------------------------ sg-report-flight on osstest.test-lab.xenproject.org logs: /home/logs/logs images: /home/logs/images Logs, config files, etc. are available at http://logs.test-lab.xenproject.org/osstest/logs Explanation of these reports, and of osstest in general, is at http://xenbits.xen.org/gitweb/?p=osstest.git;a=blob;f=README.email;hb=master http://xenbits.xen.org/gitweb/?p=osstest.git;a=blob;f=README;hb=master Test harness code can be found at http://xenbits.xen.org/gitweb?p=osstest.git;a=summary Not pushing. (No revision log; it would be 2551 lines long.) _______________________________________________ Xen-devel mailing list [email protected] https://lists.xenproject.org/mailman/listinfo/xen-devel
