flight 140979 linux-4.14 real [real]
http://logs.test-lab.xenproject.org/osstest/logs/140979/

Regressions :-(

Tests which did not succeed and are blocking,
including tests which could not be run:
 test-amd64-amd64-xl-pvshim  20 guest-start/debian.repeat fail REGR. vs. 139910
 build-amd64-xsm               6 xen-build      fail in 140941 REGR. vs. 139910
 build-amd64                   6 xen-build      fail in 140941 REGR. vs. 139910

Tests which are failing intermittently (not blocking):
 test-amd64-amd64-xl-pvshim 17 guest-saverestore.2 fail in 140959 pass in 140979
 test-armhf-armhf-libvirt     19 leak-check/check           fail pass in 140941
 test-amd64-i386-libvirt-qemuu-debianhvm-amd64-xsm 10 debian-hvm-install fail 
pass in 140959

Tests which did not succeed, but are not blocking:
 test-amd64-amd64-xl-pvhv2-intel  1 build-check(1)        blocked in 140941 n/a
 test-amd64-amd64-xl-qemuu-win7-amd64  1 build-check(1)   blocked in 140941 n/a
 test-amd64-amd64-xl           1 build-check(1)           blocked in 140941 n/a
 test-amd64-amd64-xl-qemut-win7-amd64  1 build-check(1)   blocked in 140941 n/a
 test-amd64-amd64-xl-qemuu-debianhvm-i386-xsm 1 build-check(1) blocked in 
140941 n/a
 test-amd64-amd64-libvirt-qemuu-debianhvm-amd64-xsm 1 build-check(1) blocked in 
140941 n/a
 test-amd64-amd64-pair         1 build-check(1)           blocked in 140941 n/a
 test-amd64-i386-xl-qemuu-win7-amd64  1 build-check(1)    blocked in 140941 n/a
 test-amd64-i386-freebsd10-i386  1 build-check(1)         blocked in 140941 n/a
 test-amd64-amd64-libvirt-pair  1 build-check(1)          blocked in 140941 n/a
 test-amd64-amd64-pygrub       1 build-check(1)           blocked in 140941 n/a
 test-amd64-amd64-xl-qemut-win10-i386  1 build-check(1)   blocked in 140941 n/a
 test-amd64-amd64-amd64-pvgrub  1 build-check(1)          blocked in 140941 n/a
 test-amd64-i386-xl-qemut-win10-i386  1 build-check(1)    blocked in 140941 n/a
 test-amd64-i386-xl-qemut-ws16-amd64  1 build-check(1)    blocked in 140941 n/a
 test-amd64-amd64-xl-qemuu-dmrestrict-amd64-dmrestrict 1 build-check(1) blocked 
in 140941 n/a
 test-amd64-i386-xl-qemuu-debianhvm-i386-xsm 1 build-check(1) blocked in 140941 
n/a
 test-amd64-i386-qemuu-rhel6hvm-amd  1 build-check(1)     blocked in 140941 n/a
 test-amd64-amd64-xl-qemuu-debianhvm-amd64 1 build-check(1) blocked in 140941 
n/a
 test-amd64-amd64-xl-qemuu-win10-i386  1 build-check(1)   blocked in 140941 n/a
 test-amd64-amd64-xl-qemuu-ws16-amd64  1 build-check(1)   blocked in 140941 n/a
 test-amd64-i386-xl-qemut-debianhvm-i386-xsm 1 build-check(1) blocked in 140941 
n/a
 test-amd64-amd64-xl-rtds      1 build-check(1)           blocked in 140941 n/a
 test-amd64-amd64-libvirt-vhd  1 build-check(1)           blocked in 140941 n/a
 test-amd64-i386-libvirt-qemuu-debianhvm-amd64-xsm 1 build-check(1) blocked in 
140941 n/a
 test-amd64-i386-pair          1 build-check(1)           blocked in 140941 n/a
 test-amd64-i386-xl-qemuu-win10-i386  1 build-check(1)    blocked in 140941 n/a
 test-amd64-i386-qemut-rhel6hvm-amd  1 build-check(1)     blocked in 140941 n/a
 test-amd64-i386-xl-qemuu-ovmf-amd64  1 build-check(1)    blocked in 140941 n/a
 test-amd64-amd64-xl-qemut-debianhvm-i386-xsm 1 build-check(1) blocked in 
140941 n/a
 test-amd64-i386-xl-qemut-win7-amd64  1 build-check(1)    blocked in 140941 n/a
 test-amd64-amd64-xl-qcow2     1 build-check(1)           blocked in 140941 n/a
 test-amd64-i386-xl-qemut-stubdom-debianhvm-amd64-xsm 1 build-check(1) blocked 
in 140941 n/a
 test-amd64-amd64-xl-pvhv2-amd  1 build-check(1)          blocked in 140941 n/a
 test-amd64-i386-xl-pvshim     1 build-check(1)           blocked in 140941 n/a
 test-amd64-i386-libvirt-pair  1 build-check(1)           blocked in 140941 n/a
 test-amd64-i386-libvirt-xsm   1 build-check(1)           blocked in 140941 n/a
 test-amd64-i386-xl-xsm        1 build-check(1)           blocked in 140941 n/a
 test-amd64-amd64-i386-pvgrub  1 build-check(1)           blocked in 140941 n/a
 test-amd64-amd64-xl-credit2   1 build-check(1)           blocked in 140941 n/a
 test-amd64-amd64-xl-qemuu-debianhvm-amd64-shadow 1 build-check(1) blocked in 
140941 n/a
 test-amd64-amd64-qemuu-nested-intel  1 build-check(1)    blocked in 140941 n/a
 test-amd64-amd64-xl-pvshim    1 build-check(1)           blocked in 140941 n/a
 test-amd64-i386-examine       1 build-check(1)           blocked in 140941 n/a
 test-amd64-i386-xl-raw        1 build-check(1)           blocked in 140941 n/a
 test-amd64-amd64-xl-credit1   1 build-check(1)           blocked in 140941 n/a
 test-amd64-amd64-xl-xsm       1 build-check(1)           blocked in 140941 n/a
 build-amd64-libvirt           1 build-check(1)           blocked in 140941 n/a
 test-amd64-amd64-xl-qemut-ws16-amd64  1 build-check(1)   blocked in 140941 n/a
 test-amd64-amd64-xl-qemut-stubdom-debianhvm-amd64-xsm 1 build-check(1) blocked 
in 140941 n/a
 test-amd64-amd64-xl-qemuu-ovmf-amd64  1 build-check(1)   blocked in 140941 n/a
 test-amd64-i386-xl-shadow     1 build-check(1)           blocked in 140941 n/a
 test-amd64-amd64-qemuu-nested-amd  1 build-check(1)      blocked in 140941 n/a
 test-amd64-i386-xl-qemuu-ws16-amd64  1 build-check(1)    blocked in 140941 n/a
 test-amd64-i386-xl-qemuu-dmrestrict-amd64-dmrestrict 1 build-check(1) blocked 
in 140941 n/a
 test-amd64-amd64-xl-qemut-debianhvm-amd64 1 build-check(1) blocked in 140941 
n/a
 test-amd64-i386-qemut-rhel6hvm-intel  1 build-check(1)   blocked in 140941 n/a
 test-amd64-i386-xl-qemuu-debianhvm-amd64 1 build-check(1) blocked in 140941 n/a
 test-amd64-amd64-xl-shadow    1 build-check(1)           blocked in 140941 n/a
 test-amd64-i386-freebsd10-amd64  1 build-check(1)        blocked in 140941 n/a
 test-amd64-i386-xl-qemuu-debianhvm-amd64-shadow 1 build-check(1) blocked in 
140941 n/a
 test-amd64-i386-xl            1 build-check(1)           blocked in 140941 n/a
 test-amd64-i386-libvirt       1 build-check(1)           blocked in 140941 n/a
 test-amd64-amd64-xl-multivcpu  1 build-check(1)          blocked in 140941 n/a
 test-amd64-i386-xl-qemut-debianhvm-amd64 1 build-check(1) blocked in 140941 n/a
 test-amd64-i386-qemuu-rhel6hvm-intel  1 build-check(1)   blocked in 140941 n/a
 test-amd64-amd64-examine      1 build-check(1)           blocked in 140941 n/a
 test-amd64-amd64-libvirt-xsm  1 build-check(1)           blocked in 140941 n/a
 test-amd64-amd64-libvirt      1 build-check(1)           blocked in 140941 n/a
 test-amd64-i386-libvirt-qemuu-debianhvm-amd64-xsm 11 migrate-support-check 
fail in 140959 never pass
 test-arm64-arm64-examine     11 examine-serial/bootloader    fail  like 139871
 test-amd64-i386-xl-pvshim    12 guest-start                  fail   never pass
 test-amd64-amd64-libvirt-xsm 13 migrate-support-check        fail   never pass
 test-amd64-amd64-libvirt     13 migrate-support-check        fail   never pass
 test-amd64-i386-libvirt-xsm  13 migrate-support-check        fail   never pass
 test-amd64-i386-libvirt      13 migrate-support-check        fail   never pass
 test-arm64-arm64-xl-seattle  13 migrate-support-check        fail   never pass
 test-arm64-arm64-xl-seattle  14 saverestore-support-check    fail   never pass
 test-amd64-amd64-libvirt-qemuu-debianhvm-amd64-xsm 11 migrate-support-check 
fail never pass
 test-arm64-arm64-xl          13 migrate-support-check        fail   never pass
 test-arm64-arm64-xl          14 saverestore-support-check    fail   never pass
 test-amd64-amd64-qemuu-nested-amd 17 debian-hvm-install/l1/l2  fail never pass
 test-arm64-arm64-xl-credit2  13 migrate-support-check        fail   never pass
 test-arm64-arm64-xl-credit2  14 saverestore-support-check    fail   never pass
 test-arm64-arm64-xl-credit1  13 migrate-support-check        fail   never pass
 test-arm64-arm64-xl-credit1  14 saverestore-support-check    fail   never pass
 test-arm64-arm64-xl-xsm      13 migrate-support-check        fail   never pass
 test-arm64-arm64-xl-xsm      14 saverestore-support-check    fail   never pass
 test-arm64-arm64-xl-thunderx 13 migrate-support-check        fail   never pass
 test-arm64-arm64-xl-thunderx 14 saverestore-support-check    fail   never pass
 test-amd64-amd64-libvirt-vhd 12 migrate-support-check        fail   never pass
 test-amd64-i386-xl-qemut-win7-amd64 17 guest-stop              fail never pass
 test-amd64-amd64-xl-qemuu-ws16-amd64 17 guest-stop             fail never pass
 test-armhf-armhf-xl-credit2  13 migrate-support-check        fail   never pass
 test-armhf-armhf-xl-credit2  14 saverestore-support-check    fail   never pass
 test-amd64-i386-xl-qemuu-win7-amd64 17 guest-stop              fail never pass
 test-amd64-amd64-xl-qemuu-win7-amd64 17 guest-stop             fail never pass
 test-armhf-armhf-xl          13 migrate-support-check        fail   never pass
 test-armhf-armhf-xl          14 saverestore-support-check    fail   never pass
 test-armhf-armhf-xl-multivcpu 13 migrate-support-check        fail  never pass
 test-armhf-armhf-xl-multivcpu 14 saverestore-support-check    fail  never pass
 test-armhf-armhf-xl-credit1  13 migrate-support-check        fail   never pass
 test-armhf-armhf-xl-credit1  14 saverestore-support-check    fail   never pass
 test-armhf-armhf-libvirt     13 migrate-support-check        fail   never pass
 test-armhf-armhf-libvirt     14 saverestore-support-check    fail   never pass
 test-armhf-armhf-xl-rtds     13 migrate-support-check        fail   never pass
 test-armhf-armhf-xl-rtds     14 saverestore-support-check    fail   never pass
 test-armhf-armhf-xl-cubietruck 13 migrate-support-check        fail never pass
 test-armhf-armhf-xl-cubietruck 14 saverestore-support-check    fail never pass
 test-amd64-i386-xl-qemut-ws16-amd64 17 guest-stop              fail never pass
 test-arm64-arm64-libvirt-xsm 13 migrate-support-check        fail   never pass
 test-arm64-arm64-libvirt-xsm 14 saverestore-support-check    fail   never pass
 test-amd64-amd64-xl-qemut-ws16-amd64 17 guest-stop             fail never pass
 test-armhf-armhf-libvirt-raw 12 migrate-support-check        fail   never pass
 test-armhf-armhf-libvirt-raw 13 saverestore-support-check    fail   never pass
 test-amd64-amd64-xl-qemut-win7-amd64 17 guest-stop             fail never pass
 test-armhf-armhf-xl-vhd      12 migrate-support-check        fail   never pass
 test-armhf-armhf-xl-vhd      13 saverestore-support-check    fail   never pass
 test-armhf-armhf-xl-arndale  13 migrate-support-check        fail   never pass
 test-armhf-armhf-xl-arndale  14 saverestore-support-check    fail   never pass
 test-amd64-i386-xl-qemuu-ws16-amd64 17 guest-stop              fail never pass
 test-amd64-i386-xl-qemuu-win10-i386 10 windows-install         fail never pass
 test-amd64-amd64-xl-qemut-win10-i386 10 windows-install        fail never pass
 test-amd64-amd64-xl-qemuu-win10-i386 10 windows-install        fail never pass
 test-amd64-i386-xl-qemut-win10-i386 10 windows-install         fail never pass

version targeted for testing:
 linux                01fd1694b93c92ad54fa684dac9c8068ecda8288
baseline version:
 linux                3ffe1e79c174b2093f7ee3df589a7705572c9620

Last test of basis   139910  2019-08-10 16:24:17 Z   24 days
Failing since        140193  2019-08-16 08:38:51 Z   19 days   22 attempts
Testing same since   140804  2019-08-29 19:04:38 Z    5 days    7 attempts

------------------------------------------------------------
People who touched revisions under test:
  Aaron Armstrong Skomra <[email protected]>
  Aaron Armstrong Skomra <[email protected]>
  Adrian Hunter <[email protected]>
  Alan Stern <[email protected]>
  Alastair D'Silva <[email protected]>
  Alexei Starovoitov <[email protected]>
  Andrew Morton <[email protected]>
  Angus Ainslie (Purism) <[email protected]>
  Arnaldo Carvalho de Melo <[email protected]>
  Arnd Bergmann <[email protected]>
  Bartosz Golaszewski <[email protected]>
  Ben Hutchings <[email protected]>
  Ben Hutchings <[email protected]>
  Ben Skeggs <[email protected]>
  Bjoern Gerhart <[email protected]>
  Björn Gerhart <[email protected]>
  Bob Ham <[email protected]>
  Borislav Petkov <[email protected]>
  Brian Norris <[email protected]>
  Catalin Marinas <[email protected]>
  Charles Keepax <[email protected]>
  Christophe JAILLET <[email protected]>
  Codrin Ciubotariu <[email protected]>
  Colin Ian King <[email protected]>
  Cornelia Huck <[email protected]>
  Dan Carpenter <[email protected]>
  Daniel Borkmann <[email protected]>
  Daniel Drake <[email protected]>
  Darrick J. Wong <[email protected]>
  David S. Miller <[email protected]>
  Deepak Rawat <[email protected]>
  Denis Kirjanov <[email protected]>
  Dirk Morris <[email protected]>
  Dmitry Fomichev <[email protected]>
  Dmitry Torokhov <[email protected]>
  Don Brace <[email protected]>
  Doug Ledford <[email protected]>
  Emmanuel Grumbach <[email protected]>
  Eric Dumazet <[email protected]>
  Farhan Ali <[email protected]>
  Felipe Balbi <[email protected]>
  Florian Westphal <[email protected]>
  Gary R Hook <[email protected]>
  Gavin Li <[email protected]>
  Geert Uytterhoeven <[email protected]>
  Greg Kroah-Hartman <[email protected]>
  Guenter Roeck <[email protected]>
  Gustavo A. R. Silva <[email protected]>
  Hannes Reinecke <[email protected]>
  Hannes Reinecke <[email protected]>
  He Zhe <[email protected]>
  Heiko Carstens <[email protected]>
  Henry Burns <[email protected]>
  Herbert Xu <[email protected]>
  Hillf Danton <[email protected]>
  Himanshu Madhani <[email protected]>
  Hiroyuki Yamamoto <[email protected]>
  Hui Wang <[email protected]>
  Huy Nguyen <[email protected]>
  Ian Abbott <[email protected]>
  Ilya Dryomov <[email protected]>
  Ilya Trukhanov <[email protected]>
  Ingo Molnar <[email protected]>
  Isaac J. Manjarres <[email protected]>
  Jack Morgenstein <[email protected]>
  Jacopo Mondi <[email protected]>
  Jakub Kicinski <[email protected]>
  Jani Nikula <[email protected]>
  Jason Gerecke <[email protected]>
  Jay Vosburgh <[email protected]>
  Jeff Layton <[email protected]>
  Jeffrey Hugo <[email protected]>
  Jeffrin Jose T <[email protected]>
  Jens Axboe <[email protected]>
  Jerry Lee <[email protected]>
  Jia-Ju Bai <[email protected]>
  Jiangfeng Xiao <[email protected]>
  Jin Yao <[email protected]>
  Jiri Kosina <[email protected]>
  Jiri Olsa <[email protected]>
  Joe Perches <[email protected]>
  Joerg Roedel <[email protected]>
  Johan Hovold <[email protected]>
  Johannes Berg <[email protected]>
  John Hubbard <[email protected]>
  Jonathan Cameron <[email protected]>
  Joseph Qi <[email protected]>
  Jozsef Kadlecsik <[email protected]>
  Juergen Gross <[email protected]>
  Julian Wiedmann <[email protected]>
  Juliana Rodrigueiro <[email protected]>
  Junxiao Bi <[email protected]>
  Kalle Valo <[email protected]>
  Kees Cook <[email protected]>
  Kefeng Wang <[email protected]>
  Kevin Hao <[email protected]>
  Konrad Rzeszutek Wilk <[email protected]>
  Laura Garcia Liebana <[email protected]>
  Leon Romanovsky <[email protected]>
  Leonard Crestez <[email protected]>
  Linh Phung <[email protected]>
  Linus Torvalds <[email protected]>
  Linus Walleij <[email protected]>
  Lorenzo Pieralisi <[email protected]>
  Luca Coelho <[email protected]>
  Lucas Stach <[email protected]>
  Luck, Tony <[email protected]>
  Ludovic Desroches <[email protected]>
  Lyude Paul <[email protected]>
  Manish Chopra <[email protected]>
  Marc Kleine-Budde <[email protected]>
  Marc Zyngier <[email protected]>
  Marcelo Ricardo Leitner <[email protected]>
  Mark Brown <[email protected]>
  Martin K. Petersen <[email protected]>
  Masahiro Yamada <[email protected]>
  Masami Hiramatsu <[email protected]>
  Mauro Carvalho Chehab <[email protected]>
  Max Filippov <[email protected]>
  Maxim Mikityanskiy <[email protected]>
  Miaohe Lin <[email protected]>
  Michael Ellerman <[email protected]>
  Michael Kelley <[email protected]>
  Michael Roth <[email protected]>
  Michal Hocko <[email protected]>
  Michal Kalderon <[email protected]>
  Michal Simek <[email protected]>
  Mike Snitzer <[email protected]>
  Mikulas Patocka <[email protected]>
  Miles Chen <[email protected]>
  Miquel Raynal <[email protected]>
  Nadav Amit <[email protected]>
  Naresh Kamboju <naresh.kamboju () linaro ! org>
  Naresh Kamboju <[email protected]>
  Navid Emamdoost <[email protected]>
  Neil Armstrong <[email protected]>
  Neil MacLeod <[email protected]>
  Nianyao Tang <[email protected]>
  Nick Desaulniers <[email protected]>
  Nicolas Ferre <[email protected]>
  Nicolas Saenz Julienne <[email protected]>
  Nikita Yushchenko <[email protected]>
  Numfor Mbiziwo-Tiapo <[email protected]>
  Oleg Nesterov <[email protected]>
  Oliver Neukum <[email protected]>
  Olof Johansson <[email protected]>
  Pablo Neira Ayuso <[email protected]>
  Paolo Bonzini <[email protected]>
  Paul Burton <[email protected]>
  Pavel Machek <[email protected]>
  Pavel Shilovsky <[email protected]>
  Peter Ujfalusi <[email protected]>
  Peter Zijlstra (Intel) <[email protected]>
  Peter Zijlstra <[email protected]>
  Prasad Sodagudi <[email protected]>
  Qian Cai <[email protected]>
  Rafael J. Wysocki <[email protected]>
  Rasmus Villemoes <[email protected]>
  Ricard Wanderlof <[email protected]>
  Ricard Wanderlof <[email protected]>
  Roderick Colenbrander <[email protected]>
  Roderick Colenbrander <[email protected]>
  Rogan Dawes <[email protected]>
  Ross Lagerwall <[email protected]>
  Saeed Mahameed <[email protected]>
  Salvatore Bonaccorso <[email protected]>
  Sasha Levin <[email protected]>
  Sean Christopherson <[email protected]>
  Sean Paul <[email protected]>
  Sebastien Tisserant <[email protected]>
  Sekhar Nori <[email protected]>
  Shahed Shaikh <[email protected]>
  Shaokun Zhang <[email protected]>
  Stanislav Lisovskiy <[email protected]>
  Steffen Klassert <[email protected]>
  Stephane Grosjean <[email protected]>
  Stephen Boyd <[email protected]>
  Steve French <[email protected]>
  Sudarsana Kalluru <[email protected]>
  Suganath Prabu <[email protected]>
  Sumit Saxena <[email protected]>
  Suzuki K Poulose <[email protected]>
  Takashi Iwai <[email protected]>
  Thomas Bogendoerfer <[email protected]>
  Thomas Falcon <[email protected]>
  Thomas Gleixner <[email protected]>
  Thomas Hellstrom <[email protected]>
  Thomas Richter <[email protected]>
  Thomas Tai <[email protected]>
  Tom Lendacky <[email protected]>
  Tomas Bortoli <[email protected]>
  Tony Lindgren <[email protected]>
  Tony Luck <[email protected]>
  Trond Myklebust <[email protected]>
  Trond Myklebust <[email protected]>
  Tyrel Datwyler <[email protected]>
  Ulf Hansson <[email protected]>
  Valdis Kletnieks <[email protected]>
  Valdis Klētnieks <[email protected]>
  Vince Weaver <[email protected]>
  Vinod Koul <[email protected]>
  Viresh Kumar <[email protected]>
  Vladimir Kondratiev <[email protected]>
  Vlastimil Babka <[email protected]>
  Wang Xiayang <[email protected]>
  Wanpeng Li <[email protected]>
  Wen Yang <[email protected]>
  Wenwen Wang <[email protected]>
  Will Deacon <[email protected]>
  Willem de Bruijn <[email protected]>
  Xin Long <[email protected]>
  Yoshiaki Okamoto <[email protected]>
  Yoshihiro Shimoda <[email protected]>
  YueHaibing <[email protected]>
  Zhangguanghui <[email protected]>
  ZhangXiaoxu <[email protected]>

jobs:
 build-amd64-xsm                                              pass    
 build-arm64-xsm                                              pass    
 build-i386-xsm                                               pass    
 build-amd64                                                  pass    
 build-arm64                                                  pass    
 build-armhf                                                  pass    
 build-i386                                                   pass    
 build-amd64-libvirt                                          pass    
 build-arm64-libvirt                                          pass    
 build-armhf-libvirt                                          pass    
 build-i386-libvirt                                           pass    
 build-amd64-pvops                                            pass    
 build-arm64-pvops                                            pass    
 build-armhf-pvops                                            pass    
 build-i386-pvops                                             pass    
 test-amd64-amd64-xl                                          pass    
 test-arm64-arm64-xl                                          pass    
 test-armhf-armhf-xl                                          pass    
 test-amd64-i386-xl                                           pass    
 test-amd64-amd64-libvirt-qemuu-debianhvm-amd64-xsm           pass    
 test-amd64-i386-libvirt-qemuu-debianhvm-amd64-xsm            fail    
 test-amd64-amd64-xl-qemut-stubdom-debianhvm-amd64-xsm        pass    
 test-amd64-i386-xl-qemut-stubdom-debianhvm-amd64-xsm         pass    
 test-amd64-amd64-xl-qemut-debianhvm-i386-xsm                 pass    
 test-amd64-i386-xl-qemut-debianhvm-i386-xsm                  pass    
 test-amd64-amd64-xl-qemuu-debianhvm-i386-xsm                 pass    
 test-amd64-i386-xl-qemuu-debianhvm-i386-xsm                  pass    
 test-amd64-amd64-libvirt-xsm                                 pass    
 test-arm64-arm64-libvirt-xsm                                 pass    
 test-amd64-i386-libvirt-xsm                                  pass    
 test-amd64-amd64-xl-xsm                                      pass    
 test-arm64-arm64-xl-xsm                                      pass    
 test-amd64-i386-xl-xsm                                       pass    
 test-amd64-amd64-qemuu-nested-amd                            fail    
 test-amd64-amd64-xl-pvhv2-amd                                pass    
 test-amd64-i386-qemut-rhel6hvm-amd                           pass    
 test-amd64-i386-qemuu-rhel6hvm-amd                           pass    
 test-amd64-amd64-xl-qemut-debianhvm-amd64                    pass    
 test-amd64-i386-xl-qemut-debianhvm-amd64                     pass    
 test-amd64-amd64-xl-qemuu-debianhvm-amd64                    pass    
 test-amd64-i386-xl-qemuu-debianhvm-amd64                     pass    
 test-amd64-i386-freebsd10-amd64                              pass    
 test-amd64-amd64-xl-qemuu-ovmf-amd64                         pass    
 test-amd64-i386-xl-qemuu-ovmf-amd64                          pass    
 test-amd64-amd64-xl-qemut-win7-amd64                         fail    
 test-amd64-i386-xl-qemut-win7-amd64                          fail    
 test-amd64-amd64-xl-qemuu-win7-amd64                         fail    
 test-amd64-i386-xl-qemuu-win7-amd64                          fail    
 test-amd64-amd64-xl-qemut-ws16-amd64                         fail    
 test-amd64-i386-xl-qemut-ws16-amd64                          fail    
 test-amd64-amd64-xl-qemuu-ws16-amd64                         fail    
 test-amd64-i386-xl-qemuu-ws16-amd64                          fail    
 test-armhf-armhf-xl-arndale                                  pass    
 test-amd64-amd64-xl-credit1                                  pass    
 test-arm64-arm64-xl-credit1                                  pass    
 test-armhf-armhf-xl-credit1                                  pass    
 test-amd64-amd64-xl-credit2                                  pass    
 test-arm64-arm64-xl-credit2                                  pass    
 test-armhf-armhf-xl-credit2                                  pass    
 test-armhf-armhf-xl-cubietruck                               pass    
 test-amd64-amd64-xl-qemuu-dmrestrict-amd64-dmrestrict        pass    
 test-amd64-i386-xl-qemuu-dmrestrict-amd64-dmrestrict         pass    
 test-amd64-amd64-examine                                     pass    
 test-arm64-arm64-examine                                     pass    
 test-armhf-armhf-examine                                     pass    
 test-amd64-i386-examine                                      pass    
 test-amd64-i386-freebsd10-i386                               pass    
 test-amd64-amd64-xl-qemut-win10-i386                         fail    
 test-amd64-i386-xl-qemut-win10-i386                          fail    
 test-amd64-amd64-xl-qemuu-win10-i386                         fail    
 test-amd64-i386-xl-qemuu-win10-i386                          fail    
 test-amd64-amd64-qemuu-nested-intel                          pass    
 test-amd64-amd64-xl-pvhv2-intel                              pass    
 test-amd64-i386-qemut-rhel6hvm-intel                         pass    
 test-amd64-i386-qemuu-rhel6hvm-intel                         pass    
 test-amd64-amd64-libvirt                                     pass    
 test-armhf-armhf-libvirt                                     fail    
 test-amd64-i386-libvirt                                      pass    
 test-amd64-amd64-xl-multivcpu                                pass    
 test-armhf-armhf-xl-multivcpu                                pass    
 test-amd64-amd64-pair                                        pass    
 test-amd64-i386-pair                                         pass    
 test-amd64-amd64-libvirt-pair                                pass    
 test-amd64-i386-libvirt-pair                                 pass    
 test-amd64-amd64-amd64-pvgrub                                pass    
 test-amd64-amd64-i386-pvgrub                                 pass    
 test-amd64-amd64-xl-pvshim                                   fail    
 test-amd64-i386-xl-pvshim                                    fail    
 test-amd64-amd64-pygrub                                      pass    
 test-amd64-amd64-xl-qcow2                                    pass    
 test-armhf-armhf-libvirt-raw                                 pass    
 test-amd64-i386-xl-raw                                       pass    
 test-amd64-amd64-xl-rtds                                     pass    
 test-armhf-armhf-xl-rtds                                     pass    
 test-arm64-arm64-xl-seattle                                  pass    
 test-amd64-amd64-xl-qemuu-debianhvm-amd64-shadow             pass    
 test-amd64-i386-xl-qemuu-debianhvm-amd64-shadow              pass    
 test-amd64-amd64-xl-shadow                                   pass    
 test-amd64-i386-xl-shadow                                    pass    
 test-arm64-arm64-xl-thunderx                                 pass    
 test-amd64-amd64-libvirt-vhd                                 pass    
 test-armhf-armhf-xl-vhd                                      pass    


------------------------------------------------------------
sg-report-flight on osstest.test-lab.xenproject.org
logs: /home/logs/logs
images: /home/logs/images

Logs, config files, etc. are available at
    http://logs.test-lab.xenproject.org/osstest/logs

Explanation of these reports, and of osstest in general, is at
    http://xenbits.xen.org/gitweb/?p=osstest.git;a=blob;f=README.email;hb=master
    http://xenbits.xen.org/gitweb/?p=osstest.git;a=blob;f=README;hb=master

Test harness code can be found at
    http://xenbits.xen.org/gitweb?p=osstest.git;a=summary


Not pushing.

(No revision log; it would be 6338 lines long.)

_______________________________________________
Xen-devel mailing list
[email protected]
https://lists.xenproject.org/mailman/listinfo/xen-devel

Reply via email to