flight 140005 linux-4.4 real [real] http://logs.test-lab.xenproject.org/osstest/logs/140005/
Regressions :-( Tests which did not succeed and are blocking, including tests which could not be run: test-amd64-amd64-xl-pvshim 18 guest-localmigrate/x10 fail REGR. vs. 139698 build-amd64 6 xen-build fail in 139968 REGR. vs. 139698 Tests which are failing intermittently (not blocking): test-armhf-armhf-xl-vhd 7 xen-boot fail pass in 139968 Tests which did not succeed, but are not blocking: test-amd64-amd64-xl-qemut-ws16-amd64 1 build-check(1) blocked in 139968 n/a test-amd64-amd64-libvirt-vhd 1 build-check(1) blocked in 139968 n/a test-amd64-amd64-xl-shadow 1 build-check(1) blocked in 139968 n/a test-amd64-i386-qemut-rhel6hvm-intel 1 build-check(1) blocked in 139968 n/a test-amd64-amd64-xl-credit1 1 build-check(1) blocked in 139968 n/a test-amd64-amd64-qemuu-nested-amd 1 build-check(1) blocked in 139968 n/a test-amd64-i386-freebsd10-i386 1 build-check(1) blocked in 139968 n/a test-amd64-i386-xl-raw 1 build-check(1) blocked in 139968 n/a test-amd64-amd64-libvirt-pair 1 build-check(1) blocked in 139968 n/a test-amd64-amd64-xl-qemuu-dmrestrict-amd64-dmrestrict 1 build-check(1) blocked in 139968 n/a test-amd64-amd64-xl 1 build-check(1) blocked in 139968 n/a test-amd64-amd64-qemuu-nested-intel 1 build-check(1) blocked in 139968 n/a test-amd64-i386-qemut-rhel6hvm-amd 1 build-check(1) blocked in 139968 n/a test-amd64-i386-pair 1 build-check(1) blocked in 139968 n/a test-amd64-i386-xl-qemut-win7-amd64 1 build-check(1) blocked in 139968 n/a test-amd64-amd64-xl-qemut-win10-i386 1 build-check(1) blocked in 139968 n/a test-amd64-amd64-xl-pvhv2-intel 1 build-check(1) blocked in 139968 n/a build-amd64-libvirt 1 build-check(1) blocked in 139968 n/a test-amd64-i386-xl-qemuu-debianhvm-amd64-shadow 1 build-check(1) blocked in 139968 n/a test-amd64-amd64-i386-pvgrub 1 build-check(1) blocked in 139968 n/a test-amd64-amd64-xl-qemut-win7-amd64 1 build-check(1) blocked in 139968 n/a test-amd64-i386-freebsd10-amd64 1 build-check(1) blocked in 139968 n/a test-amd64-i386-examine 1 build-check(1) blocked in 139968 n/a test-amd64-amd64-xl-qemut-debianhvm-amd64 1 build-check(1) blocked in 139968 n/a test-amd64-amd64-xl-pvhv2-amd 1 build-check(1) blocked in 139968 n/a test-amd64-i386-xl-qemuu-ws16-amd64 1 build-check(1) blocked in 139968 n/a test-amd64-amd64-xl-qemuu-ovmf-amd64 1 build-check(1) blocked in 139968 n/a test-amd64-i386-xl 1 build-check(1) blocked in 139968 n/a test-amd64-i386-xl-qemuu-ovmf-amd64 1 build-check(1) blocked in 139968 n/a test-amd64-i386-xl-qemut-debianhvm-amd64 1 build-check(1) blocked in 139968 n/a test-amd64-amd64-xl-qcow2 1 build-check(1) blocked in 139968 n/a test-amd64-i386-xl-shadow 1 build-check(1) blocked in 139968 n/a test-amd64-i386-xl-qemuu-debianhvm-amd64 1 build-check(1) blocked in 139968 n/a test-amd64-amd64-pygrub 1 build-check(1) blocked in 139968 n/a test-amd64-amd64-libvirt-xsm 1 build-check(1) blocked in 139968 n/a test-amd64-amd64-libvirt 1 build-check(1) blocked in 139968 n/a test-amd64-amd64-xl-rtds 1 build-check(1) blocked in 139968 n/a test-amd64-i386-qemuu-rhel6hvm-intel 1 build-check(1) blocked in 139968 n/a test-amd64-amd64-xl-qemuu-debianhvm-amd64-shadow 1 build-check(1) blocked in 139968 n/a test-amd64-amd64-xl-qemuu-win10-i386 1 build-check(1) blocked in 139968 n/a test-amd64-amd64-libvirt-qemuu-debianhvm-amd64-xsm 1 build-check(1) blocked in 139968 n/a test-amd64-i386-xl-qemuu-dmrestrict-amd64-dmrestrict 1 build-check(1) blocked in 139968 n/a test-amd64-i386-qemuu-rhel6hvm-amd 1 build-check(1) blocked in 139968 n/a test-amd64-i386-xl-qemut-win10-i386 1 build-check(1) blocked in 139968 n/a test-amd64-amd64-pair 1 build-check(1) blocked in 139968 n/a test-amd64-amd64-amd64-pvgrub 1 build-check(1) blocked in 139968 n/a test-amd64-i386-xl-qemuu-win7-amd64 1 build-check(1) blocked in 139968 n/a test-amd64-amd64-xl-qemuu-win7-amd64 1 build-check(1) blocked in 139968 n/a test-amd64-i386-xl-pvshim 1 build-check(1) blocked in 139968 n/a test-amd64-amd64-xl-qemuu-ws16-amd64 1 build-check(1) blocked in 139968 n/a test-amd64-i386-libvirt-pair 1 build-check(1) blocked in 139968 n/a test-amd64-amd64-xl-qemuu-debianhvm-amd64 1 build-check(1) blocked in 139968 n/a test-amd64-amd64-xl-pvshim 1 build-check(1) blocked in 139968 n/a test-amd64-i386-libvirt 1 build-check(1) blocked in 139968 n/a test-amd64-i386-xl-qemut-ws16-amd64 1 build-check(1) blocked in 139968 n/a test-amd64-amd64-examine 1 build-check(1) blocked in 139968 n/a test-amd64-amd64-xl-credit2 1 build-check(1) blocked in 139968 n/a test-amd64-amd64-xl-multivcpu 1 build-check(1) blocked in 139968 n/a test-amd64-i386-xl-qemuu-win10-i386 1 build-check(1) blocked in 139968 n/a test-armhf-armhf-xl-vhd 12 migrate-support-check fail in 139968 never pass test-armhf-armhf-xl-vhd 13 saverestore-support-check fail in 139968 never pass test-amd64-amd64-xl-qemuu-dmrestrict-amd64-dmrestrict 10 debian-hvm-install fail never pass test-amd64-i386-xl-qemuu-dmrestrict-amd64-dmrestrict 10 debian-hvm-install fail never pass test-amd64-i386-xl-pvshim 12 guest-start fail never pass test-amd64-amd64-xl-pvhv2-amd 12 guest-start fail never pass test-arm64-arm64-xl-credit2 7 xen-boot fail never pass test-arm64-arm64-xl 7 xen-boot fail never pass test-arm64-arm64-xl-credit1 7 xen-boot fail never pass test-arm64-arm64-examine 8 reboot fail never pass test-arm64-arm64-xl-seattle 7 xen-boot fail never pass test-amd64-amd64-libvirt-xsm 13 migrate-support-check fail never pass test-amd64-amd64-xl-pvhv2-intel 12 guest-start fail never pass test-amd64-amd64-libvirt 13 migrate-support-check fail never pass test-amd64-i386-libvirt-xsm 13 migrate-support-check fail never pass test-arm64-arm64-libvirt-xsm 7 xen-boot fail never pass test-amd64-i386-libvirt 13 migrate-support-check fail never pass test-amd64-amd64-libvirt-qemuu-debianhvm-amd64-xsm 11 migrate-support-check fail never pass test-arm64-arm64-xl-thunderx 7 xen-boot fail never pass test-amd64-i386-libvirt-qemuu-debianhvm-amd64-xsm 11 migrate-support-check fail never pass test-amd64-amd64-qemuu-nested-amd 17 debian-hvm-install/l1/l2 fail never pass test-amd64-amd64-libvirt-vhd 12 migrate-support-check fail never pass test-armhf-armhf-xl-arndale 13 migrate-support-check fail never pass test-armhf-armhf-xl-arndale 14 saverestore-support-check fail never pass test-amd64-amd64-xl-qemuu-win7-amd64 17 guest-stop fail never pass test-amd64-i386-xl-qemuu-win7-amd64 17 guest-stop fail never pass test-armhf-armhf-libvirt 13 migrate-support-check fail never pass test-armhf-armhf-libvirt 14 saverestore-support-check fail never pass test-amd64-amd64-xl-qemut-win7-amd64 17 guest-stop fail never pass test-armhf-armhf-xl-credit2 13 migrate-support-check fail never pass test-armhf-armhf-xl-credit2 14 saverestore-support-check fail never pass test-armhf-armhf-xl-credit1 13 migrate-support-check fail never pass test-armhf-armhf-xl-credit1 14 saverestore-support-check fail never pass test-armhf-armhf-xl-rtds 13 migrate-support-check fail never pass test-armhf-armhf-xl-rtds 14 saverestore-support-check fail never pass test-armhf-armhf-xl-cubietruck 13 migrate-support-check fail never pass test-armhf-armhf-xl-cubietruck 14 saverestore-support-check fail never pass test-armhf-armhf-xl-multivcpu 13 migrate-support-check fail never pass test-armhf-armhf-xl-multivcpu 14 saverestore-support-check fail never pass test-armhf-armhf-xl 13 migrate-support-check fail never pass test-armhf-armhf-xl 14 saverestore-support-check fail never pass test-amd64-i386-xl-qemut-win7-amd64 17 guest-stop fail never pass test-arm64-arm64-xl-xsm 7 xen-boot fail never pass test-amd64-amd64-xl-qemut-ws16-amd64 17 guest-stop fail never pass test-armhf-armhf-libvirt-raw 12 migrate-support-check fail never pass test-armhf-armhf-libvirt-raw 13 saverestore-support-check fail never pass test-amd64-amd64-xl-qemuu-ws16-amd64 17 guest-stop fail never pass test-amd64-i386-xl-qemuu-ws16-amd64 17 guest-stop fail never pass test-amd64-i386-xl-qemut-ws16-amd64 17 guest-stop fail never pass test-amd64-amd64-xl-qemut-win10-i386 10 windows-install fail never pass test-amd64-i386-xl-qemuu-win10-i386 10 windows-install fail never pass test-amd64-i386-xl-qemut-win10-i386 10 windows-install fail never pass test-amd64-amd64-xl-qemuu-win10-i386 10 windows-install fail never pass version targeted for testing: linux 3904234bd04fa7c40467e5d8b3301893fae16e87 baseline version: linux dc16a7e5f36d65b25a1b66ade14356773ed52875 Last test of basis 139698 2019-08-04 07:48:30 Z 8 days Failing since 139773 2019-08-06 16:40:26 Z 6 days 8 attempts Testing same since 139968 2019-08-12 02:01:49 Z 0 days 2 attempts ------------------------------------------------------------ People who touched revisions under test: "Eric W. Biederman" <[email protected]> Al Viro <[email protected]> Alessio Balsini <[email protected]> Andrea Parri <[email protected]> Andrew Morton <[email protected]> Andrew Prout <[email protected]> Andy Lutomirski <[email protected]> Arnd Bergmann <[email protected]> Barret Rhoden <[email protected]> Ben Hutchings <[email protected]> Benjamin Block <[email protected]> Benjamin Poirier <[email protected]> Catalin Marinas <[email protected]> Christoph Paasch <[email protected]> David S. Miller <[email protected]> David Sterba <[email protected]> Doug Berger <[email protected]> Douglas Anderson <[email protected]> Eric Dumazet <[email protected]> Geert Uytterhoeven <[email protected]> Greg Kroah-Hartman <[email protected]> Guenter Roeck <[email protected]> Guillaume Nault <[email protected]> Gustavo A. R. Silva <[email protected]> Heiko Stuebner <[email protected]> Ilya Dryomov <[email protected]> Ingo Molnar <[email protected]> Jan Harkes <[email protected]> Jens Axboe <[email protected]> Jessica Yu <[email protected]> Jia-Ju Bai <[email protected]> Jiri Kosina <[email protected]> Jiri Pirko <[email protected]> Jonathan Lemon <[email protected]> Josh Poimboeuf <[email protected]> Juergen Gross <[email protected]> Kees Cook <[email protected]> Konrad Rzeszutek Wilk <[email protected]> Linus Torvalds <[email protected]> Lukas Wunner <[email protected]> Manish Chopra <[email protected]> Mark Brown <[email protected]> Mark Rutland <[email protected]> Mark Zhang <[email protected]> Martin K. Petersen <[email protected]> Michal Kubecek <[email protected]> Michal Nazarewicz <[email protected]> Mikko Rapeli <[email protected]> Neal Cardwell <[email protected]> Nikolay Aleksandrov <[email protected]> Ondrej Mosnacek <[email protected]> Pablo Neira Ayuso <[email protected]> Paolo Bonzini <[email protected]> Paul Burton <[email protected]> Paul Moore <[email protected]> Peter Zijlstra (Intel) <[email protected]> Petr Cvek <[email protected]> Phil Turnbull <[email protected]> Prarit Bhargava <[email protected]> Qian Cai <[email protected]> Rafael J. Wysocki <[email protected]> Russell King <[email protected]> Saeed Mahameed <[email protected]> Sam Protsenko <[email protected]> Sasha Levin <[email protected]> Sebastian Parschauer <[email protected]> Stefan Haberland <[email protected]> Stefan Wahren <[email protected]> Sudarsana Reddy Kalluru <[email protected]> Taras Kondratiuk <[email protected]> Thomas Gleixner <[email protected]> Vinod Koul <[email protected]> Wanpeng Li <[email protected]> Will Deacon <[email protected]> Will Deacon <[email protected]> xiao jin <[email protected]> Ying Xue <[email protected]> Yuchung Cheng <[email protected]> Zhouyang Jia <[email protected]> jobs: build-amd64-xsm pass build-arm64-xsm pass build-i386-xsm pass build-amd64 pass build-arm64 pass build-armhf pass build-i386 pass build-amd64-libvirt pass build-arm64-libvirt pass build-armhf-libvirt pass build-i386-libvirt pass build-amd64-pvops pass build-arm64-pvops pass build-armhf-pvops pass build-i386-pvops pass test-amd64-amd64-xl pass test-arm64-arm64-xl fail test-armhf-armhf-xl pass test-amd64-i386-xl pass test-amd64-amd64-libvirt-qemuu-debianhvm-amd64-xsm pass test-amd64-i386-libvirt-qemuu-debianhvm-amd64-xsm pass test-amd64-amd64-xl-qemut-stubdom-debianhvm-amd64-xsm pass test-amd64-i386-xl-qemut-stubdom-debianhvm-amd64-xsm pass test-amd64-amd64-xl-qemut-debianhvm-i386-xsm pass test-amd64-i386-xl-qemut-debianhvm-i386-xsm pass test-amd64-amd64-xl-qemuu-debianhvm-i386-xsm pass test-amd64-i386-xl-qemuu-debianhvm-i386-xsm pass test-amd64-amd64-libvirt-xsm pass test-arm64-arm64-libvirt-xsm fail test-amd64-i386-libvirt-xsm pass test-amd64-amd64-xl-xsm pass test-arm64-arm64-xl-xsm fail test-amd64-i386-xl-xsm pass test-amd64-amd64-qemuu-nested-amd fail test-amd64-amd64-xl-pvhv2-amd fail test-amd64-i386-qemut-rhel6hvm-amd pass test-amd64-i386-qemuu-rhel6hvm-amd pass test-amd64-amd64-xl-qemut-debianhvm-amd64 pass test-amd64-i386-xl-qemut-debianhvm-amd64 pass test-amd64-amd64-xl-qemuu-debianhvm-amd64 pass test-amd64-i386-xl-qemuu-debianhvm-amd64 pass test-amd64-i386-freebsd10-amd64 pass test-amd64-amd64-xl-qemuu-ovmf-amd64 pass test-amd64-i386-xl-qemuu-ovmf-amd64 pass test-amd64-amd64-xl-qemut-win7-amd64 fail test-amd64-i386-xl-qemut-win7-amd64 fail test-amd64-amd64-xl-qemuu-win7-amd64 fail test-amd64-i386-xl-qemuu-win7-amd64 fail test-amd64-amd64-xl-qemut-ws16-amd64 fail test-amd64-i386-xl-qemut-ws16-amd64 fail test-amd64-amd64-xl-qemuu-ws16-amd64 fail test-amd64-i386-xl-qemuu-ws16-amd64 fail test-armhf-armhf-xl-arndale pass test-amd64-amd64-xl-credit1 pass test-arm64-arm64-xl-credit1 fail test-armhf-armhf-xl-credit1 pass test-amd64-amd64-xl-credit2 pass test-arm64-arm64-xl-credit2 fail test-armhf-armhf-xl-credit2 pass test-armhf-armhf-xl-cubietruck pass test-amd64-amd64-xl-qemuu-dmrestrict-amd64-dmrestrict fail test-amd64-i386-xl-qemuu-dmrestrict-amd64-dmrestrict fail test-amd64-amd64-examine pass test-arm64-arm64-examine fail test-armhf-armhf-examine pass test-amd64-i386-examine pass test-amd64-i386-freebsd10-i386 pass test-amd64-amd64-xl-qemut-win10-i386 fail test-amd64-i386-xl-qemut-win10-i386 fail test-amd64-amd64-xl-qemuu-win10-i386 fail test-amd64-i386-xl-qemuu-win10-i386 fail test-amd64-amd64-qemuu-nested-intel pass test-amd64-amd64-xl-pvhv2-intel fail test-amd64-i386-qemut-rhel6hvm-intel pass test-amd64-i386-qemuu-rhel6hvm-intel pass test-amd64-amd64-libvirt pass test-armhf-armhf-libvirt pass test-amd64-i386-libvirt pass test-amd64-amd64-xl-multivcpu pass test-armhf-armhf-xl-multivcpu pass test-amd64-amd64-pair pass test-amd64-i386-pair pass test-amd64-amd64-libvirt-pair pass test-amd64-i386-libvirt-pair pass test-amd64-amd64-amd64-pvgrub pass test-amd64-amd64-i386-pvgrub pass test-amd64-amd64-xl-pvshim fail test-amd64-i386-xl-pvshim fail test-amd64-amd64-pygrub pass test-amd64-amd64-xl-qcow2 pass test-armhf-armhf-libvirt-raw pass test-amd64-i386-xl-raw pass test-amd64-amd64-xl-rtds pass test-armhf-armhf-xl-rtds pass test-arm64-arm64-xl-seattle fail test-amd64-amd64-xl-qemuu-debianhvm-amd64-shadow pass test-amd64-i386-xl-qemuu-debianhvm-amd64-shadow pass test-amd64-amd64-xl-shadow pass test-amd64-i386-xl-shadow pass test-arm64-arm64-xl-thunderx fail test-amd64-amd64-libvirt-vhd pass test-armhf-armhf-xl-vhd fail ------------------------------------------------------------ sg-report-flight on osstest.test-lab.xenproject.org logs: /home/logs/logs images: /home/logs/images Logs, config files, etc. are available at http://logs.test-lab.xenproject.org/osstest/logs Explanation of these reports, and of osstest in general, is at http://xenbits.xen.org/gitweb/?p=osstest.git;a=blob;f=README.email;hb=master http://xenbits.xen.org/gitweb/?p=osstest.git;a=blob;f=README;hb=master Test harness code can be found at http://xenbits.xen.org/gitweb?p=osstest.git;a=summary Not pushing. (No revision log; it would be 1596 lines long.) _______________________________________________ Xen-devel mailing list [email protected] https://lists.xenproject.org/mailman/listinfo/xen-devel
