flight 139242 linux-4.14 real [real]
http://logs.test-lab.xenproject.org/osstest/logs/139242/

Failures :-/ but no regressions.

Tests which did not succeed, but are not blocking:
 test-amd64-i386-xl-pvshim    12 guest-start                  fail   never pass
 test-amd64-amd64-libvirt-xsm 13 migrate-support-check        fail   never pass
 test-amd64-amd64-libvirt     13 migrate-support-check        fail   never pass
 test-amd64-i386-libvirt-xsm  13 migrate-support-check        fail   never pass
 test-amd64-i386-libvirt      13 migrate-support-check        fail   never pass
 test-arm64-arm64-xl-seattle  13 migrate-support-check        fail   never pass
 test-arm64-arm64-xl-seattle  14 saverestore-support-check    fail   never pass
 test-amd64-amd64-libvirt-qemuu-debianhvm-amd64-xsm 11 migrate-support-check 
fail never pass
 test-amd64-amd64-qemuu-nested-amd 17 debian-hvm-install/l1/l2  fail never pass
 test-amd64-amd64-libvirt-vhd 12 migrate-support-check        fail   never pass
 test-amd64-i386-libvirt-qemuu-debianhvm-amd64-xsm 11 migrate-support-check 
fail never pass
 test-arm64-arm64-xl-credit2  13 migrate-support-check        fail   never pass
 test-arm64-arm64-xl-credit2  14 saverestore-support-check    fail   never pass
 test-arm64-arm64-xl-xsm      13 migrate-support-check        fail   never pass
 test-arm64-arm64-xl-xsm      14 saverestore-support-check    fail   never pass
 test-arm64-arm64-xl-thunderx 13 migrate-support-check        fail   never pass
 test-arm64-arm64-xl-thunderx 14 saverestore-support-check    fail   never pass
 test-arm64-arm64-xl          13 migrate-support-check        fail   never pass
 test-arm64-arm64-xl          14 saverestore-support-check    fail   never pass
 test-arm64-arm64-libvirt-xsm 13 migrate-support-check        fail   never pass
 test-arm64-arm64-libvirt-xsm 14 saverestore-support-check    fail   never pass
 test-arm64-arm64-xl-credit1  13 migrate-support-check        fail   never pass
 test-arm64-arm64-xl-credit1  14 saverestore-support-check    fail   never pass
 test-armhf-armhf-xl-arndale  13 migrate-support-check        fail   never pass
 test-armhf-armhf-xl-arndale  14 saverestore-support-check    fail   never pass
 test-armhf-armhf-xl          13 migrate-support-check        fail   never pass
 test-armhf-armhf-xl          14 saverestore-support-check    fail   never pass
 test-amd64-i386-xl-qemut-win7-amd64 17 guest-stop              fail never pass
 test-armhf-armhf-libvirt     13 migrate-support-check        fail   never pass
 test-armhf-armhf-libvirt     14 saverestore-support-check    fail   never pass
 test-amd64-amd64-xl-qemuu-ws16-amd64 17 guest-stop             fail never pass
 test-amd64-i386-xl-qemuu-win7-amd64 17 guest-stop              fail never pass
 test-amd64-amd64-xl-qemuu-win7-amd64 17 guest-stop             fail never pass
 test-armhf-armhf-xl-rtds     13 migrate-support-check        fail   never pass
 test-armhf-armhf-xl-rtds     14 saverestore-support-check    fail   never pass
 test-armhf-armhf-xl-credit1  13 migrate-support-check        fail   never pass
 test-armhf-armhf-xl-credit1  14 saverestore-support-check    fail   never pass
 test-armhf-armhf-xl-multivcpu 13 migrate-support-check        fail  never pass
 test-armhf-armhf-xl-multivcpu 14 saverestore-support-check    fail  never pass
 test-armhf-armhf-xl-cubietruck 13 migrate-support-check        fail never pass
 test-armhf-armhf-xl-cubietruck 14 saverestore-support-check    fail never pass
 test-amd64-i386-xl-qemut-ws16-amd64 17 guest-stop              fail never pass
 test-amd64-amd64-xl-qemut-ws16-amd64 17 guest-stop             fail never pass
 test-armhf-armhf-libvirt-raw 12 migrate-support-check        fail   never pass
 test-armhf-armhf-libvirt-raw 13 saverestore-support-check    fail   never pass
 test-armhf-armhf-xl-vhd      12 migrate-support-check        fail   never pass
 test-armhf-armhf-xl-vhd      13 saverestore-support-check    fail   never pass
 test-amd64-amd64-xl-qemut-win7-amd64 17 guest-stop             fail never pass
 test-armhf-armhf-xl-credit2  13 migrate-support-check        fail   never pass
 test-armhf-armhf-xl-credit2  14 saverestore-support-check    fail   never pass
 test-amd64-i386-xl-qemuu-ws16-amd64 17 guest-stop              fail never pass
 test-amd64-amd64-xl-qemuu-win10-i386 10 windows-install        fail never pass
 test-amd64-amd64-xl-qemut-win10-i386 10 windows-install        fail never pass
 test-amd64-i386-xl-qemuu-win10-i386 10 windows-install         fail never pass
 test-amd64-i386-xl-qemut-win10-i386 10 windows-install         fail never pass

version targeted for testing:
 linux                ff33472c282e209da54cbc0c7c1c06ddfcc93d33
baseline version:
 linux                aea8526edf59da3ff5306ca408e13d8f6ab89b34

Last test of basis   138881  2019-07-10 08:10:31 Z   12 days
Testing same since   139232  2019-07-21 07:11:13 Z    1 days    2 attempts

------------------------------------------------------------
People who touched revisions under test:
  Aaron Brown <[email protected]>
  Aaron Ma <[email protected]>
  Alan Stern <[email protected]>
  Alex Deucher <[email protected]>
  Andi Kleen <[email protected]>
  Andreas Fritiofson <[email protected]>
  Andrew Morton <[email protected]>
  Anna Schumaker <[email protected]>
  Anson Huang <[email protected]>
  Ard Biesheuvel <[email protected]>
  Arnd Bergmann <[email protected]>
  Bartosz Golaszewski <[email protected]>
  Benjamin Tissoires <[email protected]>
  Brian Norris <[email protected]>
  Chang-Hsien Tsai <[email protected]>
  Christian Lamparter <[email protected]>
  Christophe Leroy <[email protected]>
  Cole Rogers <[email protected]>
  Colin Ian King <[email protected]>
  Dan Carpenter <[email protected]>
  Daniel Borkmann <[email protected]>
  Dave Airlie <[email protected]>
  Dave Martin <[email protected]>
  David S. Miller <[email protected]>
  Dianzhang Chen <[email protected]>
  Dmitry Torokhov <[email protected]>
  Douglas Anderson <[email protected]>
  Eiichi Tsukata <[email protected]>
  Eric Biggers <[email protected]>
  Eugen Hristev <[email protected]>
  Felipe Balbi <[email protected]>
  Greg Kroah-Hartman <[email protected]>
  Guillaume Nault <[email protected]>
  Hans de Goede <[email protected]>
  Haren Myneni <[email protected]>
  Heiko Carstens <[email protected]>
  Herbert Xu <[email protected]>
  Hongjie Fang <[email protected]>
  Ian Abbott <[email protected]>
  Ido Schimmel <[email protected]>
  Ingo Molnar <[email protected]>
  Jakub Sitnicki <[email protected]>
  James Morse <[email protected]>
  Jan Kara <[email protected]>
  Jeff Kirsher <[email protected]>
  Jens Axboe <[email protected]>
  Jia-Ju Bai <[email protected]>
  Jiri Pirko <[email protected]>
  Johan Hovold <[email protected]>
  Johannes Berg <[email protected]>
  John Fastabend <[email protected]>
  Jonathan Cameron <[email protected]>
  Jonathan Corbet <[email protected]>
  Joseph Yasi <[email protected]>
  Julian Wiedmann <[email protected]>
  Jörgen Storvist <[email protected]>
  Kailang Yang <[email protected]>
  Kalle Valo <[email protected]>
  Kirill A. Shutemov <[email protected]>
  Kirill A. Shutemov <[email protected]>
  Kiruthika Varadarajan <[email protected]>
  Konstantin Khlebnikov <[email protected]>
  Lin Yi <[email protected]>
  Linus Torvalds <[email protected]>
  Luca Coelho <[email protected]>
  Marc Kleine-Budde <[email protected]>
  Marc Zyngier <[email protected]>
  Mariusz Tkaczyk <[email protected]>
  Masahiro Yamada <[email protected]>
  Mauro S. M. Rodrigues <[email protected]>
  Melissa Wen <[email protected]>
  Mike Snitzer <[email protected]>
  Milan Broz <[email protected]>
  Oleksandr Natalenko <[email protected]>
  Oliver Barta <[email protected]>
  Oliver Hartkopp <[email protected]>
  Olof Johansson <[email protected]>
  Pablo Neira Ayuso <[email protected]>
  Paul Burton <[email protected]>
  Peter Ujfalusi <[email protected]>
  Peter Zijlstra (Intel) <[email protected]>
  Peter Zijlstra <[email protected]>
  Petr Oros <[email protected]>
  Pradeep Kumar Chitrapu <[email protected]>
  Rasmus Villemoes <[email protected]>
  Reinhard Speyerer <[email protected]>
  Ross Zwisler <[email protected]>
  Ryusuke Konishi <[email protected]>
  Sasha Levin <[email protected]>
  Sean Nyekjaer <[email protected]>
  Sean Paul <[email protected]>
  Sean Young <[email protected]>
  Sekhar Nori <[email protected]>
  Sergej Benilov <[email protected]>
  Shawn Guo <[email protected]>
  Song Liu <[email protected]>
  Stephen Boyd <[email protected]>
  Steven J. Magnani <[email protected]>
  Steven J. Magnani <[email protected]>
  Sudarsana Reddy Kalluru <[email protected]>
  Sébastien Szymanski <[email protected]>
  Takashi Iwai <[email protected]>
  Teresa Remmet <[email protected]>
  Thomas Falcon <[email protected]>
  Thomas Gleixner <[email protected]>
  Thomas Pedersen <[email protected]>
  Tim Chen <[email protected]>
  Todd Kjos <[email protected]>
  Todd Kjos <[email protected]>
  Tomi Valkeinen <[email protected]>
  Tony Lindgren <[email protected]>
  Vasily Gorbik <[email protected]>
  Vineet Gupta <[email protected]>
  Vinod Koul <[email protected]>
  Vishnu Dasa <[email protected]>
  Will Deacon <[email protected]>
  Xin Long <[email protected]>
  yangerkun <[email protected]>
  Yibo Zhao <[email protected]>
  Yoshihiro Shimoda <[email protected]>
  YueHaibing <[email protected]>
  Zhi Chen <[email protected]>

jobs:
 build-amd64-xsm                                              pass    
 build-arm64-xsm                                              pass    
 build-i386-xsm                                               pass    
 build-amd64                                                  pass    
 build-arm64                                                  pass    
 build-armhf                                                  pass    
 build-i386                                                   pass    
 build-amd64-libvirt                                          pass    
 build-arm64-libvirt                                          pass    
 build-armhf-libvirt                                          pass    
 build-i386-libvirt                                           pass    
 build-amd64-pvops                                            pass    
 build-arm64-pvops                                            pass    
 build-armhf-pvops                                            pass    
 build-i386-pvops                                             pass    
 test-amd64-amd64-xl                                          pass    
 test-arm64-arm64-xl                                          pass    
 test-armhf-armhf-xl                                          pass    
 test-amd64-i386-xl                                           pass    
 test-amd64-amd64-libvirt-qemuu-debianhvm-amd64-xsm           pass    
 test-amd64-i386-libvirt-qemuu-debianhvm-amd64-xsm            pass    
 test-amd64-amd64-xl-qemut-stubdom-debianhvm-amd64-xsm        pass    
 test-amd64-i386-xl-qemut-stubdom-debianhvm-amd64-xsm         pass    
 test-amd64-amd64-xl-qemut-debianhvm-i386-xsm                 pass    
 test-amd64-i386-xl-qemut-debianhvm-i386-xsm                  pass    
 test-amd64-amd64-xl-qemuu-debianhvm-i386-xsm                 pass    
 test-amd64-i386-xl-qemuu-debianhvm-i386-xsm                  pass    
 test-amd64-amd64-libvirt-xsm                                 pass    
 test-arm64-arm64-libvirt-xsm                                 pass    
 test-amd64-i386-libvirt-xsm                                  pass    
 test-amd64-amd64-xl-xsm                                      pass    
 test-arm64-arm64-xl-xsm                                      pass    
 test-amd64-i386-xl-xsm                                       pass    
 test-amd64-amd64-qemuu-nested-amd                            fail    
 test-amd64-amd64-xl-pvhv2-amd                                pass    
 test-amd64-i386-qemut-rhel6hvm-amd                           pass    
 test-amd64-i386-qemuu-rhel6hvm-amd                           pass    
 test-amd64-amd64-xl-qemut-debianhvm-amd64                    pass    
 test-amd64-i386-xl-qemut-debianhvm-amd64                     pass    
 test-amd64-amd64-xl-qemuu-debianhvm-amd64                    pass    
 test-amd64-i386-xl-qemuu-debianhvm-amd64                     pass    
 test-amd64-i386-freebsd10-amd64                              pass    
 test-amd64-amd64-xl-qemuu-ovmf-amd64                         pass    
 test-amd64-i386-xl-qemuu-ovmf-amd64                          pass    
 test-amd64-amd64-xl-qemut-win7-amd64                         fail    
 test-amd64-i386-xl-qemut-win7-amd64                          fail    
 test-amd64-amd64-xl-qemuu-win7-amd64                         fail    
 test-amd64-i386-xl-qemuu-win7-amd64                          fail    
 test-amd64-amd64-xl-qemut-ws16-amd64                         fail    
 test-amd64-i386-xl-qemut-ws16-amd64                          fail    
 test-amd64-amd64-xl-qemuu-ws16-amd64                         fail    
 test-amd64-i386-xl-qemuu-ws16-amd64                          fail    
 test-armhf-armhf-xl-arndale                                  pass    
 test-amd64-amd64-xl-credit1                                  pass    
 test-arm64-arm64-xl-credit1                                  pass    
 test-armhf-armhf-xl-credit1                                  pass    
 test-amd64-amd64-xl-credit2                                  pass    
 test-arm64-arm64-xl-credit2                                  pass    
 test-armhf-armhf-xl-credit2                                  pass    
 test-armhf-armhf-xl-cubietruck                               pass    
 test-amd64-amd64-xl-qemuu-dmrestrict-amd64-dmrestrict        pass    
 test-amd64-i386-xl-qemuu-dmrestrict-amd64-dmrestrict         pass    
 test-amd64-amd64-examine                                     pass    
 test-arm64-arm64-examine                                     pass    
 test-armhf-armhf-examine                                     pass    
 test-amd64-i386-examine                                      pass    
 test-amd64-i386-freebsd10-i386                               pass    
 test-amd64-amd64-xl-qemut-win10-i386                         fail    
 test-amd64-i386-xl-qemut-win10-i386                          fail    
 test-amd64-amd64-xl-qemuu-win10-i386                         fail    
 test-amd64-i386-xl-qemuu-win10-i386                          fail    
 test-amd64-amd64-qemuu-nested-intel                          pass    
 test-amd64-amd64-xl-pvhv2-intel                              pass    
 test-amd64-i386-qemut-rhel6hvm-intel                         pass    
 test-amd64-i386-qemuu-rhel6hvm-intel                         pass    
 test-amd64-amd64-libvirt                                     pass    
 test-armhf-armhf-libvirt                                     pass    
 test-amd64-i386-libvirt                                      pass    
 test-amd64-amd64-xl-multivcpu                                pass    
 test-armhf-armhf-xl-multivcpu                                pass    
 test-amd64-amd64-pair                                        pass    
 test-amd64-i386-pair                                         pass    
 test-amd64-amd64-libvirt-pair                                pass    
 test-amd64-i386-libvirt-pair                                 pass    
 test-amd64-amd64-amd64-pvgrub                                pass    
 test-amd64-amd64-i386-pvgrub                                 pass    
 test-amd64-amd64-xl-pvshim                                   pass    
 test-amd64-i386-xl-pvshim                                    fail    
 test-amd64-amd64-pygrub                                      pass    
 test-amd64-amd64-xl-qcow2                                    pass    
 test-armhf-armhf-libvirt-raw                                 pass    
 test-amd64-i386-xl-raw                                       pass    
 test-amd64-amd64-xl-rtds                                     pass    
 test-armhf-armhf-xl-rtds                                     pass    
 test-arm64-arm64-xl-seattle                                  pass    
 test-amd64-amd64-xl-qemuu-debianhvm-amd64-shadow             pass    
 test-amd64-i386-xl-qemuu-debianhvm-amd64-shadow              pass    
 test-amd64-amd64-xl-shadow                                   pass    
 test-amd64-i386-xl-shadow                                    pass    
 test-arm64-arm64-xl-thunderx                                 pass    
 test-amd64-amd64-libvirt-vhd                                 pass    
 test-armhf-armhf-xl-vhd                                      pass    


------------------------------------------------------------
sg-report-flight on osstest.test-lab.xenproject.org
logs: /home/logs/logs
images: /home/logs/images

Logs, config files, etc. are available at
    http://logs.test-lab.xenproject.org/osstest/logs

Explanation of these reports, and of osstest in general, is at
    http://xenbits.xen.org/gitweb/?p=osstest.git;a=blob;f=README.email;hb=master
    http://xenbits.xen.org/gitweb/?p=osstest.git;a=blob;f=README;hb=master

Test harness code can be found at
    http://xenbits.xen.org/gitweb?p=osstest.git;a=summary


Pushing revision :

To xenbits.xen.org:/home/xen/git/linux-pvops.git
   aea8526edf59..ff33472c282e  ff33472c282e209da54cbc0c7c1c06ddfcc93d33 -> 
tested/linux-4.14

_______________________________________________
Xen-devel mailing list
[email protected]
https://lists.xenproject.org/mailman/listinfo/xen-devel

Reply via email to