flight 138558 qemu-mainline real [real] http://logs.test-lab.xenproject.org/osstest/logs/138558/
Regressions :-( Tests which did not succeed and are blocking, including tests which could not be run: build-amd64-xsm 6 xen-build fail REGR. vs. 137600 build-amd64 6 xen-build fail REGR. vs. 137600 build-arm64-xsm 6 xen-build fail REGR. vs. 137600 build-arm64 6 xen-build fail REGR. vs. 137600 build-i386-xsm 6 xen-build fail REGR. vs. 137600 build-i386 6 xen-build fail REGR. vs. 137600 build-armhf 6 xen-build fail REGR. vs. 137600 Tests which did not succeed, but are not blocking: build-arm64-libvirt 1 build-check(1) blocked n/a test-amd64-i386-xl-xsm 1 build-check(1) blocked n/a test-amd64-amd64-xl-shadow 1 build-check(1) blocked n/a test-amd64-i386-xl-shadow 1 build-check(1) blocked n/a test-amd64-i386-qemuu-rhel6hvm-intel 1 build-check(1) blocked n/a test-amd64-amd64-xl-qemuu-win7-amd64 1 build-check(1) blocked n/a test-amd64-amd64-qemuu-nested-amd 1 build-check(1) blocked n/a test-armhf-armhf-xl 1 build-check(1) blocked n/a test-armhf-armhf-xl-credit2 1 build-check(1) blocked n/a test-amd64-i386-xl-qemuu-win7-amd64 1 build-check(1) blocked n/a test-armhf-armhf-xl-credit1 1 build-check(1) blocked n/a test-arm64-arm64-xl-xsm 1 build-check(1) blocked n/a test-amd64-amd64-libvirt-xsm 1 build-check(1) blocked n/a test-amd64-i386-pair 1 build-check(1) blocked n/a test-arm64-arm64-xl-thunderx 1 build-check(1) blocked n/a test-armhf-armhf-xl-cubietruck 1 build-check(1) blocked n/a test-amd64-i386-qemuu-rhel6hvm-amd 1 build-check(1) blocked n/a test-amd64-amd64-xl-pvhv2-amd 1 build-check(1) blocked n/a test-amd64-amd64-xl-qemuu-debianhvm-amd64 1 build-check(1) blocked n/a test-armhf-armhf-xl-multivcpu 1 build-check(1) blocked n/a build-amd64-libvirt 1 build-check(1) blocked n/a test-amd64-amd64-xl-credit2 1 build-check(1) blocked n/a test-armhf-armhf-xl-vhd 1 build-check(1) blocked n/a test-amd64-amd64-xl-qemuu-debianhvm-amd64-shadow 1 build-check(1) blocked n/a test-armhf-armhf-xl-arndale 1 build-check(1) blocked n/a test-arm64-arm64-xl-seattle 1 build-check(1) blocked n/a test-amd64-amd64-xl-qemuu-debianhvm-i386-xsm 1 build-check(1) blocked n/a test-amd64-i386-xl-qemuu-debianhvm-amd64 1 build-check(1) blocked n/a test-amd64-amd64-xl-qemuu-ws16-amd64 1 build-check(1) blocked n/a test-amd64-i386-libvirt-pair 1 build-check(1) blocked n/a test-amd64-amd64-xl-pvshim 1 build-check(1) blocked n/a test-amd64-i386-xl-pvshim 1 build-check(1) blocked n/a test-armhf-armhf-xl-rtds 1 build-check(1) blocked n/a test-amd64-amd64-xl-qcow2 1 build-check(1) blocked n/a test-amd64-i386-xl-qemuu-ws16-amd64 1 build-check(1) blocked n/a test-amd64-amd64-pair 1 build-check(1) blocked n/a test-amd64-amd64-amd64-pvgrub 1 build-check(1) blocked n/a build-armhf-libvirt 1 build-check(1) blocked n/a test-amd64-i386-xl 1 build-check(1) blocked n/a test-arm64-arm64-xl 1 build-check(1) blocked n/a test-amd64-amd64-xl-rtds 1 build-check(1) blocked n/a test-amd64-i386-libvirt-xsm 1 build-check(1) blocked n/a test-armhf-armhf-libvirt 1 build-check(1) blocked n/a test-amd64-amd64-xl-xsm 1 build-check(1) blocked n/a test-amd64-i386-xl-raw 1 build-check(1) blocked n/a test-amd64-amd64-libvirt-vhd 1 build-check(1) blocked n/a test-amd64-i386-libvirt-qemuu-debianhvm-amd64-xsm 1 build-check(1) blocked n/a test-amd64-i386-xl-qemuu-debianhvm-i386-xsm 1 build-check(1) blocked n/a test-amd64-i386-freebsd10-i386 1 build-check(1) blocked n/a test-arm64-arm64-libvirt-xsm 1 build-check(1) blocked n/a build-i386-libvirt 1 build-check(1) blocked n/a test-amd64-i386-xl-qemuu-dmrestrict-amd64-dmrestrict 1 build-check(1) blocked n/a test-arm64-arm64-xl-credit1 1 build-check(1) blocked n/a test-amd64-i386-freebsd10-amd64 1 build-check(1) blocked n/a test-amd64-i386-libvirt 1 build-check(1) blocked n/a test-amd64-amd64-xl-qemuu-ovmf-amd64 1 build-check(1) blocked n/a test-amd64-amd64-libvirt-pair 1 build-check(1) blocked n/a test-amd64-amd64-xl-credit1 1 build-check(1) blocked n/a test-amd64-amd64-i386-pvgrub 1 build-check(1) blocked n/a test-amd64-i386-xl-qemuu-debianhvm-amd64-shadow 1 build-check(1) blocked n/a test-amd64-amd64-libvirt-qemuu-debianhvm-amd64-xsm 1 build-check(1) blocked n/a test-armhf-armhf-libvirt-raw 1 build-check(1) blocked n/a test-amd64-amd64-xl-qemuu-dmrestrict-amd64-dmrestrict 1 build-check(1) blocked n/a test-amd64-amd64-pygrub 1 build-check(1) blocked n/a test-amd64-amd64-xl-pvhv2-intel 1 build-check(1) blocked n/a test-amd64-amd64-libvirt 1 build-check(1) blocked n/a test-amd64-i386-xl-qemuu-win10-i386 1 build-check(1) blocked n/a test-amd64-i386-xl-qemuu-ovmf-amd64 1 build-check(1) blocked n/a test-amd64-amd64-qemuu-nested-intel 1 build-check(1) blocked n/a test-amd64-amd64-xl 1 build-check(1) blocked n/a test-amd64-amd64-xl-multivcpu 1 build-check(1) blocked n/a test-amd64-amd64-xl-qemuu-win10-i386 1 build-check(1) blocked n/a test-arm64-arm64-xl-credit2 1 build-check(1) blocked n/a version targeted for testing: qemuu 474f3938d79ab36b9231c9ad3b5a9314c2aeacde baseline version: qemuu a578cdfbdd8f9beff5ced52b7826ddb1669abbbf Last test of basis 137600 2019-06-11 03:07:58 Z 16 days Failing since 137697 2019-06-13 03:40:16 Z 14 days 10 attempts Testing same since 138372 2019-06-23 13:15:01 Z 4 days 3 attempts ------------------------------------------------------------ People who touched revisions under test: Aleksandar Markovic <[email protected]> Alex Bennée <[email protected]> Alex Williamson <[email protected]> Andrew Randrianasulu <[email protected]> Andrey Shinkevich <[email protected]> Anton Blanchard <[email protected]> Benjamin Herrenschmidt <[email protected]> Chen Zhang <[email protected]> Cleber Rosa <[email protected]> Colin Xu <[email protected]> Cédric Le Goater <[email protected]> David Gibson <[email protected]> Eduardo Habkost <[email protected]> Eric Auger <[email protected]> Eric Blake <[email protected]> Gerd Hoffmann <[email protected]> Greg Kurz <[email protected]> Igor Mammedov <[email protected]> James Courtier-Dutton <[email protected]> John Snow <[email protected]> Jon Doron <[email protected]> Kevin Wolf <[email protected]> Laszlo Ersek <[email protected]> Laurent Vivier <[email protected]> Li Hangjing <[email protected]> Lidong Chen <[email protected]> Liran Alon <[email protected]> Maran Wilson <[email protected]> Marc-André Lureau <[email protected]> Mark Rutland <[email protected]> Markus Armbruster <[email protected]> Max Reitz <[email protected]> Michael S. Tsirkin <[email protected]> Paolo Bonzini <[email protected]> Pavel Dovgalyuk <[email protected]> Pavel Dovgalyuk <[email protected]> Peter Maydell <[email protected]> Peter Maydell <[email protected]>Reviewed-by: Richard Henderson <[email protected]> Philippe Mathieu-Daudé <[email protected]> Philippe Mathieu-Daudé <[email protected]> Richard Henderson <[email protected]> Stefano Garzarella <[email protected]> Thomas Huth <[email protected]> Vitaly Kuznetsov <[email protected]> Vladimir Sementsov-Ogievskiy <[email protected]> Wainer dos Santos Moschetta <[email protected]> Wei Yang <[email protected]> Xiaoyao Li <[email protected]> Yury Kotov <[email protected]> jobs: build-amd64-xsm fail build-arm64-xsm fail build-i386-xsm fail build-amd64 fail build-arm64 fail build-armhf fail build-i386 fail build-amd64-libvirt blocked build-arm64-libvirt blocked build-armhf-libvirt blocked build-i386-libvirt blocked build-amd64-pvops pass build-arm64-pvops pass build-armhf-pvops pass build-i386-pvops pass test-amd64-amd64-xl blocked test-arm64-arm64-xl blocked test-armhf-armhf-xl blocked test-amd64-i386-xl blocked test-amd64-amd64-libvirt-qemuu-debianhvm-amd64-xsm blocked test-amd64-i386-libvirt-qemuu-debianhvm-amd64-xsm blocked test-amd64-amd64-xl-qemuu-debianhvm-i386-xsm blocked test-amd64-i386-xl-qemuu-debianhvm-i386-xsm blocked test-amd64-amd64-libvirt-xsm blocked test-arm64-arm64-libvirt-xsm blocked test-amd64-i386-libvirt-xsm blocked test-amd64-amd64-xl-xsm blocked test-arm64-arm64-xl-xsm blocked test-amd64-i386-xl-xsm blocked test-amd64-amd64-qemuu-nested-amd blocked test-amd64-amd64-xl-pvhv2-amd blocked test-amd64-i386-qemuu-rhel6hvm-amd blocked test-amd64-amd64-xl-qemuu-debianhvm-amd64 blocked test-amd64-i386-xl-qemuu-debianhvm-amd64 blocked test-amd64-i386-freebsd10-amd64 blocked test-amd64-amd64-xl-qemuu-ovmf-amd64 blocked test-amd64-i386-xl-qemuu-ovmf-amd64 blocked test-amd64-amd64-xl-qemuu-win7-amd64 blocked test-amd64-i386-xl-qemuu-win7-amd64 blocked test-amd64-amd64-xl-qemuu-ws16-amd64 blocked test-amd64-i386-xl-qemuu-ws16-amd64 blocked test-armhf-armhf-xl-arndale blocked test-amd64-amd64-xl-credit1 blocked test-arm64-arm64-xl-credit1 blocked test-armhf-armhf-xl-credit1 blocked test-amd64-amd64-xl-credit2 blocked test-arm64-arm64-xl-credit2 blocked test-armhf-armhf-xl-credit2 blocked test-armhf-armhf-xl-cubietruck blocked test-amd64-amd64-xl-qemuu-dmrestrict-amd64-dmrestrict blocked test-amd64-i386-xl-qemuu-dmrestrict-amd64-dmrestrict blocked test-amd64-i386-freebsd10-i386 blocked test-amd64-amd64-xl-qemuu-win10-i386 blocked test-amd64-i386-xl-qemuu-win10-i386 blocked test-amd64-amd64-qemuu-nested-intel blocked test-amd64-amd64-xl-pvhv2-intel blocked test-amd64-i386-qemuu-rhel6hvm-intel blocked test-amd64-amd64-libvirt blocked test-armhf-armhf-libvirt blocked test-amd64-i386-libvirt blocked test-amd64-amd64-xl-multivcpu blocked test-armhf-armhf-xl-multivcpu blocked test-amd64-amd64-pair blocked test-amd64-i386-pair blocked test-amd64-amd64-libvirt-pair blocked test-amd64-i386-libvirt-pair blocked test-amd64-amd64-amd64-pvgrub blocked test-amd64-amd64-i386-pvgrub blocked test-amd64-amd64-xl-pvshim blocked test-amd64-i386-xl-pvshim blocked test-amd64-amd64-pygrub blocked test-amd64-amd64-xl-qcow2 blocked test-armhf-armhf-libvirt-raw blocked test-amd64-i386-xl-raw blocked test-amd64-amd64-xl-rtds blocked test-armhf-armhf-xl-rtds blocked test-arm64-arm64-xl-seattle blocked test-amd64-amd64-xl-qemuu-debianhvm-amd64-shadow blocked test-amd64-i386-xl-qemuu-debianhvm-amd64-shadow blocked test-amd64-amd64-xl-shadow blocked test-amd64-i386-xl-shadow blocked test-arm64-arm64-xl-thunderx blocked test-amd64-amd64-libvirt-vhd blocked test-armhf-armhf-xl-vhd blocked ------------------------------------------------------------ sg-report-flight on osstest.test-lab.xenproject.org logs: /home/logs/logs images: /home/logs/images Logs, config files, etc. are available at http://logs.test-lab.xenproject.org/osstest/logs Explanation of these reports, and of osstest in general, is at http://xenbits.xen.org/gitweb/?p=osstest.git;a=blob;f=README.email;hb=master http://xenbits.xen.org/gitweb/?p=osstest.git;a=blob;f=README;hb=master Test harness code can be found at http://xenbits.xen.org/gitweb?p=osstest.git;a=summary Not pushing. (No revision log; it would be 6221 lines long.) _______________________________________________ Xen-devel mailing list [email protected] https://lists.xenproject.org/mailman/listinfo/xen-devel
