flight 137618 linux-4.14 real [real]
http://logs.test-lab.xenproject.org/osstest/logs/137618/

Regressions :-(

Tests which did not succeed and are blocking,
including tests which could not be run:
 test-amd64-i386-libvirt-qemuu-debianhvm-amd64-xsm 16 
guest-start/debianhvm.repeat fail in 137513 REGR. vs. 137171

Tests which are failing intermittently (not blocking):
 test-armhf-armhf-xl-vhd     10 debian-di-install fail in 137513 pass in 137618
 test-amd64-i386-xl-qemut-stubdom-debianhvm-amd64-xsm 7 xen-boot fail pass in 
137513
 test-amd64-i386-qemuu-rhel6hvm-intel  7 xen-boot           fail pass in 137513
 test-amd64-amd64-xl-pvhv2-amd 18 guest-localmigrate/x10    fail pass in 137513
 test-amd64-i386-libvirt-qemuu-debianhvm-amd64-xsm 10 debian-hvm-install fail 
pass in 137513
 test-amd64-amd64-xl-qemuu-debianhvm-i386-xsm 15 guest-saverestore.2 fail pass 
in 137513

Tests which did not succeed, but are not blocking:
 test-amd64-i386-libvirt-qemuu-debianhvm-amd64-xsm 11 migrate-support-check 
fail in 137513 never pass
 test-arm64-arm64-examine     11 examine-serial/bootloader    fail  like 137171
 test-amd64-i386-xl-pvshim    12 guest-start                  fail   never pass
 test-amd64-i386-libvirt      13 migrate-support-check        fail   never pass
 test-amd64-i386-libvirt-xsm  13 migrate-support-check        fail   never pass
 test-amd64-amd64-libvirt     13 migrate-support-check        fail   never pass
 test-amd64-amd64-libvirt-xsm 13 migrate-support-check        fail   never pass
 test-amd64-amd64-libvirt-qemuu-debianhvm-amd64-xsm 11 migrate-support-check 
fail never pass
 test-amd64-amd64-libvirt-vhd 12 migrate-support-check        fail   never pass
 test-arm64-arm64-xl          13 migrate-support-check        fail   never pass
 test-arm64-arm64-xl          14 saverestore-support-check    fail   never pass
 test-amd64-amd64-qemuu-nested-amd 17 debian-hvm-install/l1/l2  fail never pass
 test-arm64-arm64-xl-credit1  13 migrate-support-check        fail   never pass
 test-arm64-arm64-xl-credit1  14 saverestore-support-check    fail   never pass
 test-arm64-arm64-xl-xsm      13 migrate-support-check        fail   never pass
 test-arm64-arm64-xl-xsm      14 saverestore-support-check    fail   never pass
 test-arm64-arm64-libvirt-xsm 13 migrate-support-check        fail   never pass
 test-arm64-arm64-libvirt-xsm 14 saverestore-support-check    fail   never pass
 test-armhf-armhf-xl-credit2  13 migrate-support-check        fail   never pass
 test-armhf-armhf-xl-credit2  14 saverestore-support-check    fail   never pass
 test-arm64-arm64-xl-credit2  13 migrate-support-check        fail   never pass
 test-arm64-arm64-xl-credit2  14 saverestore-support-check    fail   never pass
 test-armhf-armhf-xl-arndale  13 migrate-support-check        fail   never pass
 test-armhf-armhf-xl-arndale  14 saverestore-support-check    fail   never pass
 test-armhf-armhf-xl-vhd      12 migrate-support-check        fail   never pass
 test-armhf-armhf-xl-vhd      13 saverestore-support-check    fail   never pass
 test-armhf-armhf-xl-credit1  13 migrate-support-check        fail   never pass
 test-armhf-armhf-xl-credit1  14 saverestore-support-check    fail   never pass
 test-amd64-i386-xl-qemut-win7-amd64 17 guest-stop              fail never pass
 test-armhf-armhf-xl-rtds     13 migrate-support-check        fail   never pass
 test-armhf-armhf-xl-rtds     14 saverestore-support-check    fail   never pass
 test-armhf-armhf-xl          13 migrate-support-check        fail   never pass
 test-armhf-armhf-xl          14 saverestore-support-check    fail   never pass
 test-armhf-armhf-xl-multivcpu 13 migrate-support-check        fail  never pass
 test-armhf-armhf-xl-multivcpu 14 saverestore-support-check    fail  never pass
 test-armhf-armhf-xl-cubietruck 13 migrate-support-check        fail never pass
 test-armhf-armhf-xl-cubietruck 14 saverestore-support-check    fail never pass
 test-amd64-i386-xl-qemuu-win7-amd64 17 guest-stop              fail never pass
 test-armhf-armhf-libvirt     13 migrate-support-check        fail   never pass
 test-armhf-armhf-libvirt     14 saverestore-support-check    fail   never pass
 test-amd64-amd64-xl-qemuu-win7-amd64 17 guest-stop             fail never pass
 test-amd64-amd64-xl-qemuu-ws16-amd64 17 guest-stop             fail never pass
 test-amd64-i386-xl-qemut-ws16-amd64 17 guest-stop              fail never pass
 test-amd64-amd64-xl-qemut-ws16-amd64 17 guest-stop             fail never pass
 test-armhf-armhf-libvirt-raw 12 migrate-support-check        fail   never pass
 test-armhf-armhf-libvirt-raw 13 saverestore-support-check    fail   never pass
 test-amd64-amd64-xl-qemut-win7-amd64 17 guest-stop             fail never pass
 test-amd64-i386-xl-qemuu-ws16-amd64 17 guest-stop              fail never pass
 test-amd64-i386-xl-qemuu-win10-i386 10 windows-install         fail never pass
 test-amd64-amd64-xl-qemut-win10-i386 10 windows-install        fail never pass
 test-amd64-amd64-xl-qemuu-win10-i386 10 windows-install        fail never pass
 test-amd64-i386-xl-qemut-win10-i386 10 windows-install         fail never pass

version targeted for testing:
 linux                e6a95d8851f1e993269b2172595107061f9371ae
baseline version:
 linux                8cb1239889087368a792c655de99529eec219bfc

Last test of basis   137171  2019-06-02 10:19:15 Z   10 days
Testing same since   137513  2019-06-09 07:41:24 Z    3 days    2 attempts

------------------------------------------------------------
People who touched revisions under test:
  Alan Stern <[email protected]>
  Andrew Morton <[email protected]>
  Andrey Smirnov <[email protected]>
  Andy Duan <[email protected]>
  Antoine Tenart <[email protected]>
  Ard Biesheuvel <[email protected]>
  Baruch Siach <[email protected]>
  Ben Skeggs <[email protected]>
  Benjamin Coddington <[email protected]>
  Brian Norris <[email protected]>
  Carsten Schmid <[email protected]>
  Chris Packham <[email protected]>
  Christian Borntraeger <[email protected]>
  Cédric Le Goater <[email protected]>
  Dan Carpenter <[email protected]>
  Daniel Axtens <[email protected]>
  David Ahern <[email protected]>
  David S. Miller <[email protected]>
  David Sterba <[email protected]>
  Douglas Anderson <[email protected]>
  Eric Dumazet <[email protected]>
  Eugeniu Rosca <[email protected]>
  Fabio Estevam <[email protected]>
  Filipe Manana <[email protected]>
  Fugang Duan <[email protected]>
  George G. Davis <[email protected]>
  Greg Kroah-Hartman <[email protected]>
  Greg Kurz <[email protected]>
  Heiko Stuebner <[email protected]>
  Henry Lin <[email protected]>
  Herbert Xu <[email protected]>
  Ido Schimmel <[email protected]>
  J. Bruce Fields <[email protected]>
  James Clarke <[email protected]>
  Jan Klötzke <[email protected]>
  Jessica Yu <[email protected]>
  Jiri Slaby <[email protected]>
  Jisheng Zhang <[email protected]>
  Joe Burmeister <[email protected]>
  Jonathan Corbet <[email protected]>
  Jorge Ramirez-Ortiz <[email protected]>
  Juergen Gross <[email protected]>
  Junwei Hu <[email protected]>
  Kailang Yang <[email protected]>
  Kees Cook <[email protected]>
  Kloetzke Jan <[email protected]>
  Konrad Rzeszutek Wilk <[email protected]>
  Laurent Pinchart <[email protected]>
  Linus Torvalds <[email protected]>
  Lyude Paul <[email protected]>
  Marc Zyngier <[email protected]>
  Martin K. Petersen <[email protected]>
  Mathias Nyman <[email protected]>
  Matthias Kaehlcke <[email protected]>
  Mauro Carvalho Chehab <[email protected]>
  Maxime Chevallier <[email protected]>
  Maximilian Luz <[email protected]>
  Meelis Roos <[email protected]>
  Michael Chan <[email protected]>
  Michael Ellerman <[email protected]>
  Michal Hocko <[email protected]>
  Miguel Ojeda <[email protected]>
  Mike Manning <[email protected]>
  Mimi Zohar <[email protected]>
  Nadav Amit <[email protected]>
  oliver Neukum <[email protected]>
  Parav Pandit <[email protected]>
  Paul Mackerras <[email protected]>
  Pavel Shilovsky <[email protected]>
  Rasmus Villemoes <[email protected]>
  Rasmus Villemoes <[email protected]>
  Raul E Rangel <[email protected]>
  Ravi Bangoria <[email protected]>
  Roberto Bergantinos Corpas <[email protected]>
  Roberto Sassu <[email protected]>
  Russell King <[email protected]>
  Saeed Mahameed <[email protected]>
  Shuah Khan <[email protected]>
  Stefan Agner <[email protected]>
  Steffen Maier <[email protected]>
  Steve French <[email protected]>
  Takashi Iwai <[email protected]>
  Thomas Hellstrom <[email protected]>
  Thomas Huth <[email protected]>
  Tim Collier <[email protected]>
  Todd Kjos <[email protected]>
  Todd Kjos <[email protected]>
  Vicente Bergas <[email protected]>
  Vladimir Davydov <[email protected]>
  Zhenliang Wei <[email protected]>

jobs:
 build-amd64-xsm                                              pass    
 build-arm64-xsm                                              pass    
 build-i386-xsm                                               pass    
 build-amd64                                                  pass    
 build-arm64                                                  pass    
 build-armhf                                                  pass    
 build-i386                                                   pass    
 build-amd64-libvirt                                          pass    
 build-arm64-libvirt                                          pass    
 build-armhf-libvirt                                          pass    
 build-i386-libvirt                                           pass    
 build-amd64-pvops                                            pass    
 build-arm64-pvops                                            pass    
 build-armhf-pvops                                            pass    
 build-i386-pvops                                             pass    
 test-amd64-amd64-xl                                          pass    
 test-arm64-arm64-xl                                          pass    
 test-armhf-armhf-xl                                          pass    
 test-amd64-i386-xl                                           pass    
 test-amd64-amd64-libvirt-qemuu-debianhvm-amd64-xsm           pass    
 test-amd64-i386-libvirt-qemuu-debianhvm-amd64-xsm            fail    
 test-amd64-amd64-xl-qemut-stubdom-debianhvm-amd64-xsm        pass    
 test-amd64-i386-xl-qemut-stubdom-debianhvm-amd64-xsm         fail    
 test-amd64-amd64-xl-qemut-debianhvm-i386-xsm                 pass    
 test-amd64-i386-xl-qemut-debianhvm-i386-xsm                  pass    
 test-amd64-amd64-xl-qemuu-debianhvm-i386-xsm                 fail    
 test-amd64-i386-xl-qemuu-debianhvm-i386-xsm                  pass    
 test-amd64-amd64-libvirt-xsm                                 pass    
 test-arm64-arm64-libvirt-xsm                                 pass    
 test-amd64-i386-libvirt-xsm                                  pass    
 test-amd64-amd64-xl-xsm                                      pass    
 test-arm64-arm64-xl-xsm                                      pass    
 test-amd64-i386-xl-xsm                                       pass    
 test-amd64-amd64-qemuu-nested-amd                            fail    
 test-amd64-amd64-xl-pvhv2-amd                                fail    
 test-amd64-i386-qemut-rhel6hvm-amd                           pass    
 test-amd64-i386-qemuu-rhel6hvm-amd                           pass    
 test-amd64-amd64-xl-qemut-debianhvm-amd64                    pass    
 test-amd64-i386-xl-qemut-debianhvm-amd64                     pass    
 test-amd64-amd64-xl-qemuu-debianhvm-amd64                    pass    
 test-amd64-i386-xl-qemuu-debianhvm-amd64                     pass    
 test-amd64-i386-freebsd10-amd64                              pass    
 test-amd64-amd64-xl-qemuu-ovmf-amd64                         pass    
 test-amd64-i386-xl-qemuu-ovmf-amd64                          pass    
 test-amd64-amd64-xl-qemut-win7-amd64                         fail    
 test-amd64-i386-xl-qemut-win7-amd64                          fail    
 test-amd64-amd64-xl-qemuu-win7-amd64                         fail    
 test-amd64-i386-xl-qemuu-win7-amd64                          fail    
 test-amd64-amd64-xl-qemut-ws16-amd64                         fail    
 test-amd64-i386-xl-qemut-ws16-amd64                          fail    
 test-amd64-amd64-xl-qemuu-ws16-amd64                         fail    
 test-amd64-i386-xl-qemuu-ws16-amd64                          fail    
 test-armhf-armhf-xl-arndale                                  pass    
 test-amd64-amd64-xl-credit1                                  pass    
 test-arm64-arm64-xl-credit1                                  pass    
 test-armhf-armhf-xl-credit1                                  pass    
 test-amd64-amd64-xl-credit2                                  pass    
 test-arm64-arm64-xl-credit2                                  pass    
 test-armhf-armhf-xl-credit2                                  pass    
 test-armhf-armhf-xl-cubietruck                               pass    
 test-amd64-amd64-xl-qemuu-dmrestrict-amd64-dmrestrict        pass    
 test-amd64-i386-xl-qemuu-dmrestrict-amd64-dmrestrict         pass    
 test-amd64-amd64-examine                                     pass    
 test-arm64-arm64-examine                                     pass    
 test-armhf-armhf-examine                                     pass    
 test-amd64-i386-examine                                      pass    
 test-amd64-i386-freebsd10-i386                               pass    
 test-amd64-amd64-xl-qemut-win10-i386                         fail    
 test-amd64-i386-xl-qemut-win10-i386                          fail    
 test-amd64-amd64-xl-qemuu-win10-i386                         fail    
 test-amd64-i386-xl-qemuu-win10-i386                          fail    
 test-amd64-amd64-qemuu-nested-intel                          pass    
 test-amd64-amd64-xl-pvhv2-intel                              pass    
 test-amd64-i386-qemut-rhel6hvm-intel                         pass    
 test-amd64-i386-qemuu-rhel6hvm-intel                         fail    
 test-amd64-amd64-libvirt                                     pass    
 test-armhf-armhf-libvirt                                     pass    
 test-amd64-i386-libvirt                                      pass    
 test-amd64-amd64-xl-multivcpu                                pass    
 test-armhf-armhf-xl-multivcpu                                pass    
 test-amd64-amd64-pair                                        pass    
 test-amd64-i386-pair                                         pass    
 test-amd64-amd64-libvirt-pair                                pass    
 test-amd64-i386-libvirt-pair                                 pass    
 test-amd64-amd64-amd64-pvgrub                                pass    
 test-amd64-amd64-i386-pvgrub                                 pass    
 test-amd64-amd64-xl-pvshim                                   pass    
 test-amd64-i386-xl-pvshim                                    fail    
 test-amd64-amd64-pygrub                                      pass    
 test-amd64-amd64-xl-qcow2                                    pass    
 test-armhf-armhf-libvirt-raw                                 pass    
 test-amd64-i386-xl-raw                                       pass    
 test-amd64-amd64-xl-rtds                                     pass    
 test-armhf-armhf-xl-rtds                                     pass    
 test-amd64-amd64-xl-qemuu-debianhvm-amd64-shadow             pass    
 test-amd64-i386-xl-qemuu-debianhvm-amd64-shadow              pass    
 test-amd64-amd64-xl-shadow                                   pass    
 test-amd64-i386-xl-shadow                                    pass    
 test-amd64-amd64-libvirt-vhd                                 pass    
 test-armhf-armhf-xl-vhd                                      pass    


------------------------------------------------------------
sg-report-flight on osstest.test-lab.xenproject.org
logs: /home/logs/logs
images: /home/logs/images

Logs, config files, etc. are available at
    http://logs.test-lab.xenproject.org/osstest/logs

Explanation of these reports, and of osstest in general, is at
    http://xenbits.xen.org/gitweb/?p=osstest.git;a=blob;f=README.email;hb=master
    http://xenbits.xen.org/gitweb/?p=osstest.git;a=blob;f=README;hb=master

Test harness code can be found at
    http://xenbits.xen.org/gitweb?p=osstest.git;a=summary


Not pushing.

(No revision log; it would be 2330 lines long.)

_______________________________________________
Xen-devel mailing list
[email protected]
https://lists.xenproject.org/mailman/listinfo/xen-devel

Reply via email to