flight 137113 linux-4.9 real [real] http://logs.test-lab.xenproject.org/osstest/logs/137113/
Regressions :-( Tests which did not succeed and are blocking, including tests which could not be run: test-arm64-arm64-examine 11 examine-serial/bootloader fail REGR. vs. 136967 Tests which did not succeed, but are not blocking: test-amd64-amd64-xl-qemut-win7-amd64 17 guest-stop fail like 136967 test-amd64-amd64-xl-qemuu-win7-amd64 17 guest-stop fail like 136967 test-amd64-i386-xl-qemut-win7-amd64 17 guest-stop fail like 136967 test-amd64-i386-xl-qemuu-win7-amd64 17 guest-stop fail like 136967 test-amd64-amd64-xl-qemuu-ws16-amd64 17 guest-stop fail like 136967 test-amd64-amd64-xl-qemuu-dmrestrict-amd64-dmrestrict 10 debian-hvm-install fail never pass test-amd64-i386-xl-qemuu-dmrestrict-amd64-dmrestrict 10 debian-hvm-install fail never pass test-amd64-amd64-xl-pvhv2-intel 12 guest-start fail never pass test-amd64-amd64-xl-pvhv2-amd 12 guest-start fail never pass test-amd64-amd64-libvirt-xsm 13 migrate-support-check fail never pass test-amd64-i386-xl-pvshim 12 guest-start fail never pass test-amd64-i386-libvirt 13 migrate-support-check fail never pass test-amd64-amd64-libvirt 13 migrate-support-check fail never pass test-amd64-i386-libvirt-xsm 13 migrate-support-check fail never pass test-amd64-i386-libvirt-qemuu-debianhvm-amd64-xsm 11 migrate-support-check fail never pass test-amd64-amd64-libvirt-qemuu-debianhvm-amd64-xsm 11 migrate-support-check fail never pass test-amd64-amd64-qemuu-nested-amd 17 debian-hvm-install/l1/l2 fail never pass test-arm64-arm64-xl-xsm 13 migrate-support-check fail never pass test-arm64-arm64-xl-xsm 14 saverestore-support-check fail never pass test-arm64-arm64-xl-credit2 13 migrate-support-check fail never pass test-arm64-arm64-xl-credit2 14 saverestore-support-check fail never pass test-arm64-arm64-xl-credit1 13 migrate-support-check fail never pass test-arm64-arm64-xl 13 migrate-support-check fail never pass test-arm64-arm64-xl-credit1 14 saverestore-support-check fail never pass test-arm64-arm64-xl 14 saverestore-support-check fail never pass test-arm64-arm64-libvirt-xsm 13 migrate-support-check fail never pass test-arm64-arm64-libvirt-xsm 14 saverestore-support-check fail never pass test-amd64-amd64-libvirt-vhd 12 migrate-support-check fail never pass test-armhf-armhf-xl-arndale 13 migrate-support-check fail never pass test-armhf-armhf-xl-arndale 14 saverestore-support-check fail never pass test-armhf-armhf-xl-multivcpu 13 migrate-support-check fail never pass test-armhf-armhf-xl-multivcpu 14 saverestore-support-check fail never pass test-armhf-armhf-xl 13 migrate-support-check fail never pass test-armhf-armhf-xl 14 saverestore-support-check fail never pass test-armhf-armhf-xl-cubietruck 13 migrate-support-check fail never pass test-armhf-armhf-xl-cubietruck 14 saverestore-support-check fail never pass test-armhf-armhf-libvirt 13 migrate-support-check fail never pass test-armhf-armhf-libvirt 14 saverestore-support-check fail never pass test-armhf-armhf-xl-credit2 13 migrate-support-check fail never pass test-armhf-armhf-xl-rtds 13 migrate-support-check fail never pass test-armhf-armhf-xl-rtds 14 saverestore-support-check fail never pass test-armhf-armhf-xl-credit2 14 saverestore-support-check fail never pass test-armhf-armhf-xl-credit1 13 migrate-support-check fail never pass test-armhf-armhf-xl-credit1 14 saverestore-support-check fail never pass test-amd64-amd64-xl-qemut-ws16-amd64 17 guest-stop fail never pass test-amd64-i386-xl-qemut-ws16-amd64 17 guest-stop fail never pass test-armhf-armhf-libvirt-raw 12 migrate-support-check fail never pass test-armhf-armhf-libvirt-raw 13 saverestore-support-check fail never pass test-armhf-armhf-xl-vhd 12 migrate-support-check fail never pass test-armhf-armhf-xl-vhd 13 saverestore-support-check fail never pass test-amd64-i386-xl-qemuu-ws16-amd64 17 guest-stop fail never pass test-amd64-amd64-xl-qemut-win10-i386 10 windows-install fail never pass test-amd64-amd64-xl-qemuu-win10-i386 10 windows-install fail never pass test-amd64-i386-xl-qemuu-win10-i386 10 windows-install fail never pass test-amd64-i386-xl-qemut-win10-i386 10 windows-install fail never pass version targeted for testing: linux b16a5334ed1211bf961c5883eb0f3ce35e90b4df baseline version: linux 2584e66ffbf0fceb85c2d2f9179b6954720ec55d Last test of basis 136967 2019-05-25 22:16:09 Z 7 days Testing same since 137113 2019-05-31 14:10:18 Z 2 days 1 attempts ------------------------------------------------------------ People who touched revisions under test: Aditya Pakki <[email protected]> Adrian Hunter <[email protected]> Akinobu Mita <[email protected]> Alan Stern <[email protected]> Alexander Potapenko <[email protected]> Alexandre Belloni <[email protected]> Alexandru Ardelean <[email protected]> Alim Akhtar <[email protected]> Andrea Merello <[email protected]> Andrea Parri <[email protected]> Andreas Gruenbacher <[email protected]> Andrew Morton <[email protected]> Arend van Spriel <[email protected]> Arnaldo Carvalho de Melo <[email protected]> Arnd Bergmann <[email protected]> Bart Van Assche <[email protected]> Bartlomiej Zolnierkiewicz <[email protected]> Ben Hutchings <[email protected]> Benjamin Tissoires <[email protected]> Bo YU <[email protected]> Borislav Petkov <[email protected]> Chanwoo Choi <[email protected]> Charles Keepax <[email protected]> Chengguang Xu <[email protected]> Chris Lesiak <[email protected]> Chris Wilson <[email protected]> Colin Ian King <[email protected]> Coly Li <[email protected]> Corentin Labbe <[email protected]> Dan Carpenter <[email protected]> Dan Williams <[email protected]> Daniel Axtens <[email protected]> Daniel Baluta <[email protected]> David S. Miller <[email protected]> David Sterba <[email protected]> Dennis Schridde <[email protected]> Dick Kennedy <[email protected]> Filipe Manana <[email protected]> Flavio Suligoi <[email protected]> Geert Uytterhoeven <[email protected]> Greg Kroah-Hartman <[email protected]> Guenter Roeck <[email protected]> Gustavo A. R. Silva <[email protected]> Hans de Goede <[email protected]> Hans Verkuil <[email protected]> Hans Verkuil <[email protected]> Herbert Xu <[email protected]> Himanshu Madhani <[email protected]> Ingo Molnar <[email protected]> James Hutchinson <[email protected]> James Smart <[email protected]> Jan Kara <[email protected]> Janusz Krzysztofik <[email protected]> Jason Gunthorpe <[email protected]> Jean-Philippe Brucker <[email protected]> Jeff Kirsher <[email protected]> Jens Axboe <[email protected]> Jerome Brunet <[email protected]> Jiri Kosina <[email protected]> Jiufei Xue <[email protected]> Johannes Berg <[email protected]> John Garry <[email protected]> Jonathan Cameron <[email protected]> Kalle Valo <[email protected]> Kangjie Lu <[email protected]> Kees Cook <[email protected]> Kento Kobayashi <[email protected]> Konstantin Khlebnikov <[email protected]> Lad, Prabhakar <[email protected]> Larry Finger <[email protected]> Lars-Peter Clausen <[email protected]> Linus Torvalds <[email protected]> Linus Walleij <[email protected]> Luca Coelho <[email protected]> Ludovic Desroches <[email protected]> Marc Zyngier <[email protected]> Mariusz Bialonczyk <[email protected]> Mark Brown <[email protected]> Martin K. Petersen <[email protected]> Martin Schwidefsky <[email protected]> Mauro Carvalho Chehab <[email protected]> Michael Ellerman <[email protected]> Mike Kravetz <[email protected]> Nathan Chancellor <[email protected]> Nathan Lynch <[email protected]> Nayna Jain <[email protected]> Nicholas Nunley <[email protected]> Nicolas Ferre <[email protected]> Nicolas Saenz Julienne <[email protected]> Nicolin Chen <[email protected]> Pankaj Gupta <[email protected]> Paolo Bonzini <[email protected]> Paul E. McKenney <[email protected]> Paul Moore <[email protected]> Peter Ujfalusi <[email protected]> Peter Zijlstra (Intel) <[email protected]> Peter Zijlstra <[email protected]> Peter Zijlstra <[email protected]> Philipp Zabel <[email protected]> Piotr Figiel <[email protected]> Potnuri Bharat Teja <[email protected]> Qian Cai <[email protected]> Rafael J. Wysocki <[email protected]> Randy Dunlap <[email protected]> # build-tested Raul E Rangel <[email protected]> Ross Lagerwall <[email protected]> Sakari Ailus <[email protected]> Sameeh Jubran <[email protected]> Sameer Pujar <[email protected]> Sasha Levin <[email protected]> Sean Young <[email protected]> Sebastian Andrzej Siewior <[email protected]> Sebastian Ott <[email protected]> Sergey Matyukevich <[email protected]> Shile Zhang <[email protected]> Shuah Khan <[email protected]> Sowjanya Komatineni <[email protected]> Stanley Chu <[email protected]> Sugar Zhang <[email protected]> Suravee Suthikulpanit <[email protected]> Suthikulpanit, Suravee <[email protected]> Sven Van Asbroeck <[email protected]> Tang Junhui <[email protected]> Theodore Ts'o <[email protected]> Thomas Gleixner <[email protected]> Tobin C. Harding <[email protected]> Tony Lindgren <[email protected]> Tony Luck <[email protected]> Ulf Hansson <[email protected]> Vincenzo Frascino <[email protected]> Vinod Koul <[email protected]> Viresh Kumar <[email protected]> Wen Yang <[email protected]> Wenwen Wang <[email protected]> Will Deacon <[email protected]> Yinbo Zhu <[email protected]> YueHaibing <[email protected]> jobs: build-amd64-xsm pass build-arm64-xsm pass build-i386-xsm pass build-amd64 pass build-arm64 pass build-armhf pass build-i386 pass build-amd64-libvirt pass build-arm64-libvirt pass build-armhf-libvirt pass build-i386-libvirt pass build-amd64-pvops pass build-arm64-pvops pass build-armhf-pvops pass build-i386-pvops pass test-amd64-amd64-xl pass test-arm64-arm64-xl pass test-armhf-armhf-xl pass test-amd64-i386-xl pass test-amd64-amd64-libvirt-qemuu-debianhvm-amd64-xsm pass test-amd64-i386-libvirt-qemuu-debianhvm-amd64-xsm pass test-amd64-amd64-xl-qemut-stubdom-debianhvm-amd64-xsm pass test-amd64-i386-xl-qemut-stubdom-debianhvm-amd64-xsm pass test-amd64-amd64-xl-qemut-debianhvm-i386-xsm pass test-amd64-i386-xl-qemut-debianhvm-i386-xsm pass test-amd64-amd64-xl-qemuu-debianhvm-i386-xsm pass test-amd64-i386-xl-qemuu-debianhvm-i386-xsm pass test-amd64-amd64-libvirt-xsm pass test-arm64-arm64-libvirt-xsm pass test-amd64-i386-libvirt-xsm pass test-amd64-amd64-xl-xsm pass test-arm64-arm64-xl-xsm pass test-amd64-i386-xl-xsm pass test-amd64-amd64-qemuu-nested-amd fail test-amd64-amd64-xl-pvhv2-amd fail test-amd64-i386-qemut-rhel6hvm-amd pass test-amd64-i386-qemuu-rhel6hvm-amd pass test-amd64-amd64-xl-qemut-debianhvm-amd64 pass test-amd64-i386-xl-qemut-debianhvm-amd64 pass test-amd64-amd64-xl-qemuu-debianhvm-amd64 pass test-amd64-i386-xl-qemuu-debianhvm-amd64 pass test-amd64-i386-freebsd10-amd64 pass test-amd64-amd64-xl-qemuu-ovmf-amd64 pass test-amd64-i386-xl-qemuu-ovmf-amd64 pass test-amd64-amd64-xl-qemut-win7-amd64 fail test-amd64-i386-xl-qemut-win7-amd64 fail test-amd64-amd64-xl-qemuu-win7-amd64 fail test-amd64-i386-xl-qemuu-win7-amd64 fail test-amd64-amd64-xl-qemut-ws16-amd64 fail test-amd64-i386-xl-qemut-ws16-amd64 fail test-amd64-amd64-xl-qemuu-ws16-amd64 fail test-amd64-i386-xl-qemuu-ws16-amd64 fail test-armhf-armhf-xl-arndale pass test-amd64-amd64-xl-credit1 pass test-arm64-arm64-xl-credit1 pass test-armhf-armhf-xl-credit1 pass test-amd64-amd64-xl-credit2 pass test-arm64-arm64-xl-credit2 pass test-armhf-armhf-xl-credit2 pass test-armhf-armhf-xl-cubietruck pass test-amd64-amd64-xl-qemuu-dmrestrict-amd64-dmrestrict fail test-amd64-i386-xl-qemuu-dmrestrict-amd64-dmrestrict fail test-amd64-amd64-examine pass test-arm64-arm64-examine pass test-armhf-armhf-examine pass test-amd64-i386-examine pass test-amd64-i386-freebsd10-i386 pass test-amd64-amd64-xl-qemut-win10-i386 fail test-amd64-i386-xl-qemut-win10-i386 fail test-amd64-amd64-xl-qemuu-win10-i386 fail test-amd64-i386-xl-qemuu-win10-i386 fail test-amd64-amd64-qemuu-nested-intel pass test-amd64-amd64-xl-pvhv2-intel fail test-amd64-i386-qemut-rhel6hvm-intel pass test-amd64-i386-qemuu-rhel6hvm-intel pass test-amd64-amd64-libvirt pass test-armhf-armhf-libvirt pass test-amd64-i386-libvirt pass test-amd64-amd64-xl-multivcpu pass test-armhf-armhf-xl-multivcpu pass test-amd64-amd64-pair pass test-amd64-i386-pair pass test-amd64-amd64-libvirt-pair pass test-amd64-i386-libvirt-pair pass test-amd64-amd64-amd64-pvgrub pass test-amd64-amd64-i386-pvgrub pass test-amd64-amd64-xl-pvshim pass test-amd64-i386-xl-pvshim fail test-amd64-amd64-pygrub pass test-amd64-amd64-xl-qcow2 pass test-armhf-armhf-libvirt-raw pass test-amd64-i386-xl-raw pass test-amd64-amd64-xl-rtds pass test-armhf-armhf-xl-rtds pass test-amd64-amd64-xl-qemuu-debianhvm-amd64-shadow pass test-amd64-i386-xl-qemuu-debianhvm-amd64-shadow pass test-amd64-amd64-xl-shadow pass test-amd64-i386-xl-shadow pass test-amd64-amd64-libvirt-vhd pass test-armhf-armhf-xl-vhd pass ------------------------------------------------------------ sg-report-flight on osstest.test-lab.xenproject.org logs: /home/logs/logs images: /home/logs/images Logs, config files, etc. are available at http://logs.test-lab.xenproject.org/osstest/logs Explanation of these reports, and of osstest in general, is at http://xenbits.xen.org/gitweb/?p=osstest.git;a=blob;f=README.email;hb=master http://xenbits.xen.org/gitweb/?p=osstest.git;a=blob;f=README;hb=master Test harness code can be found at http://xenbits.xen.org/gitweb?p=osstest.git;a=summary Not pushing. (No revision log; it would be 4192 lines long.) _______________________________________________ Xen-devel mailing list [email protected] https://lists.xenproject.org/mailman/listinfo/xen-devel
