flight 136503 linux-4.14 real [real]
http://logs.test-lab.xenproject.org/osstest/logs/136503/

Failures :-/ but no regressions.

Tests which did not succeed, but are not blocking:
 test-amd64-i386-xl-pvshim    12 guest-start                  fail   never pass
 test-amd64-amd64-libvirt     13 migrate-support-check        fail   never pass
 test-amd64-amd64-libvirt-xsm 13 migrate-support-check        fail   never pass
 test-amd64-i386-libvirt      13 migrate-support-check        fail   never pass
 test-amd64-i386-libvirt-xsm  13 migrate-support-check        fail   never pass
 test-amd64-i386-libvirt-qemuu-debianhvm-amd64-xsm 11 migrate-support-check 
fail never pass
 test-amd64-amd64-libvirt-vhd 12 migrate-support-check        fail   never pass
 test-amd64-amd64-libvirt-qemuu-debianhvm-amd64-xsm 11 migrate-support-check 
fail never pass
 test-amd64-amd64-qemuu-nested-amd 17 debian-hvm-install/l1/l2  fail never pass
 test-arm64-arm64-xl          13 migrate-support-check        fail   never pass
 test-arm64-arm64-xl          14 saverestore-support-check    fail   never pass
 test-arm64-arm64-xl-credit1  13 migrate-support-check        fail   never pass
 test-arm64-arm64-xl-credit1  14 saverestore-support-check    fail   never pass
 test-arm64-arm64-xl-xsm      13 migrate-support-check        fail   never pass
 test-arm64-arm64-xl-xsm      14 saverestore-support-check    fail   never pass
 test-arm64-arm64-xl-credit2  13 migrate-support-check        fail   never pass
 test-arm64-arm64-xl-credit2  14 saverestore-support-check    fail   never pass
 test-arm64-arm64-libvirt-xsm 13 migrate-support-check        fail   never pass
 test-arm64-arm64-libvirt-xsm 14 saverestore-support-check    fail   never pass
 test-armhf-armhf-xl-arndale  13 migrate-support-check        fail   never pass
 test-armhf-armhf-xl-arndale  14 saverestore-support-check    fail   never pass
 test-amd64-i386-xl-qemut-win7-amd64 17 guest-stop              fail never pass
 test-armhf-armhf-libvirt     13 migrate-support-check        fail   never pass
 test-armhf-armhf-libvirt     14 saverestore-support-check    fail   never pass
 test-armhf-armhf-xl-credit1  13 migrate-support-check        fail   never pass
 test-armhf-armhf-xl-credit1  14 saverestore-support-check    fail   never pass
 test-armhf-armhf-xl-credit2  13 migrate-support-check        fail   never pass
 test-armhf-armhf-xl-credit2  14 saverestore-support-check    fail   never pass
 test-amd64-i386-xl-qemuu-win7-amd64 17 guest-stop              fail never pass
 test-armhf-armhf-xl          13 migrate-support-check        fail   never pass
 test-armhf-armhf-xl          14 saverestore-support-check    fail   never pass
 test-amd64-amd64-xl-qemuu-ws16-amd64 17 guest-stop             fail never pass
 test-armhf-armhf-xl-rtds     13 migrate-support-check        fail   never pass
 test-armhf-armhf-xl-rtds     14 saverestore-support-check    fail   never pass
 test-armhf-armhf-xl-cubietruck 13 migrate-support-check        fail never pass
 test-armhf-armhf-xl-cubietruck 14 saverestore-support-check    fail never pass
 test-armhf-armhf-xl-multivcpu 13 migrate-support-check        fail  never pass
 test-armhf-armhf-xl-multivcpu 14 saverestore-support-check    fail  never pass
 test-amd64-amd64-xl-qemuu-win7-amd64 17 guest-stop             fail never pass
 test-amd64-i386-xl-qemut-ws16-amd64 17 guest-stop              fail never pass
 test-amd64-amd64-xl-qemut-ws16-amd64 17 guest-stop             fail never pass
 test-armhf-armhf-libvirt-raw 12 migrate-support-check        fail   never pass
 test-armhf-armhf-libvirt-raw 13 saverestore-support-check    fail   never pass
 test-armhf-armhf-xl-vhd      12 migrate-support-check        fail   never pass
 test-armhf-armhf-xl-vhd      13 saverestore-support-check    fail   never pass
 test-amd64-amd64-xl-qemut-win7-amd64 17 guest-stop             fail never pass
 test-amd64-i386-xl-qemuu-ws16-amd64 17 guest-stop              fail never pass
 test-amd64-amd64-xl-qemut-win10-i386 10 windows-install        fail never pass
 test-amd64-i386-xl-qemuu-win10-i386 10 windows-install         fail never pass
 test-amd64-i386-xl-qemut-win10-i386 10 windows-install         fail never pass
 test-amd64-amd64-xl-qemuu-win10-i386 10 windows-install        fail never pass

version targeted for testing:
 linux                e6fedb8802c7543852cc6b06d8c009f89b3af3d8
baseline version:
 linux                d929572d7da91169d3a22dfb75ede8bdced541c2

Last test of basis   136217  2019-05-14 10:44:46 Z    6 days
Failing since        136350  2019-05-16 04:56:34 Z    4 days    2 attempts
Testing same since   136503  2019-05-18 15:20:30 Z    2 days    1 attempts

------------------------------------------------------------
People who touched revisions under test:
  Adit Ranadive <[email protected]>
  Aditya Pakki <[email protected]>
  Alex Kushnarov <[email protected]>
  Alexey Brodkin <[email protected]>
  Alexey Brodkin <[email protected]>
  Alistair Strachan <[email protected]>
  Andi Kleen <[email protected]>
  Andrea Parri <[email protected]>
  Andrea Righi <[email protected]>
  Andrei Otcheretianski <[email protected]>
  Andrew Morton <[email protected]>
  Andy Duan <[email protected]>
  Andy Shevchenko <[email protected]>
  Arnaldo Carvalho de Melo <[email protected]>
  Arnd Bergmann <[email protected]>
  Bob Moore <[email protected]>
  Boris Ostrovsky <[email protected]>
  Borislav Petkov <[email protected]>
  Breno Leitao <[email protected]>
  Chris Wilson <[email protected]>
  Christoffer Dall <[email protected]>
  Christophe Leroy <[email protected]>
  Coly Li <[email protected]>
  Cong Wang <[email protected]>
  Corentin Labbe <[email protected]>
  Damian Kos <[email protected]>
  Dan Carpenter <[email protected]>
  Dan Williams <[email protected]>
  Daniel Drake <[email protected]>
  Daniel Gomez <[email protected]>
  Daniel Lezcano <[email protected]>
  David Ahern <[email protected]>
  David Jeffery <[email protected]>
  David Jeffy <[email protected]>
  David Miller <[email protected]>
  David S. Miller <[email protected]>
  David Sterba <[email protected]>
  Dmitry Torokhov <[email protected]>
  Dominik Brodowski <[email protected]>
  Eduardo Habkost <[email protected]>
  Enric Balletbo i Serra <[email protected]>
  Eric Dumazet <[email protected]>
  Erik Schmauss <[email protected]>
  Eubert Bao <[email protected]>
  Felix Fietkau <[email protected]>
  Florian Westphal <[email protected]>
  Francesco Ruggeri <[email protected]>
  Fugang Duan <[email protected]>
  Goldwyn Rodrigues <[email protected]>
  Goldwyn Rodrigues <[email protected]>
  Greg Kroah-Hartman <[email protected]>
  Gregory CLEMENT <[email protected]>
  Guenter Roeck <[email protected]>
  Gustavo A. R. Silva <[email protected]>
  Hangbin Liu <[email protected]>
  Hans Verkuil <[email protected]>
  Harald Freudenberger <[email protected]>
  Heiko Stuebner <[email protected]>
  Heinrich Schuchardt <[email protected]>
  Huacai Chen <[email protected]>
  Huazhong Tan <[email protected]>
  Hugues Fruchet <[email protected]>
  Ido Schimmel <[email protected]>
  Ingo Molnar <[email protected]>
  Jacek Anaszewski <[email protected]>
  Jacopo Mondi <[email protected]>
  Jan Kara <[email protected]>
  Jarod Wilson <[email protected]>
  Jason Gunthorpe <[email protected]>
  Jay Vosburgh <[email protected]>
  Jean-Marc Lenoir <[email protected]>
  Jens Axboe <[email protected]>
  Jerome Brunet <[email protected]>
  Jia-Ju Bai <[email protected]>
  Jian-Hong Pan <[email protected]>
  Jiaxun Yang <[email protected]>
  Jiri Kosina <[email protected]>
  Jiri Kosina <[email protected]> (on x86)
  Jiri Pirko <[email protected]>
  Joe Lawrence <[email protected]>
  Johan Hovold <[email protected]>
  Johannes Berg <[email protected]>
  Johannes Weiner <[email protected]>
  John Crispin <[email protected]>
  Jon Maloy <[email protected]>
  Jon Masters <[email protected]>
  Jonathan Cameron <[email protected]>
  Jonathan Corbet <[email protected]>
  Jose Abreu <[email protected]>
  Josh Poimboeuf <[email protected]>
  Julian Anastasov <[email protected]>
  Julian Wiedmann <[email protected]>
  Jun Xiao <[email protected]>
  Kalle Valo <[email protected]>
  Kangjie Lu <[email protected]>
  Kevin 'ldir' Darbyshire-Bryant <[email protected]>
  Kirill A. Shutemov <[email protected]>
  Konrad Rzeszutek Wilk <[email protected]>
  KT Liao <[email protected]>
  Laura Abbott <[email protected]>
  Laurentiu Tudor <[email protected]>
  Linus Torvalds <[email protected]>
  Lubomir Rintel <[email protected]>
  Luca Coelho <[email protected]>
  Lucas Stach <[email protected]>
  Maarten Lankhorst <[email protected]>
  Madalin Bucur <[email protected]>
  Marc Zyngier <[email protected]>
  Martin K. Petersen <[email protected]>
  Martin Schwidefsky <[email protected]>
  Masami Hiramatsu <[email protected]>
  Matteo Croce <[email protected]>
  Mauro Carvalho Chehab <[email protected]>
  Max Filippov <[email protected]>
  Maxime Ripard <[email protected]>
  Michael Ellerman <[email protected]>
  Miklos Szeredi <[email protected]>
  Mimi Zohar <[email protected]>
  Neil Armstrong <[email protected]>
  Nicholas Piggin <[email protected]>
  Nicolas Pitre <[email protected]>
  Nicolas Pitre <[email protected]>
  Nigel Croxon <[email protected]>
  Omar Sandoval <[email protected]>
  Pablo Neira Ayuso <[email protected]>
  Pan Bian <[email protected]>
  Paolo Abeni <[email protected]>
  Paolo Bonzini <[email protected]>
  Parthasarathy Bhuvaragan <[email protected]>
  Paul Burton <[email protected]>
  Paul Kocialkowski <[email protected]>
  Pawan Gupta <[email protected]>
  Peter Oberparleiter <[email protected]>
  Peter Zijlstra (Intel) <[email protected]>
  Peter Zijlstra <[email protected]>
  Petr Štetiar <[email protected]>
  Philipp Zabel <[email protected]>
  Po-Hsu Lin <[email protected]>
  Punit Agrawal <[email protected]>
  Rafael J. Wysocki <[email protected]>
  Richard Cochran <[email protected]>
  Rikard Falkeborn <[email protected]>
  Ronnie Sahlberg <[email protected]>
  Russell Currey <[email protected]>
  Sakari Ailus <[email protected]>
  Salvatore Bonaccorso <[email protected]>
  Sasha Levin <[email protected]>
  Sasha Levin <[email protected]>
  Sebastian Andrzej Siewior <[email protected]>
  Seth Howell <[email protected]>
  Simon Horman <[email protected]>
  Song Liu <[email protected]>
  speck for Pawan Gupta <[email protected]>
  Stefan Wahren <[email protected]>
  Stephen Suryaputra <[email protected]>
  Steve French <[email protected]>
  Steven Rostedt (VMware) <[email protected]>
  Steven Rostedt <[email protected]>
  Sunil Dutt <[email protected]>
  Sven Van Asbroeck <[email protected]>
  Tang Junhui <[email protected]>
  Tejun Heo <[email protected]>
  Tetsuo Handa <[email protected]>
  Thierry Reding <[email protected]>
  Thomas Bogendoerfer <[email protected]>
  Thomas Gleixner <[email protected]>
  Tobin C. Harding <[email protected]>
  Toke Høiland-Jørgensen <[email protected]>
  Tyler Hicks <[email protected]>
  Ville Syrjälä <[email protected]>
  Vitaly Kuznetsov <[email protected]>
  Wei Yongjun <[email protected]>
  Will Deacon <[email protected]>
  Willem de Bruijn <[email protected]>
  Yonglong Liu <[email protected]>
  YueHaibing <[email protected]>
  Zubin Mithra <[email protected]>

jobs:
 build-amd64-xsm                                              pass    
 build-arm64-xsm                                              pass    
 build-i386-xsm                                               pass    
 build-amd64                                                  pass    
 build-arm64                                                  pass    
 build-armhf                                                  pass    
 build-i386                                                   pass    
 build-amd64-libvirt                                          pass    
 build-arm64-libvirt                                          pass    
 build-armhf-libvirt                                          pass    
 build-i386-libvirt                                           pass    
 build-amd64-pvops                                            pass    
 build-arm64-pvops                                            pass    
 build-armhf-pvops                                            pass    
 build-i386-pvops                                             pass    
 test-amd64-amd64-xl                                          pass    
 test-arm64-arm64-xl                                          pass    
 test-armhf-armhf-xl                                          pass    
 test-amd64-i386-xl                                           pass    
 test-amd64-amd64-libvirt-qemuu-debianhvm-amd64-xsm           pass    
 test-amd64-i386-libvirt-qemuu-debianhvm-amd64-xsm            pass    
 test-amd64-amd64-xl-qemut-stubdom-debianhvm-amd64-xsm        pass    
 test-amd64-i386-xl-qemut-stubdom-debianhvm-amd64-xsm         pass    
 test-amd64-amd64-xl-qemut-debianhvm-i386-xsm                 pass    
 test-amd64-i386-xl-qemut-debianhvm-i386-xsm                  pass    
 test-amd64-amd64-xl-qemuu-debianhvm-i386-xsm                 pass    
 test-amd64-i386-xl-qemuu-debianhvm-i386-xsm                  pass    
 test-amd64-amd64-libvirt-xsm                                 pass    
 test-arm64-arm64-libvirt-xsm                                 pass    
 test-amd64-i386-libvirt-xsm                                  pass    
 test-amd64-amd64-xl-xsm                                      pass    
 test-arm64-arm64-xl-xsm                                      pass    
 test-amd64-i386-xl-xsm                                       pass    
 test-amd64-amd64-qemuu-nested-amd                            fail    
 test-amd64-amd64-xl-pvhv2-amd                                pass    
 test-amd64-i386-qemut-rhel6hvm-amd                           pass    
 test-amd64-i386-qemuu-rhel6hvm-amd                           pass    
 test-amd64-amd64-xl-qemut-debianhvm-amd64                    pass    
 test-amd64-i386-xl-qemut-debianhvm-amd64                     pass    
 test-amd64-amd64-xl-qemuu-debianhvm-amd64                    pass    
 test-amd64-i386-xl-qemuu-debianhvm-amd64                     pass    
 test-amd64-i386-freebsd10-amd64                              pass    
 test-amd64-amd64-xl-qemuu-ovmf-amd64                         pass    
 test-amd64-i386-xl-qemuu-ovmf-amd64                          pass    
 test-amd64-amd64-xl-qemut-win7-amd64                         fail    
 test-amd64-i386-xl-qemut-win7-amd64                          fail    
 test-amd64-amd64-xl-qemuu-win7-amd64                         fail    
 test-amd64-i386-xl-qemuu-win7-amd64                          fail    
 test-amd64-amd64-xl-qemut-ws16-amd64                         fail    
 test-amd64-i386-xl-qemut-ws16-amd64                          fail    
 test-amd64-amd64-xl-qemuu-ws16-amd64                         fail    
 test-amd64-i386-xl-qemuu-ws16-amd64                          fail    
 test-armhf-armhf-xl-arndale                                  pass    
 test-amd64-amd64-xl-credit1                                  pass    
 test-arm64-arm64-xl-credit1                                  pass    
 test-armhf-armhf-xl-credit1                                  pass    
 test-amd64-amd64-xl-credit2                                  pass    
 test-arm64-arm64-xl-credit2                                  pass    
 test-armhf-armhf-xl-credit2                                  pass    
 test-armhf-armhf-xl-cubietruck                               pass    
 test-amd64-amd64-xl-qemuu-dmrestrict-amd64-dmrestrict        pass    
 test-amd64-i386-xl-qemuu-dmrestrict-amd64-dmrestrict         pass    
 test-amd64-amd64-examine                                     pass    
 test-arm64-arm64-examine                                     pass    
 test-armhf-armhf-examine                                     pass    
 test-amd64-i386-examine                                      pass    
 test-amd64-i386-freebsd10-i386                               pass    
 test-amd64-amd64-xl-qemut-win10-i386                         fail    
 test-amd64-i386-xl-qemut-win10-i386                          fail    
 test-amd64-amd64-xl-qemuu-win10-i386                         fail    
 test-amd64-i386-xl-qemuu-win10-i386                          fail    
 test-amd64-amd64-qemuu-nested-intel                          pass    
 test-amd64-amd64-xl-pvhv2-intel                              pass    
 test-amd64-i386-qemut-rhel6hvm-intel                         pass    
 test-amd64-i386-qemuu-rhel6hvm-intel                         pass    
 test-amd64-amd64-libvirt                                     pass    
 test-armhf-armhf-libvirt                                     pass    
 test-amd64-i386-libvirt                                      pass    
 test-amd64-amd64-xl-multivcpu                                pass    
 test-armhf-armhf-xl-multivcpu                                pass    
 test-amd64-amd64-pair                                        pass    
 test-amd64-i386-pair                                         pass    
 test-amd64-amd64-libvirt-pair                                pass    
 test-amd64-i386-libvirt-pair                                 pass    
 test-amd64-amd64-amd64-pvgrub                                pass    
 test-amd64-amd64-i386-pvgrub                                 pass    
 test-amd64-amd64-xl-pvshim                                   pass    
 test-amd64-i386-xl-pvshim                                    fail    
 test-amd64-amd64-pygrub                                      pass    
 test-amd64-amd64-xl-qcow2                                    pass    
 test-armhf-armhf-libvirt-raw                                 pass    
 test-amd64-i386-xl-raw                                       pass    
 test-amd64-amd64-xl-rtds                                     pass    
 test-armhf-armhf-xl-rtds                                     pass    
 test-amd64-amd64-xl-qemuu-debianhvm-amd64-shadow             pass    
 test-amd64-i386-xl-qemuu-debianhvm-amd64-shadow              pass    
 test-amd64-amd64-xl-shadow                                   pass    
 test-amd64-i386-xl-shadow                                    pass    
 test-amd64-amd64-libvirt-vhd                                 pass    
 test-armhf-armhf-xl-vhd                                      pass    


------------------------------------------------------------
sg-report-flight on osstest.test-lab.xenproject.org
logs: /home/logs/logs
images: /home/logs/images

Logs, config files, etc. are available at
    http://logs.test-lab.xenproject.org/osstest/logs

Explanation of these reports, and of osstest in general, is at
    http://xenbits.xen.org/gitweb/?p=osstest.git;a=blob;f=README.email;hb=master
    http://xenbits.xen.org/gitweb/?p=osstest.git;a=blob;f=README;hb=master

Test harness code can be found at
    http://xenbits.xen.org/gitweb?p=osstest.git;a=summary


Pushing revision :

To xenbits.xen.org:/home/xen/git/linux-pvops.git
   d929572d7da9..e6fedb8802c7  e6fedb8802c7543852cc6b06d8c009f89b3af3d8 -> 
tested/linux-4.14

_______________________________________________
Xen-devel mailing list
[email protected]
https://lists.xenproject.org/mailman/listinfo/xen-devel

Reply via email to