flight 135456 linux-next real [real]
http://logs.test-lab.xenproject.org/osstest/logs/135456/
Regressions :-(
Tests which did not succeed and are blocking,
including tests which could not be run:
test-amd64-amd64-xl-qemuu-debianhvm-i386-xsm 10 debian-hvm-install fail REGR.
vs. 135426
test-amd64-i386-xl-qemuu-dmrestrict-amd64-dmrestrict 10 debian-hvm-install
fail REGR. vs. 135426
test-amd64-i386-xl-qemut-stubdom-debianhvm-amd64-xsm 10 debian-hvm-install
fail REGR. vs. 135426
test-amd64-i386-xl-qemut-debianhvm-i386-xsm 10 debian-hvm-install fail REGR.
vs. 135426
test-amd64-i386-qemut-rhel6hvm-intel 10 redhat-install fail REGR. vs. 135426
test-amd64-i386-xl-qemuu-ovmf-amd64 10 debian-hvm-install fail REGR. vs. 135426
test-amd64-amd64-xl-qemut-debianhvm-i386-xsm 10 debian-hvm-install fail REGR.
vs. 135426
test-amd64-i386-xl-qemuu-debianhvm-i386-xsm 10 debian-hvm-install fail REGR.
vs. 135426
test-amd64-i386-xl-qemuu-debianhvm-amd64 10 debian-hvm-install fail REGR. vs.
135426
test-amd64-i386-qemuu-rhel6hvm-intel 10 redhat-install fail REGR. vs. 135426
test-amd64-i386-qemut-rhel6hvm-amd 10 redhat-install fail REGR. vs. 135426
test-amd64-i386-xl-qemuu-debianhvm-amd64-shadow 10 debian-hvm-install fail
REGR. vs. 135426
test-amd64-i386-libvirt 11 debian-fixup fail REGR. vs. 135426
test-amd64-i386-libvirt-xsm 11 debian-fixup fail REGR. vs. 135426
test-amd64-i386-pair 18 guests-nbd-mirror/debian fail REGR. vs. 135426
test-amd64-amd64-libvirt 11 debian-fixup fail REGR. vs. 135426
test-amd64-i386-libvirt-pair 17 debian-fixup/dst_host fail REGR. vs. 135426
test-amd64-amd64-xl-pvhv2-intel 15 guest-saverestore fail REGR. vs. 135426
test-amd64-i386-xl-shadow 15 guest-saverestore fail REGR. vs. 135426
test-amd64-i386-xl-qemut-win7-amd64 10 windows-install fail REGR. vs. 135426
test-amd64-amd64-xl-pvshim 15 guest-saverestore fail REGR. vs. 135426
test-amd64-amd64-xl-pvhv2-amd 15 guest-saverestore fail REGR. vs. 135426
test-amd64-amd64-xl-credit2 15 guest-saverestore fail REGR. vs. 135426
test-amd64-amd64-xl-shadow 11 debian-fixup fail REGR. vs. 135426
test-amd64-amd64-xl 12 guest-start fail REGR. vs. 135426
test-amd64-amd64-libvirt-xsm 11 debian-fixup fail REGR. vs. 135426
test-amd64-amd64-pair 17 debian-fixup/dst_host fail REGR. vs. 135426
test-amd64-amd64-xl-xsm 12 guest-start fail REGR. vs. 135426
test-amd64-amd64-qemuu-nested-intel 10 debian-hvm-install fail REGR. vs. 135426
test-amd64-amd64-xl-credit1 15 guest-saverestore fail REGR. vs. 135426
test-amd64-i386-xl 15 guest-saverestore fail REGR. vs. 135426
test-amd64-amd64-xl-qemut-debianhvm-amd64 10 debian-hvm-install fail REGR. vs.
135426
test-amd64-amd64-xl-qemuu-dmrestrict-amd64-dmrestrict 10 debian-hvm-install
fail REGR. vs. 135426
test-amd64-i386-xl-pvshim 11 debian-fixup fail REGR. vs. 135426
test-amd64-amd64-xl-qemuu-ovmf-amd64 10 debian-hvm-install fail REGR. vs.
135426
test-amd64-i386-libvirt-qemuu-debianhvm-amd64-xsm 13 guest-saverestore fail
REGR. vs. 135426
test-amd64-amd64-libvirt-qemuu-debianhvm-amd64-xsm 10 debian-hvm-install fail
REGR. vs. 135426
test-amd64-i386-xl-xsm 20 guest-start/debian.repeat fail REGR. vs. 135426
test-amd64-amd64-libvirt-pair 17 debian-fixup/dst_host fail REGR. vs. 135426
test-amd64-amd64-xl-multivcpu 15 guest-saverestore fail REGR. vs. 135426
test-amd64-amd64-xl-qemut-stubdom-debianhvm-amd64-xsm 10 debian-hvm-install
fail REGR. vs. 135426
test-amd64-amd64-qemuu-nested-amd 10 debian-hvm-install fail REGR. vs. 135426
test-arm64-arm64-xl-credit1 10 debian-install fail REGR. vs. 135426
test-arm64-arm64-libvirt-xsm 10 debian-install fail REGR. vs. 135426
test-arm64-arm64-xl-xsm 10 debian-install fail REGR. vs. 135426
test-amd64-amd64-xl-qemuu-debianhvm-amd64 10 debian-hvm-install fail REGR. vs.
135426
test-amd64-i386-xl-qemut-debianhvm-amd64 15 guest-saverestore.2 fail REGR. vs.
135426
test-amd64-amd64-pygrub 17 guest-localmigrate/x10 fail REGR. vs. 135426
test-amd64-i386-freebsd10-i386 19 guest-start/freebsd.repeat fail REGR. vs.
135426
test-amd64-amd64-xl-qemuu-debianhvm-amd64-shadow 10 debian-hvm-install fail
REGR. vs. 135426
test-amd64-i386-xl-raw 16 guest-saverestore.2 fail REGR. vs. 135426
test-amd64-amd64-i386-pvgrub 17 guest-localmigrate/x10 fail REGR. vs. 135426
test-arm64-arm64-xl 10 debian-install fail REGR. vs. 135426
test-arm64-arm64-xl-credit2 11 debian-fixup fail REGR. vs. 135426
test-amd64-amd64-amd64-pvgrub 17 guest-localmigrate/x10 fail REGR. vs. 135426
test-amd64-i386-xl-qemuu-ws16-amd64 13 guest-saverestore fail REGR. vs. 135426
test-amd64-amd64-examine 4 memdisk-try-append fail REGR. vs. 135426
test-amd64-amd64-libvirt-vhd 10 debian-di-install fail REGR. vs. 135426
test-amd64-amd64-xl-qemuu-ws16-amd64 10 windows-install fail REGR. vs. 135426
test-amd64-amd64-xl-qemut-ws16-amd64 10 windows-install fail REGR. vs. 135426
test-amd64-amd64-xl-qemut-win7-amd64 10 windows-install fail REGR. vs. 135426
test-amd64-i386-xl-qemut-ws16-amd64 10 windows-install fail REGR. vs. 135426
test-amd64-i386-xl-qemuu-win7-amd64 10 windows-install fail REGR. vs. 135426
test-amd64-amd64-xl-qemuu-win7-amd64 10 windows-install fail REGR. vs. 135426
Regressions which are regarded as allowable (not blocking):
test-amd64-amd64-xl-rtds 12 guest-start fail REGR. vs. 135426
Tests which did not succeed, but are not blocking:
test-armhf-armhf-xl-multivcpu 1 build-check(1) blocked n/a
test-armhf-armhf-libvirt 1 build-check(1) blocked n/a
test-armhf-armhf-xl 1 build-check(1) blocked n/a
test-armhf-armhf-examine 1 build-check(1) blocked n/a
test-armhf-armhf-xl-cubietruck 1 build-check(1) blocked n/a
test-armhf-armhf-xl-credit2 1 build-check(1) blocked n/a
test-armhf-armhf-xl-credit1 1 build-check(1) blocked n/a
test-armhf-armhf-libvirt-raw 1 build-check(1) blocked n/a
test-armhf-armhf-xl-rtds 1 build-check(1) blocked n/a
test-armhf-armhf-xl-arndale 1 build-check(1) blocked n/a
test-armhf-armhf-xl-vhd 1 build-check(1) blocked n/a
test-arm64-arm64-examine 11 examine-serial/bootloader fail like 135426
test-amd64-amd64-xl-qcow2 17 guest-localmigrate/x10 fail like 135426
build-armhf-pvops 6 kernel-build fail like 135426
test-amd64-i386-xl-qemut-win10-i386 10 windows-install fail never pass
test-amd64-i386-libvirt-qemuu-debianhvm-amd64-xsm 11 migrate-support-check
fail never pass
test-amd64-i386-xl-qemuu-win10-i386 10 windows-install fail never pass
test-amd64-amd64-xl-qemut-win10-i386 10 windows-install fail never pass
test-amd64-amd64-xl-qemuu-win10-i386 10 windows-install fail never pass
version targeted for testing:
linux f43b05fd4c176d42c7b3f3b99643910486fc49c8
baseline version:
linux 37624b58542fb9f2d9a70e6ea006ef8a5f66c30b
Last test of basis (not found)
Failing since (not found)
Testing same since 135456 2019-05-01 09:19:08 Z 1 days 1 attempts
jobs:
build-amd64-xsm pass
build-arm64-xsm pass
build-i386-xsm pass
build-amd64 pass
build-arm64 pass
build-armhf pass
build-i386 pass
build-amd64-libvirt pass
build-arm64-libvirt pass
build-armhf-libvirt pass
build-i386-libvirt pass
build-amd64-pvops pass
build-arm64-pvops pass
build-armhf-pvops fail
build-i386-pvops pass
test-amd64-amd64-xl fail
test-arm64-arm64-xl fail
test-armhf-armhf-xl blocked
test-amd64-i386-xl fail
test-amd64-amd64-libvirt-qemuu-debianhvm-amd64-xsm fail
test-amd64-i386-libvirt-qemuu-debianhvm-amd64-xsm fail
test-amd64-amd64-xl-qemut-stubdom-debianhvm-amd64-xsm fail
test-amd64-i386-xl-qemut-stubdom-debianhvm-amd64-xsm fail
test-amd64-amd64-xl-qemut-debianhvm-i386-xsm fail
test-amd64-i386-xl-qemut-debianhvm-i386-xsm fail
test-amd64-amd64-xl-qemuu-debianhvm-i386-xsm fail
test-amd64-i386-xl-qemuu-debianhvm-i386-xsm fail
test-amd64-amd64-libvirt-xsm fail
test-arm64-arm64-libvirt-xsm fail
test-amd64-i386-libvirt-xsm fail
test-amd64-amd64-xl-xsm fail
test-arm64-arm64-xl-xsm fail
test-amd64-i386-xl-xsm fail
test-amd64-amd64-qemuu-nested-amd fail
test-amd64-amd64-xl-pvhv2-amd fail
test-amd64-i386-qemut-rhel6hvm-amd fail
test-amd64-i386-qemuu-rhel6hvm-amd pass
test-amd64-amd64-xl-qemut-debianhvm-amd64 fail
test-amd64-i386-xl-qemut-debianhvm-amd64 fail
test-amd64-amd64-xl-qemuu-debianhvm-amd64 fail
test-amd64-i386-xl-qemuu-debianhvm-amd64 fail
test-amd64-i386-freebsd10-amd64 pass
test-amd64-amd64-xl-qemuu-ovmf-amd64 fail
test-amd64-i386-xl-qemuu-ovmf-amd64 fail
test-amd64-amd64-xl-qemut-win7-amd64 fail
test-amd64-i386-xl-qemut-win7-amd64 fail
test-amd64-amd64-xl-qemuu-win7-amd64 fail
test-amd64-i386-xl-qemuu-win7-amd64 fail
test-amd64-amd64-xl-qemut-ws16-amd64 fail
test-amd64-i386-xl-qemut-ws16-amd64 fail
test-amd64-amd64-xl-qemuu-ws16-amd64 fail
test-amd64-i386-xl-qemuu-ws16-amd64 fail
test-armhf-armhf-xl-arndale blocked
test-amd64-amd64-xl-credit1 fail
test-arm64-arm64-xl-credit1 fail
test-armhf-armhf-xl-credit1 blocked
test-amd64-amd64-xl-credit2 fail
test-arm64-arm64-xl-credit2 fail
test-armhf-armhf-xl-credit2 blocked
test-armhf-armhf-xl-cubietruck blocked
test-amd64-amd64-xl-qemuu-dmrestrict-amd64-dmrestrict fail
test-amd64-i386-xl-qemuu-dmrestrict-amd64-dmrestrict fail
test-amd64-amd64-examine pass
test-arm64-arm64-examine pass
test-armhf-armhf-examine blocked
test-amd64-i386-examine pass
test-amd64-i386-freebsd10-i386 fail
test-amd64-amd64-xl-qemut-win10-i386 fail
test-amd64-i386-xl-qemut-win10-i386 fail
test-amd64-amd64-xl-qemuu-win10-i386 fail
test-amd64-i386-xl-qemuu-win10-i386 fail
test-amd64-amd64-qemuu-nested-intel fail
test-amd64-amd64-xl-pvhv2-intel fail
test-amd64-i386-qemut-rhel6hvm-intel fail
test-amd64-i386-qemuu-rhel6hvm-intel fail
test-amd64-amd64-libvirt fail
test-armhf-armhf-libvirt blocked
test-amd64-i386-libvirt fail
test-amd64-amd64-xl-multivcpu fail
test-armhf-armhf-xl-multivcpu blocked
test-amd64-amd64-pair fail
test-amd64-i386-pair fail
test-amd64-amd64-libvirt-pair fail
test-amd64-i386-libvirt-pair fail
test-amd64-amd64-amd64-pvgrub fail
test-amd64-amd64-i386-pvgrub fail
test-amd64-amd64-xl-pvshim fail
test-amd64-i386-xl-pvshim fail
test-amd64-amd64-pygrub fail
test-amd64-amd64-xl-qcow2 fail
test-armhf-armhf-libvirt-raw blocked
test-amd64-i386-xl-raw fail
test-amd64-amd64-xl-rtds fail
test-armhf-armhf-xl-rtds blocked
test-amd64-amd64-xl-qemuu-debianhvm-amd64-shadow fail
test-amd64-i386-xl-qemuu-debianhvm-amd64-shadow fail
test-amd64-amd64-xl-shadow fail
test-amd64-i386-xl-shadow fail
test-amd64-amd64-libvirt-vhd fail
test-armhf-armhf-xl-vhd blocked
------------------------------------------------------------
sg-report-flight on osstest.test-lab.xenproject.org
logs: /home/logs/logs
images: /home/logs/images
Logs, config files, etc. are available at
http://logs.test-lab.xenproject.org/osstest/logs
Explanation of these reports, and of osstest in general, is at
http://xenbits.xen.org/gitweb/?p=osstest.git;a=blob;f=README.email;hb=master
http://xenbits.xen.org/gitweb/?p=osstest.git;a=blob;f=README;hb=master
Test harness code can be found at
http://xenbits.xen.org/gitweb?p=osstest.git;a=summary
Push not applicable.
_______________________________________________
Xen-devel mailing list
[email protected]
https://lists.xenproject.org/mailman/listinfo/xen-devel