flight 135413 libvirt real [real]
http://logs.test-lab.xenproject.org/osstest/logs/135413/

Failures :-/ but no regressions.

Tests which did not succeed, but are not blocking:
 test-armhf-armhf-libvirt     14 saverestore-support-check    fail  like 133846
 test-armhf-armhf-libvirt-raw 13 saverestore-support-check    fail  like 133846
 test-amd64-i386-libvirt      13 migrate-support-check        fail   never pass
 test-amd64-i386-libvirt-xsm  13 migrate-support-check        fail   never pass
 test-amd64-amd64-libvirt     13 migrate-support-check        fail   never pass
 test-amd64-amd64-libvirt-xsm 13 migrate-support-check        fail   never pass
 test-amd64-amd64-libvirt-qemuu-debianhvm-amd64-xsm 11 migrate-support-check 
fail never pass
 test-amd64-amd64-libvirt-vhd 12 migrate-support-check        fail   never pass
 test-arm64-arm64-libvirt-xsm 13 migrate-support-check        fail   never pass
 test-arm64-arm64-libvirt-xsm 14 saverestore-support-check    fail   never pass
 test-arm64-arm64-libvirt     13 migrate-support-check        fail   never pass
 test-arm64-arm64-libvirt     14 saverestore-support-check    fail   never pass
 test-armhf-armhf-libvirt     13 migrate-support-check        fail   never pass
 test-arm64-arm64-libvirt-qcow2 12 migrate-support-check        fail never pass
 test-arm64-arm64-libvirt-qcow2 13 saverestore-support-check    fail never pass
 test-armhf-armhf-libvirt-raw 12 migrate-support-check        fail   never pass
 test-amd64-i386-libvirt-qemuu-debianhvm-amd64-xsm 11 migrate-support-check 
fail never pass

version targeted for testing:
 libvirt              572c50849c649c3d7586df01a3a0069b6d1a32af
baseline version:
 libvirt              25e2e4e04f13901b3db903b2301bd11381bdf128

Last test of basis   133846  2019-03-16 02:09:09 Z   44 days
Failing since        133876  2019-03-17 11:33:04 Z   43 days   23 attempts
Testing same since   135413  2019-04-29 11:33:29 Z    0 days    1 attempts

------------------------------------------------------------
People who touched revisions under test:
  Adrian Brzezinski <[email protected]>
  Adrian Brzezinski <[email protected]>
  Allen, John <[email protected]>
  Andrea Bolognani <[email protected]>
  Cole Robinson <[email protected]>
  Daniel Henrique Barboza <[email protected]>
  Daniel P. Berrangé <[email protected]>
  Daniel Veillard <[email protected]>
  Eric Blake <[email protected]>
  Eric Garver <[email protected]>
  Han Han <[email protected]>
  intrigeri <[email protected]>
  intrigeri <[email protected]>
  Jason Dillaman <[email protected]>
  Jiri Denemark <[email protected]>
  John Allen <[email protected]>
  John Ferlan <[email protected]>
  Julio Faracco <[email protected]>
  Ján Tomko <[email protected]>
  Laine Stump <[email protected]>
  Laszlo Ersek <[email protected]>
  Marc-André Lureau <[email protected]>
  Martin Kletzander <[email protected]>
  Maxim Nestratov <[email protected]>
  Michal Privoznik <[email protected]>
  Nikolay Shirokovskiy <[email protected]>
  Pavel Hrdina <[email protected]>
  Peter Krempa <[email protected]>
  Pino Toscano <[email protected]>
  Roman Bogorodskiy <[email protected]>
  Syed Humaid <[email protected]>

jobs:
 build-amd64-xsm                                              pass    
 build-arm64-xsm                                              pass    
 build-i386-xsm                                               pass    
 build-amd64                                                  pass    
 build-arm64                                                  pass    
 build-armhf                                                  pass    
 build-i386                                                   pass    
 build-amd64-libvirt                                          pass    
 build-arm64-libvirt                                          pass    
 build-armhf-libvirt                                          pass    
 build-i386-libvirt                                           pass    
 build-amd64-pvops                                            pass    
 build-arm64-pvops                                            pass    
 build-armhf-pvops                                            pass    
 build-i386-pvops                                             pass    
 test-amd64-amd64-libvirt-qemuu-debianhvm-amd64-xsm           pass    
 test-amd64-i386-libvirt-qemuu-debianhvm-amd64-xsm            pass    
 test-amd64-amd64-libvirt-xsm                                 pass    
 test-arm64-arm64-libvirt-xsm                                 pass    
 test-amd64-i386-libvirt-xsm                                  pass    
 test-amd64-amd64-libvirt                                     pass    
 test-arm64-arm64-libvirt                                     pass    
 test-armhf-armhf-libvirt                                     pass    
 test-amd64-i386-libvirt                                      pass    
 test-amd64-amd64-libvirt-pair                                pass    
 test-amd64-i386-libvirt-pair                                 pass    
 test-arm64-arm64-libvirt-qcow2                               pass    
 test-armhf-armhf-libvirt-raw                                 pass    
 test-amd64-amd64-libvirt-vhd                                 pass    


------------------------------------------------------------
sg-report-flight on osstest.test-lab.xenproject.org
logs: /home/logs/logs
images: /home/logs/images

Logs, config files, etc. are available at
    http://logs.test-lab.xenproject.org/osstest/logs

Explanation of these reports, and of osstest in general, is at
    http://xenbits.xen.org/gitweb/?p=osstest.git;a=blob;f=README.email;hb=master
    http://xenbits.xen.org/gitweb/?p=osstest.git;a=blob;f=README;hb=master

Test harness code can be found at
    http://xenbits.xen.org/gitweb?p=osstest.git;a=summary


Pushing revision :

To xenbits.xen.org:/home/xen/git/libvirt.git
   25e2e4e04f..572c50849c  572c50849c649c3d7586df01a3a0069b6d1a32af -> 
xen-tested-master

_______________________________________________
Xen-devel mailing list
[email protected]
https://lists.xenproject.org/mailman/listinfo/xen-devel

Reply via email to